Last updated on 2025-01-20 09:49:18 CET.
Flavor | Version | Tinstall | Tcheck | Ttotal | Status | Flags |
---|---|---|---|---|---|---|
r-devel-linux-x86_64-debian-clang | 0.2.14 | 80.24 | 26.13 | 106.37 | OK | |
r-devel-linux-x86_64-debian-gcc | 0.2.14 | 60.36 | 20.67 | 81.03 | OK | |
r-devel-linux-x86_64-fedora-clang | 0.2.14 | 244.74 | OK | |||
r-devel-linux-x86_64-fedora-gcc | 0.2.14 | 226.10 | OK | |||
r-devel-windows-x86_64 | 0.2.14 | 89.00 | 77.00 | 166.00 | OK | |
r-patched-linux-x86_64 | 0.2.14 | 84.95 | 24.96 | 109.91 | OK | |
r-release-linux-x86_64 | 0.2.14 | 87.42 | 24.90 | 112.32 | OK | |
r-release-macos-arm64 | 0.2.14 | 69.00 | NOTE | |||
r-release-macos-x86_64 | 0.2.14 | 77.00 | NOTE | |||
r-release-windows-x86_64 | 0.2.14 | 99.00 | 76.00 | 175.00 | OK | |
r-oldrel-macos-arm64 | 0.2.14 | 62.00 | NOTE | |||
r-oldrel-macos-x86_64 | 0.2.14 | 60.00 | NOTE | |||
r-oldrel-windows-x86_64 | 0.2.14 | 104.00 | 83.00 | 187.00 | OK |
Version: 0.2.14
Check: installed package size
Result: NOTE
installed size is 8.9Mb
sub-directories of 1Mb or more:
libs 8.5Mb
Flavors: r-release-macos-arm64, r-release-macos-x86_64, r-oldrel-macos-arm64, r-oldrel-macos-x86_64