CRAN Package Check Results for Package rysgran

Last updated on 2016-12-08 06:48:38.

Flavor Version Tinstall Tcheck Ttotal Status Flags
r-devel-linux-x86_64-debian-clang 2.1.0 1.49 35.45 36.94 NOTE
r-devel-linux-x86_64-debian-gcc 2.1.0 1.43 34.37 35.79 NOTE
r-devel-linux-x86_64-fedora-clang 2.1.0 56.72 NOTE --no-stop-on-test-error
r-devel-linux-x86_64-fedora-gcc 2.1.0 54.44 NOTE --no-stop-on-test-error
r-devel-macos-x86_64-clang 2.1.0 46.40 NOTE
r-devel-windows-ix86+x86_64 2.1.0 5.00 77.00 82.00 NOTE
r-patched-linux-x86_64 2.1.0 1.14 24.44 25.58 NOTE
r-patched-solaris-sparc 2.1.0 292.20 NOTE
r-patched-solaris-x86 2.1.0 61.80 NOTE
r-release-linux-x86_64 2.1.0 1.24 26.74 27.98 NOTE
r-release-osx-x86_64-mavericks 2.1.0 WARN
r-release-windows-ix86+x86_64 2.1.0 3.00 46.00 49.00 NOTE
r-oldrel-windows-ix86+x86_64 2.1.0 6.00 46.00 52.00 NOTE

Check Details

Version: 2.1.0
Check: DESCRIPTION meta-information
Result: NOTE
    Malformed Description field: should contain one or more complete sentences.
Flavors: r-devel-linux-x86_64-debian-clang, r-devel-linux-x86_64-debian-gcc, r-devel-macos-x86_64-clang, r-devel-windows-ix86+x86_64, r-patched-linux-x86_64, r-patched-solaris-sparc, r-patched-solaris-x86, r-release-linux-x86_64, r-release-osx-x86_64-mavericks, r-release-windows-ix86+x86_64, r-oldrel-windows-ix86+x86_64

Version: 2.1.0
Check: R code for possible problems
Result: NOTE
    flemming.plot: no visible global function definition for ‘par’
    flemming.plot: no visible global function definition for ‘segments’
    flemming.plot: no visible global function definition for ‘text’
    flemming.plot : triax.segments: no visible global function definition
     for ‘segments’
    legend.bubbles: no visible global function definition for ‘quantile’
    legend.bubbles: no visible global function definition for ‘legend’
    other.methods: no visible global function definition for ‘quantile’
    pejrup.plot: no visible global function definition for ‘par’
    pejrup.plot: no visible global function definition for ‘segments’
    pejrup.plot: no visible global function definition for ‘text’
    pejrup.plot : triax.segments: no visible global function definition for
     ‘segments’
    pejrup.plot: no visible global function definition for ‘legend’
    rysgran.plot: no visible global function definition for ‘par’
    rysgran.plot: no visible global function definition for ‘plot’
    rysgran.plot: no visible global function definition for ‘text’
    rysgran.plot: no visible global function definition for ‘points’
    rysgran.plot: no visible global function definition for ‘abline’
    rysgran.plot: no visible global function definition for ‘mtext’
    rysgran.ternary: no visible global function definition for ‘par’
    rysgran.ternary: no visible global function definition for ‘plot’
    rysgran.ternary: no visible global function definition for ‘points’
    rysgran.ternary: no visible global function definition for ‘text’
    shepard.plot: no visible global function definition for ‘par’
    shepard.plot: no visible global function definition for ‘segments’
    shepard.plot: no visible global function definition for ‘text’
    shepard.plot : triax.segments: no visible global function definition
     for ‘segments’
    shepard.plot: no visible global function definition for ‘legend’
    Undefined global functions or variables:
     abline legend mtext par plot points quantile segments text
    Consider adding
     importFrom("graphics", "abline", "legend", "mtext", "par", "plot",
     "points", "segments", "text")
     importFrom("stats", "quantile")
    to your NAMESPACE file.
Flavors: r-devel-linux-x86_64-debian-clang, r-devel-linux-x86_64-debian-gcc, r-devel-macos-x86_64-clang, r-devel-windows-ix86+x86_64, r-patched-linux-x86_64, r-patched-solaris-sparc, r-patched-solaris-x86, r-release-linux-x86_64, r-release-windows-ix86+x86_64

Version: 2.1.0
Flags: --no-stop-on-test-error
Check: DESCRIPTION meta-information
Result: NOTE
    Malformed Description field: should contain one or more complete sentences.
Flavors: r-devel-linux-x86_64-fedora-clang, r-devel-linux-x86_64-fedora-gcc

Version: 2.1.0
Flags: --no-stop-on-test-error
Check: R code for possible problems
Result: NOTE
    flemming.plot: no visible global function definition for ‘par’
    flemming.plot: no visible global function definition for ‘segments’
    flemming.plot: no visible global function definition for ‘text’
    flemming.plot : triax.segments: no visible global function definition
     for ‘segments’
    legend.bubbles: no visible global function definition for ‘quantile’
    legend.bubbles: no visible global function definition for ‘legend’
    other.methods: no visible global function definition for ‘quantile’
    pejrup.plot: no visible global function definition for ‘par’
    pejrup.plot: no visible global function definition for ‘segments’
    pejrup.plot: no visible global function definition for ‘text’
    pejrup.plot : triax.segments: no visible global function definition for
     ‘segments’
    pejrup.plot: no visible global function definition for ‘legend’
    rysgran.plot: no visible global function definition for ‘par’
    rysgran.plot: no visible global function definition for ‘plot’
    rysgran.plot: no visible global function definition for ‘text’
    rysgran.plot: no visible global function definition for ‘points’
    rysgran.plot: no visible global function definition for ‘abline’
    rysgran.plot: no visible global function definition for ‘mtext’
    rysgran.ternary: no visible global function definition for ‘par’
    rysgran.ternary: no visible global function definition for ‘plot’
    rysgran.ternary: no visible global function definition for ‘points’
    rysgran.ternary: no visible global function definition for ‘text’
    shepard.plot: no visible global function definition for ‘par’
    shepard.plot: no visible global function definition for ‘segments’
    shepard.plot: no visible global function definition for ‘text’
    shepard.plot : triax.segments: no visible global function definition
     for ‘segments’
    shepard.plot: no visible global function definition for ‘legend’
    Undefined global functions or variables:
     abline legend mtext par plot points quantile segments text
    Consider adding
     importFrom("graphics", "abline", "legend", "mtext", "par", "plot",
     "points", "segments", "text")
     importFrom("stats", "quantile")
    to your NAMESPACE file.
Flavors: r-devel-linux-x86_64-fedora-clang, r-devel-linux-x86_64-fedora-gcc

Version: 2.1.0
Check: dependencies in R code
Result: NOTE
    Invalid MIT-MAGIC-COOKIE-1 key
Flavor: r-release-osx-x86_64-mavericks

Version: 2.1.0
Check: S3 generic/method consistency
Result: WARN
    Invalid MIT-MAGIC-COOKIE-1 key
    See section ‘Generic functions and methods’ in the ‘Writing R
    Extensions’ manual.
Flavor: r-release-osx-x86_64-mavericks

Version: 2.1.0
Check: replacement functions
Result: WARN
    Invalid MIT-MAGIC-COOKIE-1 key
    The argument of a replacement function which corresponds to the right
    hand side must be named ‘value’.
Flavor: r-release-osx-x86_64-mavericks

Version: 2.1.0
Check: foreign function calls
Result: NOTE
    Invalid MIT-MAGIC-COOKIE-1 key
    See chapter ‘System and foreign language interfaces’ in the ‘Writing R
    Extensions’ manual.
Flavor: r-release-osx-x86_64-mavericks

Version: 2.1.0
Check: R code for possible problems
Result: NOTE
    Invalid MIT-MAGIC-COOKIE-1 keyflemming.plot: no visible global function definition for ‘par’
    flemming.plot: no visible global function definition for ‘segments’
    flemming.plot: no visible global function definition for ‘text’
    flemming.plot : triax.segments: no visible global function definition
     for ‘segments’
    legend.bubbles: no visible global function definition for ‘quantile’
    legend.bubbles: no visible global function definition for ‘legend’
    other.methods: no visible global function definition for ‘quantile’
    pejrup.plot: no visible global function definition for ‘par’
    pejrup.plot: no visible global function definition for ‘segments’
    pejrup.plot: no visible global function definition for ‘text’
    pejrup.plot : triax.segments: no visible global function definition for
     ‘segments’
    pejrup.plot: no visible global function definition for ‘legend’
    rysgran.plot: no visible global function definition for ‘par’
    rysgran.plot: no visible global function definition for ‘plot’
    rysgran.plot: no visible global function definition for ‘text’
    rysgran.plot: no visible global function definition for ‘points’
    rysgran.plot: no visible global function definition for ‘abline’
    rysgran.plot: no visible global function definition for ‘mtext’
    rysgran.ternary: no visible global function definition for ‘par’
    rysgran.ternary: no visible global function definition for ‘plot’
    rysgran.ternary: no visible global function definition for ‘points’
    rysgran.ternary: no visible global function definition for ‘text’
    shepard.plot: no visible global function definition for ‘par’
    shepard.plot: no visible global function definition for ‘segments’
    shepard.plot: no visible global function definition for ‘text’
    shepard.plot : triax.segments: no visible global function definition
     for ‘segments’
    shepard.plot: no visible global function definition for ‘legend’
    Undefined global functions or variables:
     abline legend mtext par plot points quantile segments text
    Consider adding
     importFrom("graphics", "abline", "legend", "mtext", "par", "plot",
     "points", "segments", "text")
     importFrom("stats", "quantile")
    to your NAMESPACE file.
Flavor: r-release-osx-x86_64-mavericks

Version: 2.1.0
Check: for missing documentation entries
Result: WARN
    Invalid MIT-MAGIC-COOKIE-1 key
    All user-level objects in a package should have documentation entries.
    See chapter ‘Writing R documentation files’ in the ‘Writing R
    Extensions’ manual.
Flavor: r-release-osx-x86_64-mavericks

Version: 2.1.0
Check: for code/documentation mismatches
Result: WARN
    Invalid MIT-MAGIC-COOKIE-1 key
    Invalid MIT-MAGIC-COOKIE-1 key
    Invalid MIT-MAGIC-COOKIE-1 key
Flavor: r-release-osx-x86_64-mavericks

Version: 2.1.0
Check: Rd \usage sections
Result: NOTE
    Invalid MIT-MAGIC-COOKIE-1 key
    The \usage entries for S3 methods should use the \method markup and not
    their full name.
    See chapter ‘Writing R documentation files’ in the ‘Writing R
    Extensions’ manual.
Flavor: r-release-osx-x86_64-mavericks