CRAN Package Check Results for Package rysgran

Last updated on 2015-04-28 11:48:37.

Flavor Version Tinstall Tcheck Ttotal Status Flags
r-devel-linux-x86_64-debian-clang 2.1.0 1.17 23.02 24.20 NOTE
r-devel-linux-x86_64-debian-gcc 2.1.0 1.08 23.06 24.14 NOTE
r-devel-linux-x86_64-fedora-clang 2.1.0 47.35 NOTE
r-devel-linux-x86_64-fedora-gcc 2.1.0 43.58 NOTE
r-devel-osx-x86_64-clang 2.1.0 44.23 NOTE
r-devel-windows-ix86+x86_64 2.1.0 4.00 36.00 40.00 NOTE
r-patched-linux-x86_64 2.1.0 1.11 22.48 23.59 NOTE
r-patched-solaris-sparc 2.1.0 296.50 NOTE
r-patched-solaris-x86 2.1.0 61.40 NOTE
r-release-linux-x86_64 2.1.0 1.08 22.58 23.66 NOTE
r-release-osx-x86_64-mavericks 2.1.0 NOTE
r-release-osx-x86_64-snowleopard 2.1.0 NOTE
r-release-windows-ix86+x86_64 2.1.0 5.00 34.00 39.00 NOTE
r-oldrel-windows-ix86+x86_64 2.1.0 5.00 40.00 45.00 OK

Check Details

Version: 2.1.0
Check: DESCRIPTION meta-information
Result: NOTE
    Malformed Description field: should contain one or more complete sentences.
Flavors: r-devel-linux-x86_64-debian-clang, r-devel-linux-x86_64-debian-gcc, r-devel-linux-x86_64-fedora-clang, r-devel-linux-x86_64-fedora-gcc, r-devel-osx-x86_64-clang, r-devel-windows-ix86+x86_64, r-patched-linux-x86_64, r-patched-solaris-sparc, r-patched-solaris-x86, r-release-linux-x86_64, r-release-osx-x86_64-mavericks, r-release-osx-x86_64-snowleopard, r-release-windows-ix86+x86_64