CRAN Package Check Results for Package rysgran

Last updated on 2018-04-25 15:48:27 CEST.

Flavor Version Tinstall Tcheck Ttotal Status Flags
r-devel-linux-x86_64-debian-clang 2.1.0 4.09 40.66 44.75 NOTE
r-devel-linux-x86_64-debian-gcc 2.1.0 3.72 31.99 35.71 NOTE
r-devel-linux-x86_64-fedora-clang 2.1.0 55.59 NOTE
r-devel-linux-x86_64-fedora-gcc 2.1.0 52.49 NOTE
r-devel-windows-ix86+x86_64 2.1.0 10.00 50.00 60.00 NOTE
r-patched-linux-x86_64 2.1.0 5.58 39.43 45.01 NOTE
r-patched-solaris-x86 2.1.0 84.80 NOTE
r-release-linux-x86_64 2.1.0 6.18 40.19 46.37 NOTE
r-release-windows-ix86+x86_64 2.1.0 10.00 50.00 60.00 NOTE
r-release-osx-x86_64 2.1.0 NOTE
r-oldrel-windows-ix86+x86_64 2.1.0 6.00 85.00 91.00 NOTE
r-oldrel-osx-x86_64 2.1.0 NOTE

Check Details

Version: 2.1.0
Check: DESCRIPTION meta-information
Result: NOTE
    Malformed Description field: should contain one or more complete sentences.
Flavors: r-devel-linux-x86_64-debian-clang, r-devel-linux-x86_64-debian-gcc, r-devel-linux-x86_64-fedora-clang, r-devel-linux-x86_64-fedora-gcc, r-devel-windows-ix86+x86_64, r-patched-linux-x86_64, r-patched-solaris-x86, r-release-linux-x86_64, r-release-windows-ix86+x86_64, r-release-osx-x86_64, r-oldrel-windows-ix86+x86_64, r-oldrel-osx-x86_64

Version: 2.1.0
Check: R code for possible problems
Result: NOTE
    flemming.plot: no visible global function definition for ‘par’
    flemming.plot: no visible global function definition for ‘segments’
    flemming.plot: no visible global function definition for ‘text’
    flemming.plot : triax.segments: no visible global function definition
     for ‘segments’
    legend.bubbles: no visible global function definition for ‘quantile’
    legend.bubbles: no visible global function definition for ‘legend’
    other.methods: no visible global function definition for ‘quantile’
    pejrup.plot: no visible global function definition for ‘par’
    pejrup.plot: no visible global function definition for ‘segments’
    pejrup.plot: no visible global function definition for ‘text’
    pejrup.plot : triax.segments: no visible global function definition for
     ‘segments’
    pejrup.plot: no visible global function definition for ‘legend’
    rysgran.plot: no visible global function definition for ‘par’
    rysgran.plot: no visible global function definition for ‘plot’
    rysgran.plot: no visible global function definition for ‘text’
    rysgran.plot: no visible global function definition for ‘points’
    rysgran.plot: no visible global function definition for ‘abline’
    rysgran.plot: no visible global function definition for ‘mtext’
    rysgran.ternary: no visible global function definition for ‘par’
    rysgran.ternary: no visible global function definition for ‘plot’
    rysgran.ternary: no visible global function definition for ‘points’
    rysgran.ternary: no visible global function definition for ‘text’
    shepard.plot: no visible global function definition for ‘par’
    shepard.plot: no visible global function definition for ‘segments’
    shepard.plot: no visible global function definition for ‘text’
    shepard.plot : triax.segments: no visible global function definition
     for ‘segments’
    shepard.plot: no visible global function definition for ‘legend’
    Undefined global functions or variables:
     abline legend mtext par plot points quantile segments text
    Consider adding
     importFrom("graphics", "abline", "legend", "mtext", "par", "plot",
     "points", "segments", "text")
     importFrom("stats", "quantile")
    to your NAMESPACE file.
Flavors: r-devel-linux-x86_64-debian-clang, r-devel-linux-x86_64-debian-gcc, r-devel-linux-x86_64-fedora-clang, r-devel-linux-x86_64-fedora-gcc, r-devel-windows-ix86+x86_64, r-patched-linux-x86_64, r-patched-solaris-x86, r-release-linux-x86_64, r-release-windows-ix86+x86_64, r-release-osx-x86_64, r-oldrel-windows-ix86+x86_64, r-oldrel-osx-x86_64