CRAN Package Check Results for Package rysgran

Last updated on 2015-09-04 16:48:48.

Flavor Version Tinstall Tcheck Ttotal Status Flags
r-devel-linux-x86_64-debian-clang 2.1.0 1.18 23.82 25.00 NOTE
r-devel-linux-x86_64-debian-gcc 2.1.0 1.06 23.95 25.01 NOTE
r-devel-linux-x86_64-fedora-clang 2.1.0 47.69 NOTE
r-devel-linux-x86_64-fedora-gcc 2.1.0 43.00 NOTE
r-devel-osx-x86_64-clang 2.1.0 45.34 NOTE
r-devel-windows-ix86+x86_64 2.1.0 5.00 43.00 48.00 NOTE
r-patched-linux-x86_64 2.1.0 1.34 25.06 26.40 NOTE
r-patched-solaris-sparc 2.1.0 307.40 NOTE
r-patched-solaris-x86 2.1.0 71.30 NOTE
r-release-linux-x86_64 2.1.0 1.18 24.75 25.94 NOTE
r-release-osx-x86_64-mavericks 2.1.0 NOTE
r-release-windows-ix86+x86_64 2.1.0 6.00 67.00 73.00 NOTE
r-oldrel-windows-ix86+x86_64 2.1.0 7.00 51.00 58.00 OK

Check Details

Version: 2.1.0
Check: DESCRIPTION meta-information
Result: NOTE
    Malformed Description field: should contain one or more complete sentences.
Flavors: r-devel-linux-x86_64-debian-clang, r-devel-linux-x86_64-debian-gcc, r-devel-linux-x86_64-fedora-clang, r-devel-linux-x86_64-fedora-gcc, r-devel-osx-x86_64-clang, r-devel-windows-ix86+x86_64, r-patched-linux-x86_64, r-patched-solaris-sparc, r-patched-solaris-x86, r-release-linux-x86_64, r-release-osx-x86_64-mavericks, r-release-windows-ix86+x86_64

Version: 2.1.0
Check: R code for possible problems
Result: NOTE
    flemming.plot: no visible global function definition for ‘par’
    flemming.plot: no visible global function definition for ‘segments’
    flemming.plot: no visible global function definition for ‘text’
    flemming.plot : triax.segments: no visible global function definition
     for ‘segments’
    legend.bubbles: no visible global function definition for ‘quantile’
    legend.bubbles: no visible global function definition for ‘legend’
    other.methods: no visible global function definition for ‘quantile’
    pejrup.plot: no visible global function definition for ‘par’
    pejrup.plot: no visible global function definition for ‘segments’
    pejrup.plot: no visible global function definition for ‘text’
    pejrup.plot : triax.segments: no visible global function definition for
     ‘segments’
    pejrup.plot: no visible global function definition for ‘legend’
    rysgran.plot: no visible global function definition for ‘par’
    rysgran.plot: no visible global function definition for ‘plot’
    rysgran.plot: no visible global function definition for ‘text’
    rysgran.plot: no visible global function definition for ‘points’
    rysgran.plot: no visible global function definition for ‘abline’
    rysgran.plot: no visible global function definition for ‘mtext’
    rysgran.ternary: no visible global function definition for ‘par’
    rysgran.ternary: no visible global function definition for ‘plot’
    rysgran.ternary: no visible global function definition for ‘points’
    rysgran.ternary: no visible global function definition for ‘text’
    shepard.plot: no visible global function definition for ‘par’
    shepard.plot: no visible global function definition for ‘segments’
    shepard.plot: no visible global function definition for ‘text’
    shepard.plot : triax.segments: no visible global function definition
     for ‘segments’
    shepard.plot: no visible global function definition for ‘legend’
    Undefined global functions or variables:
     abline legend mtext par plot points quantile segments text
    Consider adding
     importFrom("graphics", "abline", "legend", "mtext", "par", "plot",
     "points", "segments", "text")
     importFrom("stats", "quantile")
    to your NAMESPACE.
Flavors: r-devel-linux-x86_64-debian-clang, r-devel-linux-x86_64-debian-gcc, r-devel-linux-x86_64-fedora-clang, r-devel-linux-x86_64-fedora-gcc, r-devel-windows-ix86+x86_64