CRAN Package Check Results for Package rysgran

Last updated on 2015-05-28 19:47:42.

Flavor Version Tinstall Tcheck Ttotal Status Flags
r-devel-linux-x86_64-debian-clang 2.1.0 1.14 24.32 25.46 NOTE
r-devel-linux-x86_64-debian-gcc 2.1.0 1.29 24.12 25.40 NOTE
r-devel-linux-x86_64-fedora-clang 2.1.0 51.14 NOTE
r-devel-linux-x86_64-fedora-gcc 2.1.0 44.63 NOTE
r-devel-osx-x86_64-clang 2.1.0 44.01 NOTE
r-devel-windows-ix86+x86_64 2.1.0 6.00 41.00 47.00 NOTE
r-patched-linux-x86_64 2.1.0 1.15 24.06 25.21 NOTE
r-patched-solaris-sparc 2.1.0 295.30 NOTE
r-patched-solaris-x86 2.1.0 71.60 NOTE
r-release-linux-x86_64 2.1.0 1.30 24.42 25.72 NOTE
r-release-osx-x86_64-mavericks 2.1.0 NOTE
r-release-osx-x86_64-snowleopard 2.1.0 NOTE
r-release-windows-ix86+x86_64 2.1.0 5.00 44.00 49.00 NOTE
r-oldrel-windows-ix86+x86_64 2.1.0 5.00 66.00 71.00 OK

Check Details

Version: 2.1.0
Check: DESCRIPTION meta-information
Result: NOTE
    Malformed Description field: should contain one or more complete sentences.
Flavors: r-devel-linux-x86_64-debian-clang, r-devel-linux-x86_64-debian-gcc, r-devel-linux-x86_64-fedora-clang, r-devel-linux-x86_64-fedora-gcc, r-devel-osx-x86_64-clang, r-devel-windows-ix86+x86_64, r-patched-linux-x86_64, r-patched-solaris-sparc, r-patched-solaris-x86, r-release-linux-x86_64, r-release-osx-x86_64-mavericks, r-release-osx-x86_64-snowleopard, r-release-windows-ix86+x86_64