CRAN Package Check Results for Package rysgran

Last updated on 2015-03-27 07:48:57.

Flavor Version Tinstall Tcheck Ttotal Status Flags
r-devel-linux-x86_64-debian-clang 2.1.0 1.13 22.84 23.97 NOTE
r-devel-linux-x86_64-debian-gcc 2.1.0 1.09 21.88 22.96 NOTE
r-devel-linux-x86_64-fedora-clang 2.1.0 47.13 NOTE
r-devel-linux-x86_64-fedora-gcc 2.1.0 44.00 NOTE
r-devel-osx-x86_64-clang 2.1.0 48.05 NOTE
r-prerel-windows-ix86+x86_64 2.1.0 5.00 40.00 45.00 NOTE
r-prerel-linux-x86_64 2.1.0 1.08 22.25 23.33 NOTE
r-prerel-solaris-sparc 2.1.0 296.50 NOTE
r-prerel-solaris-x86 2.1.0 61.00 NOTE
r-release-linux-x86_64 2.1.0 1.43 26.49 27.92 OK
r-release-osx-x86_64-mavericks 2.1.0 OK
r-release-osx-x86_64-snowleopard 2.1.0 OK
r-release-windows-ix86+x86_64 2.1.0 6.00 44.00 50.00 OK
r-oldrel-windows-ix86+x86_64 2.1.0 6.00 43.00 49.00 OK

Check Details

Version: 2.1.0
Check: DESCRIPTION meta-information
Result: NOTE
    Malformed Description field: should contain one or more complete sentences.
Flavors: r-devel-linux-x86_64-debian-clang, r-devel-linux-x86_64-debian-gcc, r-devel-linux-x86_64-fedora-clang, r-devel-linux-x86_64-fedora-gcc, r-devel-osx-x86_64-clang, r-prerel-windows-ix86+x86_64, r-prerel-linux-x86_64, r-prerel-solaris-sparc, r-prerel-solaris-x86