CRAN Package Check Results for Package rzeit2

Last updated on 2019-08-22 09:47:59 CEST.

Flavor Version Tinstall Tcheck Ttotal Status Flags
r-devel-linux-x86_64-debian-clang 0.2.3 3.49 36.28 39.77 OK
r-devel-linux-x86_64-debian-gcc 0.2.3 2.93 29.56 32.49 OK
r-devel-linux-x86_64-fedora-clang 0.2.3 47.64 NOTE
r-devel-linux-x86_64-fedora-gcc 0.2.3 47.84 NOTE
r-devel-windows-ix86+x86_64 0.2.3 14.00 156.00 170.00 OK
r-patched-linux-x86_64 0.2.3 2.95 35.44 38.39 OK
r-patched-solaris-x86 0.2.3 72.20 NOTE
r-release-linux-x86_64 0.2.3 2.94 35.76 38.70 OK
r-release-windows-ix86+x86_64 0.2.3 11.00 73.00 84.00 OK
r-release-osx-x86_64 0.2.3 NOTE
r-oldrel-windows-ix86+x86_64 0.2.3 6.00 77.00 83.00 OK
r-oldrel-osx-x86_64 0.2.3 NOTE

Check Details

Version: 0.2.3
Check: data for non-ASCII characters
Result: NOTE
     Note: found 841 marked UTF-8 strings
Flavors: r-devel-linux-x86_64-fedora-clang, r-devel-linux-x86_64-fedora-gcc, r-patched-solaris-x86, r-release-osx-x86_64, r-oldrel-osx-x86_64