CRAN Package Check Results for Package rzeit2

Last updated on 2019-12-15 19:48:52 CET.

Flavor Version Tinstall Tcheck Ttotal Status Flags
r-devel-linux-x86_64-debian-clang 0.2.3 3.40 37.70 41.10 OK
r-devel-linux-x86_64-debian-gcc 0.2.3 2.86 29.87 32.73 OK
r-devel-linux-x86_64-fedora-clang 0.2.3 49.65 NOTE
r-devel-linux-x86_64-fedora-gcc 0.2.3 51.31 NOTE
r-devel-windows-ix86+x86_64 0.2.3 9.00 69.00 78.00 OK
r-devel-windows-ix86+x86_64-gcc8 0.2.3 10.00 73.00 83.00 OK
r-patched-linux-x86_64 0.2.3 2.72 33.97 36.69 OK
r-patched-solaris-x86 0.2.3 74.60 NOTE
r-release-linux-x86_64 0.2.3 2.95 34.81 37.76 OK
r-release-windows-ix86+x86_64 0.2.3 8.00 50.00 58.00 OK
r-release-osx-x86_64 0.2.3 NOTE
r-oldrel-windows-ix86+x86_64 0.2.3 5.00 51.00 56.00 OK
r-oldrel-osx-x86_64 0.2.3 NOTE

Check Details

Version: 0.2.3
Check: data for non-ASCII characters
Result: NOTE
     Note: found 841 marked UTF-8 strings
Flavors: r-devel-linux-x86_64-fedora-clang, r-devel-linux-x86_64-fedora-gcc, r-patched-solaris-x86, r-release-osx-x86_64, r-oldrel-osx-x86_64