CRAN Package Check Results for Package s20x

Last updated on 2015-07-30 15:48:28.

Flavor Version Tinstall Tcheck Ttotal Status Flags
r-devel-linux-x86_64-debian-clang 3.1-16 1.10 17.40 18.50 NOTE
r-devel-linux-x86_64-debian-gcc 3.1-16 1.08 16.26 17.34 NOTE
r-devel-linux-x86_64-fedora-clang 3.1-16 32.75 NOTE
r-devel-linux-x86_64-fedora-gcc 3.1-16 33.53 NOTE
r-devel-osx-x86_64-clang 3.1-16 28.40 OK
r-devel-windows-ix86+x86_64 3.1-16 7.00 29.00 36.00 NOTE
r-patched-linux-x86_64 3.1-16 1.10 17.08 18.18 OK
r-patched-solaris-sparc 3.1-16 209.50 OK
r-patched-solaris-x86 3.1-16 44.10 OK
r-release-linux-x86_64 3.1-16 1.08 16.96 18.04 OK
r-release-osx-x86_64-mavericks 3.1-16 OK
r-release-windows-ix86+x86_64 3.1-16 7.00 29.00 36.00 OK
r-oldrel-windows-ix86+x86_64 3.1-16 7.00 32.00 39.00 OK

Check Details

Version: 3.1-16
Check: R code for possible problems
Result: NOTE
    autocor.plot: no visible global function definition for ‘plot’
    autocor.plot: no visible global function definition for ‘lm’
    autocor.plot: no visible global function definition for ‘abline’
    boxqq.formula: no visible global function definition for ‘par’
    boxqq.formula: no visible global function definition for ‘boxplot’
    boxqq.formula: no visible global function definition for ‘qqnorm’
    boxqq.formula: no visible global function definition for ‘plot’
    boxqq.formula: no visible global function definition for ‘legend’
    boxqq.formula: no visible global function definition for ‘sd’
    boxqq.formula: no visible global function definition for ‘abline’
    boxqq.formula: no visible global function definition for ‘points’
    ciReg: no visible global function definition for ‘coef’
    ciReg: no visible global function definition for ‘qt’
    cooks20x: no visible global function definition for ‘cooks.distance’
    cooks20x: no visible global function definition for ‘plot’
    cooks20x: no visible global function definition for ‘text’
    cooks20x: no visible global function definition for ‘strheight’
    crosstabs: no visible global function definition for ‘pchisq’
    drawPlot: no visible global function definition for ‘par’
    drawPlot: no visible global function definition for ‘plot’
    drawPlot: no visible global function definition for ‘axis’
    drawPlot: no visible global function definition for ‘rect’
    drawPlot: no visible global function definition for ‘box’
    drawPlot: no visible global function definition for ‘text’
    drawPlot: no visible global function definition for ‘pchisq’
    drawPlot: no visible global function definition for ‘mtext’
    eovcheck.formula: no visible global function definition for ‘formula’
    eovcheck.formula: no visible global function definition for ‘terms’
    eovcheck.formula: no visible global function definition for
     ‘model.extract’
    eovcheck.formula: no visible global function definition for ‘lm’
    eovcheck.formula: no visible global function definition for ‘par’
    eovcheck.formula: no visible global function definition for ‘plot’
    eovcheck.formula: no visible global function definition for ‘residuals’
    eovcheck.formula: no visible global function definition for ‘fitted’
    eovcheck.formula: no visible global function definition for ‘lines’
    eovcheck.formula: no visible global function definition for ‘lowess’
    eovcheck.formula: no visible global function definition for ‘abline’
    eovcheck.formula: no visible global function definition for ‘text’
    eovcheck.lm: no visible global function definition for ‘formula’
    estimateContrasts1: no visible global function definition for ‘qt’
    estimateContrasts1: no visible global function definition for ‘qtukey’
    estimateContrasts1: no visible global function definition for ‘pt’
    estimateContrasts1: no visible global function definition for ‘ptukey’
    estimateContrasts2: no visible global function definition for ‘anova’
    estimateContrasts2: no visible global function definition for
     ‘dummy.coef’
    estimateContrasts2: no visible global function definition for ‘qtukey’
    estimateContrasts2: no visible global function definition for ‘pt’
    estimateContrasts2: no visible global function definition for ‘ptukey’
    freq1way: no visible global function definition for ‘qnorm’
    freq1way: no visible global function definition for ‘chisq.test’
    freq1way: no visible global function definition for ‘pchisq’
    freq1way: no visible global function definition for ‘barplot’
    freq1way: no visible global function definition for ‘abline’
    freq1way: no visible global function definition for ‘arrows’
    getVersion: no visible global function definition for
     ‘packageDescription’
    interactionPlots.default: no visible global function definition for
     ‘plot’
    interactionPlots.default: no visible global function definition for
     ‘axis’
    interactionPlots.default: no visible global function definition for
     ‘points’
    interactionPlots.default: no visible global function definition for
     ‘runif’
    interactionPlots.default: no visible global function definition for
     ‘text’
    interactionPlots.default: no visible global function definition for
     ‘lm’
    interactionPlots.default: no visible global function definition for
     ‘sd’
    interactionPlots.default: no visible global function definition for
     ‘qtukey’
    interactionPlots.default: no visible global function definition for
     ‘qt’
    interactionPlots.default: no visible global function definition for
     ‘arrows’
    interactionPlots.default: no visible global function definition for
     ‘segments’
    interactionPlots.default: no visible global function definition for
     ‘lines’
    interactionPlots.default: no visible global function definition for
     ‘legend’
    interactionPlots.formula: no visible global function definition for
     ‘terms’
    layout20x: no visible global function definition for ‘par’
    levene.test: no visible global function definition for ‘model.extract’
    levene.test: no visible global function definition for ‘lm’
    levene.test: no visible binding for global variable ‘median’
    levene.test: no visible global function definition for ‘anova’
    multipleComp: no visible global function definition for ‘anova’
    normcheck.default: no visible global function definition for ‘par’
    normcheck.default: no visible global function definition for ‘sd’
    normcheck.default: no visible global function definition for ‘qqnorm’
    normcheck.default: no visible global function definition for ‘abline’
    normcheck.default: no visible global function definition for
     ‘shapiro.test’
    normcheck.default: no visible global function definition for ‘text’
    normcheck.default: no visible global function definition for ‘hist’
    normcheck.default: no visible global function definition for ‘dnorm’
    normcheck.default: no visible global function definition for ‘box’
    normcheck.default: no visible global function definition for ‘lines’
    normcheck.lm: no visible global function definition for ‘residuals’
    onewayPlot.default: no visible global function definition for ‘terms’
    onewayPlot.default: no visible binding for global variable ‘formula’
    onewayPlot.default: no visible global function definition for
     ‘stripchart’
    onewayPlot.default: no visible global function definition for ‘boxplot’
    onewayPlot.default: no visible global function definition for ‘lm’
    onewayPlot.default: no visible global function definition for ‘sd’
    onewayPlot.default: no visible global function definition for ‘qtukey’
    onewayPlot.default: no visible global function definition for ‘qt’
    onewayPlot.default: no visible global function definition for ‘lines’
    onewayPlot.default: no visible global function definition for ‘arrows’
    onewayPlot.formula: no visible global function definition for ‘terms’
    onewayPlot.formula: no visible global function definition for
     ‘model.response’
    onewayPlot.formula: no visible global function definition for
     ‘stripchart’
    onewayPlot.formula: no visible global function definition for ‘boxplot’
    onewayPlot.formula: no visible global function definition for ‘lm’
    onewayPlot.formula: no visible global function definition for ‘sd’
    onewayPlot.formula: no visible global function definition for ‘qtukey’
    onewayPlot.formula: no visible global function definition for ‘qt’
    onewayPlot.formula: no visible global function definition for ‘lines’
    onewayPlot.formula: no visible global function definition for ‘arrows’
    pairs20x : panel.hist: no visible global function definition for ‘par’
    pairs20x : panel.hist: no visible global function definition for ‘hist’
    pairs20x : panel.hist: no visible global function definition for ‘rect’
    pairs20x : panel.cor: no visible global function definition for ‘par’
    pairs20x : panel.cor: no visible global function definition for ‘cor’
    pairs20x : panel.cor: no visible global function definition for
     ‘strwidth’
    pairs20x : panel.cor: no visible global function definition for ‘text’
    pairs20x: no visible global function definition for ‘pairs’
    pairs20x: no visible binding for global variable ‘panel.smooth’
    predict20x: no visible global function definition for ‘predict.lm’
    predict20x: no visible global function definition for ‘qt’
    predictCount: no visible global function definition for ‘predict.glm’
    predictCount: no visible global function definition for ‘qnorm’
    printOutput: no visible global function definition for ‘qnorm’
    propslsd.new: no visible global function definition for ‘qnorm’
    propslsd.new: no visible global function definition for ‘par’
    propslsd.new: no visible global function definition for ‘plot’
    propslsd.new: no visible global function definition for ‘axis’
    propslsd.new: no visible global function definition for ‘text’
    propslsd.new: no visible global function definition for ‘median’
    propslsd.new: no visible global function definition for ‘lines’
    propslsd.new: no visible global function definition for ‘rect’
    propslsd.new: no visible global function definition for ‘arrows’
    propslsd.new: no visible global function definition for ‘mtext’
    propslsd.new: no visible global function definition for ‘box’
    residPlot: no visible global function definition for ‘fitted’
    residPlot: no visible global function definition for ‘resid’
    residPlot: no visible global function definition for ‘as.formula’
    residPlot: no visible global function definition for ‘lm’
    residPlot: no visible global function definition for ‘lowess’
    residPlot: no visible global function definition for ‘plot’
    residPlot: no visible global function definition for ‘lines’
    rr: no visible global function definition for ‘read.table’
    skewness: no visible global function definition for ‘sd’
    stripqq.formula: no visible global function definition for ‘par’
    stripqq.formula: no visible global function definition for ‘stripchart’
    stripqq.formula: no visible global function definition for ‘qqnorm’
    stripqq.formula: no visible global function definition for ‘plot’
    stripqq.formula: no visible global function definition for ‘legend’
    stripqq.formula: no visible global function definition for ‘sd’
    stripqq.formula: no visible global function definition for ‘abline’
    stripqq.formula: no visible global function definition for ‘points’
    summary1way: no visible global function definition for ‘anova’
    summary1way: no visible global function definition for ‘median’
    summary1way: no visible global function definition for ‘sd’
    summary1way: no visible global function definition for ‘quantile’
    summary1way: no visible global function definition for ‘dummy.coef’
    summary2way: no visible global function definition for ‘anova’
    summary2way: no visible global function definition for ‘median’
    summary2way: no visible global function definition for ‘sd’
    summary2way: no visible global function definition for ‘quantile’
    summary2way: no visible global function definition for ‘dummy.coef’
    summary2way: no visible global function definition for ‘lm’
    summaryStats.default : getStats: no visible global function definition
     for ‘quantile’
    summaryStats.default : getStats: no visible global function definition
     for ‘var’
    summaryStats.default : getStats: no visible global function definition
     for ‘sd’
    summaryStats.default : getStats: no visible global function definition
     for ‘IQR’
    summaryStats.default: no visible global function definition for
     ‘aggregate’
    summaryStats.formula: no visible global function definition for ‘terms’
    trendscatter.default: no visible global function definition for
     ‘lowess’
    trendscatter.default: no visible global function definition for ‘plot’
    trendscatter.default: no visible global function definition for ‘lines’
    trendscatter.formula: no visible global function definition for ‘terms’
    Undefined global functions or variables:
     IQR abline aggregate anova arrows as.formula axis barplot box boxplot
     chisq.test coef cooks.distance cor dnorm dummy.coef fitted formula
     hist legend lines lm lowess median model.extract model.response mtext
     packageDescription pairs panel.smooth par pchisq plot points
     predict.glm predict.lm pt ptukey qnorm qqnorm qt qtukey quantile
     read.table rect resid residuals runif sd segments shapiro.test
     strheight stripchart strwidth terms text var
    Consider adding
     importFrom("graphics", "abline", "arrows", "axis", "barplot", "box",
     "boxplot", "hist", "legend", "lines", "mtext", "pairs",
     "panel.smooth", "par", "plot", "points", "rect", "segments",
     "strheight", "stripchart", "strwidth", "text")
     importFrom("stats", "IQR", "aggregate", "anova", "as.formula",
     "chisq.test", "coef", "cooks.distance", "cor", "dnorm",
     "dummy.coef", "fitted", "formula", "lm", "lowess", "median",
     "model.extract", "model.response", "pchisq", "predict.glm",
     "predict.lm", "pt", "ptukey", "qnorm", "qqnorm", "qt",
     "qtukey", "quantile", "resid", "residuals", "runif", "sd",
     "shapiro.test", "terms", "var")
     importFrom("utils", "packageDescription", "read.table")
    to your NAMESPACE.
Flavors: r-devel-linux-x86_64-debian-clang, r-devel-linux-x86_64-debian-gcc, r-devel-linux-x86_64-fedora-clang, r-devel-linux-x86_64-fedora-gcc, r-devel-windows-ix86+x86_64