CRAN Package Check Results for Package s20x

Last updated on 2014-04-19 18:47:49.

Flavor Version Tinstall Tcheck Ttotal Status Flags
r-devel-linux-x86_64-debian-clang 3.1-10 1.24 21.94 23.18 OK
r-devel-linux-x86_64-debian-gcc 3.1-10 1.26 22.08 23.34 OK
r-devel-linux-x86_64-fedora-clang 3.1-10 43.56 NOTE
r-devel-linux-x86_64-fedora-gcc 3.1-10 40.90 NOTE
r-devel-macosx-x86_64-clang 3.1-10 41.73 OK
r-devel-macosx-x86_64-gcc 3.1-10 OK
r-devel-windows-ix86+x86_64 3.1-10 5.00 35.00 40.00 OK
r-patched-linux-x86_64 3.1-10 1.24 22.05 23.29 OK
r-patched-solaris-sparc 3.1-10 249.00 OK
r-patched-solaris-x86 3.1-10 55.20 OK
r-release-linux-ix86 OK
r-release-linux-x86_64 3.1-10 1.25 22.08 23.32 OK
r-release-windows-ix86+x86_64 3.1-10 9.00 45.00 54.00 OK
r-oldrel-windows-ix86+x86_64 3.1-10 4.00 38.00 42.00 OK

Check Details

Version: 3.1-10
Check: Rd line widths
Result: NOTE
    Rd file 'interactionPlots.Rd':
     \usage lines wider than 90 characters:
     interactionPlots(y, fac1 = NULL, fac2 = NULL, xlab = NULL, xlab2 = NULL, ylab = NULL, data.order=TRUE, exlim=0.1, jitter=0.02, conf.le ... [TRUNCATED]
     interactionPlots(y, data, xlab = NULL, xlab2 = NULL, ylab = NULL, data.order = TRUE, exlim=0.1, jitter=0.02, conf.level=0.95, interval ... [TRUNCATED]
    
    These lines will be truncated in the PDF manual.
Flavors: r-devel-linux-x86_64-fedora-clang, r-devel-linux-x86_64-fedora-gcc