CRAN Package Check Results for Package s20x

Last updated on 2014-12-18 03:50:38.

Flavor Version Tinstall Tcheck Ttotal Status Flags
r-devel-linux-x86_64-debian-clang 3.1-10 1.23 20.98 22.22 NOTE
r-devel-linux-x86_64-debian-gcc 3.1-10 1.20 21.15 22.35 NOTE
r-devel-linux-x86_64-fedora-clang 3.1-10 44.71 NOTE
r-devel-linux-x86_64-fedora-gcc 3.1-10 41.69 NOTE
r-devel-osx-x86_64-clang 3.1-10 43.15 OK
r-devel-windows-ix86+x86_64 3.1-10 13.00 35.00 48.00 OK
r-patched-linux-x86_64 3.1-10 1.25 21.24 22.49 NOTE
r-patched-solaris-sparc 3.1-10 250.00 OK
r-patched-solaris-x86 3.1-10 57.00 OK
r-release-linux-ix86 3.1-10 1.65 29.29 30.94 OK
r-release-linux-x86_64 3.1-10 1.51 21.27 22.78 NOTE
r-release-osx-x86_64-mavericks 3.1-10 OK
r-release-windows-ix86+x86_64 3.1-10 6.00 44.00 50.00 OK
r-oldrel-windows-ix86+x86_64 3.1-10 4.00 38.00 42.00 OK

Check Details

Version: 3.1-10
Check: Rd line widths
Result: NOTE
    Rd file 'interactionPlots.Rd':
     \usage lines wider than 90 characters:
     interactionPlots(y, fac1 = NULL, fac2 = NULL, xlab = NULL, xlab2 = NULL, ylab = NULL, data.order=TRUE, exlim=0.1, jitter=0.02, conf.le ... [TRUNCATED]
     interactionPlots(y, data, xlab = NULL, xlab2 = NULL, ylab = NULL, data.order = TRUE, exlim=0.1, jitter=0.02, conf.level=0.95, interval ... [TRUNCATED]
    
    These lines will be truncated in the PDF manual.
Flavors: r-devel-linux-x86_64-debian-clang, r-devel-linux-x86_64-debian-gcc, r-devel-linux-x86_64-fedora-clang, r-devel-linux-x86_64-fedora-gcc, r-patched-linux-x86_64, r-release-linux-x86_64