CRAN Package Check Results for Package s20x

Last updated on 2014-09-22 03:48:27.

Flavor Version Tinstall Tcheck Ttotal Status Flags
r-devel-linux-x86_64-debian-clang 3.1-10 1.24 20.28 21.52 NOTE
r-devel-linux-x86_64-debian-gcc 3.1-10 1.14 20.48 21.61 NOTE
r-devel-linux-x86_64-fedora-clang 3.1-10 42.46 NOTE
r-devel-linux-x86_64-fedora-gcc 3.1-10 38.68 NOTE
r-devel-osx-x86_64-clang 3.1-10 40.84 OK
r-devel-windows-ix86+x86_64 3.1-10 5.00 33.00 38.00 OK
r-patched-linux-x86_64 3.1-10 1.18 21.14 22.32 NOTE
r-patched-solaris-sparc 3.1-10 250.00 OK
r-patched-solaris-x86 3.1-10 56.20 OK
r-release-linux-ix86 3.1-10 1.63 30.26 31.89 OK
r-release-linux-x86_64 3.1-10 1.20 22.09 23.29 NOTE
r-release-osx-x86_64-mavericks 3.1-10 OK
r-release-windows-ix86+x86_64 3.1-10 7.00 45.00 52.00 OK
r-oldrel-windows-ix86+x86_64 3.1-10 4.00 38.00 42.00 OK

Check Details

Version: 3.1-10
Check: Rd line widths
Result: NOTE
    Rd file 'interactionPlots.Rd':
     \usage lines wider than 90 characters:
     interactionPlots(y, fac1 = NULL, fac2 = NULL, xlab = NULL, xlab2 = NULL, ylab = NULL, data.order=TRUE, exlim=0.1, jitter=0.02, conf.le ... [TRUNCATED]
     interactionPlots(y, data, xlab = NULL, xlab2 = NULL, ylab = NULL, data.order = TRUE, exlim=0.1, jitter=0.02, conf.level=0.95, interval ... [TRUNCATED]
    
    These lines will be truncated in the PDF manual.
Flavors: r-devel-linux-x86_64-debian-clang, r-devel-linux-x86_64-debian-gcc, r-devel-linux-x86_64-fedora-clang, r-devel-linux-x86_64-fedora-gcc, r-patched-linux-x86_64, r-release-linux-x86_64