CRAN Package Check Results for Package sBIC

Last updated on 2019-04-20 22:50:33 CEST.

Flavor Version Tinstall Tcheck Ttotal Status Flags
r-devel-linux-x86_64-debian-clang 0.2.0 18.44 164.06 182.50 OK
r-devel-linux-x86_64-debian-gcc 0.2.0 13.77 224.70 238.47 OK
r-devel-linux-x86_64-fedora-clang 0.2.0 213.76 NOTE
r-devel-linux-x86_64-fedora-gcc 0.2.0 207.25 NOTE
r-devel-windows-ix86+x86_64 0.2.0 45.00 233.00 278.00 OK
r-patched-linux-x86_64 0.2.0 15.87 165.26 181.13 OK
r-patched-solaris-x86 0.2.0 260.90 OK
r-release-linux-x86_64 0.2.0 13.48 162.40 175.88 OK
r-release-windows-ix86+x86_64 0.2.0 30.00 241.00 271.00 OK
r-release-osx-x86_64 0.2.0 OK
r-oldrel-windows-ix86+x86_64 0.2.0 30.00 303.00 333.00 OK
r-oldrel-osx-x86_64 0.2.0 OK

Check Details

Version: 0.2.0
Check: compiled code
Result: NOTE
    File ‘sBIC/libs/sBIC.so’:
     Found no calls to: ‘R_registerRoutines’, ‘R_useDynamicSymbols’
    
    It is good practice to register native routines and to disable symbol
    search.
    
    See ‘Writing portable packages’ in the ‘Writing R Extensions’ manual.
Flavors: r-devel-linux-x86_64-fedora-clang, r-devel-linux-x86_64-fedora-gcc