CRAN Package Check Results for Package sBIC

Last updated on 2019-06-25 09:51:03 CEST.

Flavor Version Tinstall Tcheck Ttotal Status Flags
r-devel-linux-x86_64-debian-clang 0.2.0 17.38 164.12 181.50 OK
r-devel-linux-x86_64-debian-gcc 0.2.0 14.30 123.33 137.63 OK
r-devel-linux-x86_64-fedora-clang 0.2.0 218.06 NOTE
r-devel-linux-x86_64-fedora-gcc 0.2.0 209.90 NOTE
r-devel-windows-ix86+x86_64 0.2.0 45.00 194.00 239.00 OK
r-patched-linux-x86_64 0.2.0 19.06 160.43 179.49 OK
r-patched-solaris-x86 0.2.0 277.40 OK
r-release-linux-x86_64 0.2.0 16.78 164.52 181.30 OK
r-release-windows-ix86+x86_64 0.2.0 35.00 212.00 247.00 OK
r-release-osx-x86_64 0.2.0 OK
r-oldrel-windows-ix86+x86_64 0.2.0 29.00 173.00 202.00 OK
r-oldrel-osx-x86_64 0.2.0 OK

Check Details

Version: 0.2.0
Check: compiled code
Result: NOTE
    File ‘sBIC/libs/sBIC.so’:
     Found no calls to: ‘R_registerRoutines’, ‘R_useDynamicSymbols’
    
    It is good practice to register native routines and to disable symbol
    search.
    
    See ‘Writing portable packages’ in the ‘Writing R Extensions’ manual.
Flavors: r-devel-linux-x86_64-fedora-clang, r-devel-linux-x86_64-fedora-gcc