CRAN Package Check Results for Package sExtinct

Last updated on 2015-03-31 17:50:08.

Flavor Version Tinstall Tcheck Ttotal Status Flags
r-devel-linux-x86_64-debian-clang 1.1 0.65 13.01 13.66 NOTE
r-devel-linux-x86_64-debian-gcc 1.1 0.65 12.64 13.28 NOTE
r-devel-linux-x86_64-fedora-clang 1.1 26.51 NOTE
r-devel-linux-x86_64-fedora-gcc 1.1 25.91 NOTE
r-devel-osx-x86_64-clang 1.1 33.30 NOTE
r-prerel-windows-ix86+x86_64 1.1 3.00 23.00 26.00 OK
r-prerel-linux-x86_64 1.1 0.98 12.84 13.82 NOTE
r-prerel-solaris-sparc 1.1 189.90 OK
r-prerel-solaris-x86 1.1 36.80 OK
r-release-linux-x86_64 1.1 0.79 14.13 14.92 OK
r-release-osx-x86_64-mavericks 1.1 OK
r-release-osx-x86_64-snowleopard 1.1 OK
r-release-windows-ix86+x86_64 1.1 3.00 24.00 27.00 OK
r-oldrel-windows-ix86+x86_64 1.1 3.00 24.00 27.00 OK

Check Details

Version: 1.1
Check: S3 generic/method consistency
Result: NOTE
    Found the following apparent S3 methods exported but not registered:
     print.extmod print.simpextmod
    See section ‘Registering S3 methods’ in the ‘Writing R Extensions’
    manual.
Flavors: r-devel-linux-x86_64-debian-clang, r-devel-linux-x86_64-debian-gcc, r-devel-linux-x86_64-fedora-clang, r-devel-linux-x86_64-fedora-gcc, r-devel-osx-x86_64-clang, r-prerel-linux-x86_64