CRAN Package Check Results for Package sExtinct

Last updated on 2016-07-27 02:47:17.

Flavor Version Tinstall Tcheck Ttotal Status Flags
r-devel-linux-x86_64-debian-clang 1.1 0.86 15.49 16.34 NOTE
r-devel-linux-x86_64-debian-gcc 1.1 0.85 15.78 16.63 NOTE
r-devel-linux-x86_64-fedora-clang 1.1 23.58 NOTE
r-devel-linux-x86_64-fedora-gcc 1.1 21.25 NOTE
r-devel-osx-x86_64-clang 1.1 20.81 NOTE
r-devel-windows-ix86+x86_64 1.1 4.00 41.00 45.00 OK
r-patched-linux-x86_64 1.1 0.72 15.85 16.57 NOTE
r-patched-solaris-sparc 1.1 149.50 NOTE
r-patched-solaris-x86 1.1 32.10 NOTE
r-release-linux-x86_64 1.1 0.86 16.02 16.89 NOTE
r-release-osx-x86_64-mavericks 1.1 OK
r-release-windows-ix86+x86_64 1.1 5.00 39.00 44.00 OK
r-oldrel-windows-ix86+x86_64 1.1 4.00 39.00 43.00 OK

Check Details

Version: 1.1
Check: S3 generic/method consistency
Result: NOTE
    Found the following apparent S3 methods exported but not registered:
     print.extmod print.simpextmod
    See section ‘Registering S3 methods’ in the ‘Writing R Extensions’
    manual.
Flavors: r-devel-linux-x86_64-debian-clang, r-devel-linux-x86_64-debian-gcc, r-devel-linux-x86_64-fedora-clang, r-devel-linux-x86_64-fedora-gcc, r-devel-osx-x86_64-clang, r-patched-linux-x86_64, r-patched-solaris-sparc, r-patched-solaris-x86, r-release-linux-x86_64