CRAN Package Check Results for Package sExtinct

Last updated on 2016-09-24 23:48:25.

Flavor Version Tinstall Tcheck Ttotal Status Flags
r-devel-linux-x86_64-debian-clang 1.1 0.70 12.72 13.42 NOTE
r-devel-linux-x86_64-debian-gcc 1.1 0.69 12.93 13.61 NOTE
r-devel-linux-x86_64-fedora-clang 1.1 23.49 NOTE
r-devel-linux-x86_64-fedora-gcc 1.1 22.55 NOTE
r-devel-macos-x86_64-clang 1.1 20.91 NOTE
r-devel-windows-ix86+x86_64 1.1 3.00 34.00 37.00 OK
r-patched-linux-x86_64 1.1 0.73 13.05 13.78 NOTE
r-patched-solaris-sparc 1.1 149.50 NOTE
r-patched-solaris-x86 1.1 31.80 NOTE
r-release-linux-x86_64 1.1 0.66 12.85 13.51 NOTE
r-release-osx-x86_64-mavericks 1.1 OK
r-release-windows-ix86+x86_64 1.1 3.00 51.00 54.00 OK
r-oldrel-windows-ix86+x86_64 1.1 4.00 41.00 45.00 OK

Check Details

Version: 1.1
Check: S3 generic/method consistency
Result: NOTE
    Found the following apparent S3 methods exported but not registered:
     print.extmod print.simpextmod
    See section ‘Registering S3 methods’ in the ‘Writing R Extensions’
    manual.
Flavors: r-devel-linux-x86_64-debian-clang, r-devel-linux-x86_64-debian-gcc, r-devel-linux-x86_64-fedora-clang, r-devel-linux-x86_64-fedora-gcc, r-devel-macos-x86_64-clang, r-patched-linux-x86_64, r-patched-solaris-sparc, r-patched-solaris-x86, r-release-linux-x86_64