CRAN Package Check Results for Package sExtinct

Last updated on 2015-04-27 03:47:35.

Flavor Version Tinstall Tcheck Ttotal Status Flags
r-devel-linux-x86_64-debian-clang 1.1 0.86 12.88 13.74 NOTE
r-devel-linux-x86_64-debian-gcc 1.1 0.64 12.72 13.36 NOTE
r-devel-linux-x86_64-fedora-clang 1.1 27.15 NOTE
r-devel-linux-x86_64-fedora-gcc 1.1 25.52 NOTE
r-devel-osx-x86_64-clang 1.1 30.04 NOTE
r-devel-windows-ix86+x86_64 1.1 2.00 30.00 32.00 OK
r-patched-linux-x86_64 1.1 0.80 12.90 13.70 NOTE
r-patched-solaris-sparc 1.1 189.90 OK
r-patched-solaris-x86 1.1 36.70 NOTE
r-release-linux-x86_64 1.1 0.65 12.70 13.35 NOTE
r-release-osx-x86_64-mavericks 1.1 OK
r-release-osx-x86_64-snowleopard 1.1 OK
r-release-windows-ix86+x86_64 1.1 3.00 21.00 24.00 OK
r-oldrel-windows-ix86+x86_64 1.1 2.00 31.00 33.00 OK

Check Details

Version: 1.1
Check: S3 generic/method consistency
Result: NOTE
    Found the following apparent S3 methods exported but not registered:
     print.extmod print.simpextmod
    See section ‘Registering S3 methods’ in the ‘Writing R Extensions’
    manual.
Flavors: r-devel-linux-x86_64-debian-clang, r-devel-linux-x86_64-debian-gcc, r-devel-linux-x86_64-fedora-clang, r-devel-linux-x86_64-fedora-gcc, r-devel-osx-x86_64-clang, r-patched-solaris-x86