CRAN Package Check Results for Package sExtinct

Last updated on 2017-09-24 11:48:40.

Flavor Version Tinstall Tcheck Ttotal Status Flags
r-devel-linux-x86_64-debian-clang 1.1 0.91 16.20 17.11 NOTE
r-devel-linux-x86_64-debian-gcc 1.1 0.93 15.63 16.56 NOTE
r-devel-linux-x86_64-fedora-clang 1.1 27.34 NOTE
r-devel-linux-x86_64-fedora-gcc 1.1 26.47 NOTE
r-devel-windows-ix86+x86_64 1.1 5.00 36.00 41.00 OK
r-patched-linux-x86_64 1.1 0.80 15.76 16.56 NOTE
r-patched-solaris-x86 1.1 37.80 NOTE
r-release-linux-x86_64 1.1 0.89 15.81 16.69 NOTE
r-release-windows-ix86+x86_64 1.1 3.00 36.00 39.00 OK
r-release-osx-x86_64 1.1 OK
r-oldrel-windows-ix86+x86_64 1.1 3.00 60.00 63.00 OK
r-oldrel-osx-x86_64 1.1 OK

Check Details

Version: 1.1
Check: S3 generic/method consistency
Result: NOTE
    Found the following apparent S3 methods exported but not registered:
     print.extmod print.simpextmod
    See section ‘Registering S3 methods’ in the ‘Writing R Extensions’
    manual.
Flavors: r-devel-linux-x86_64-debian-clang, r-devel-linux-x86_64-debian-gcc, r-devel-linux-x86_64-fedora-clang, r-devel-linux-x86_64-fedora-gcc, r-patched-linux-x86_64, r-patched-solaris-x86, r-release-linux-x86_64