CRAN Package Check Results for Package sExtinct

Last updated on 2018-06-21 23:50:41 CEST.

Flavor Version Tinstall Tcheck Ttotal Status Flags
r-devel-linux-x86_64-debian-clang 1.1 1.34 21.61 22.95 NOTE
r-devel-linux-x86_64-debian-gcc 1.1 1.28 19.27 20.55 NOTE
r-devel-linux-x86_64-fedora-clang 1.1 30.35 NOTE
r-devel-linux-x86_64-fedora-gcc 1.1 28.02 NOTE
r-devel-windows-ix86+x86_64 1.1 6.00 46.00 52.00 OK
r-patched-linux-x86_64 1.1 1.75 22.37 24.12 NOTE
r-patched-solaris-x86 1.1 44.40 NOTE
r-release-linux-x86_64 1.1 1.10 22.09 23.19 NOTE
r-release-windows-ix86+x86_64 1.1 4.00 51.00 55.00 OK
r-release-osx-x86_64 1.1 OK
r-oldrel-windows-ix86+x86_64 1.1 4.00 36.00 40.00 OK
r-oldrel-osx-x86_64 1.1 OK

Check Details

Version: 1.1
Check: S3 generic/method consistency
Result: NOTE
    Found the following apparent S3 methods exported but not registered:
     print.extmod print.simpextmod
    See section ‘Registering S3 methods’ in the ‘Writing R Extensions’
    manual.
Flavors: r-devel-linux-x86_64-debian-clang, r-devel-linux-x86_64-debian-gcc, r-devel-linux-x86_64-fedora-clang, r-devel-linux-x86_64-fedora-gcc, r-patched-linux-x86_64, r-patched-solaris-x86, r-release-linux-x86_64