CRAN Package Check Results for Package sExtinct

Last updated on 2015-05-28 07:49:07.

Flavor Version Tinstall Tcheck Ttotal Status Flags
r-devel-linux-x86_64-debian-clang 1.1 0.65 13.18 13.83 NOTE
r-devel-linux-x86_64-debian-gcc 1.1 0.64 12.84 13.48 NOTE
r-devel-linux-x86_64-fedora-clang 1.1 26.30 NOTE
r-devel-linux-x86_64-fedora-gcc 1.1 25.79 NOTE
r-devel-osx-x86_64-clang 1.1 30.62 NOTE
r-devel-windows-ix86+x86_64 1.1 3.00 21.00 24.00 OK
r-patched-linux-x86_64 1.1 0.75 12.94 13.70 NOTE
r-patched-solaris-sparc 1.1 173.40 NOTE
r-patched-solaris-x86 1.1 37.20 NOTE
r-release-linux-x86_64 1.1 0.65 12.87 13.52 NOTE
r-release-osx-x86_64-mavericks 1.1 OK
r-release-osx-x86_64-snowleopard 1.1 OK
r-release-windows-ix86+x86_64 1.1 3.00 26.00 29.00 OK
r-oldrel-windows-ix86+x86_64 1.1 3.00 35.00 38.00 OK

Check Details

Version: 1.1
Check: S3 generic/method consistency
Result: NOTE
    Found the following apparent S3 methods exported but not registered:
     print.extmod print.simpextmod
    See section ‘Registering S3 methods’ in the ‘Writing R Extensions’
    manual.
Flavors: r-devel-linux-x86_64-debian-clang, r-devel-linux-x86_64-debian-gcc, r-devel-linux-x86_64-fedora-clang, r-devel-linux-x86_64-fedora-gcc, r-devel-osx-x86_64-clang, r-patched-linux-x86_64, r-patched-solaris-sparc, r-patched-solaris-x86, r-release-linux-x86_64