CRAN Package Check Results for Package sExtinct

Last updated on 2016-06-27 10:48:08.

Flavor Version Tinstall Tcheck Ttotal Status Flags
r-devel-linux-x86_64-debian-gcc 1.1 0.72 12.31 13.03 NOTE
r-devel-linux-x86_64-fedora-clang 1.1 23.33 NOTE
r-devel-linux-x86_64-fedora-gcc 1.1 21.21 NOTE
r-devel-osx-x86_64-clang 1.1 21.06 NOTE
r-devel-windows-ix86+x86_64 1.1 3.00 42.00 45.00 OK
r-patched-linux-x86_64 1.1 0.81 13.57 14.38 NOTE
r-patched-solaris-sparc 1.1 149.50 NOTE
r-patched-solaris-x86 1.1 32.90 NOTE
r-release-linux-x86_64 1.1 0.72 13.36 14.09 NOTE
r-release-osx-x86_64-mavericks 1.1 OK
r-release-windows-ix86+x86_64 1.1 3.00 29.00 32.00 OK
r-oldrel-windows-ix86+x86_64 1.1 4.00 38.00 42.00 OK

Check Details

Version: 1.1
Check: S3 generic/method consistency
Result: NOTE
    Found the following apparent S3 methods exported but not registered:
     print.extmod print.simpextmod
    See section ‘Registering S3 methods’ in the ‘Writing R Extensions’
    manual.
Flavors: r-devel-linux-x86_64-debian-gcc, r-devel-linux-x86_64-fedora-clang, r-devel-linux-x86_64-fedora-gcc, r-devel-osx-x86_64-clang, r-patched-linux-x86_64, r-patched-solaris-sparc, r-patched-solaris-x86, r-release-linux-x86_64