CRAN Package Check Results for Package sExtinct

Last updated on 2016-05-25 21:46:52.

Flavor Version Tinstall Tcheck Ttotal Status Flags
r-devel-linux-x86_64-debian-gcc 1.1 0.73 13.02 13.75 NOTE
r-devel-linux-x86_64-fedora-clang 1.1 23.45 NOTE
r-devel-linux-x86_64-fedora-gcc 1.1 22.00 NOTE
r-devel-osx-x86_64-clang 1.1 27.98 NOTE
r-devel-windows-ix86+x86_64 1.1 2.00 33.00 35.00 OK
r-patched-linux-x86_64 1.1 0.62 12.61 13.22 NOTE
r-patched-solaris-sparc 1.1 149.00 NOTE
r-patched-solaris-x86 1.1 33.10 NOTE
r-release-linux-x86_64 1.1 0.66 12.89 13.55 NOTE
r-release-osx-x86_64-mavericks 1.1 OK
r-release-windows-ix86+x86_64 1.1 4.00 31.00 35.00 OK
r-oldrel-windows-ix86+x86_64 1.1 3.00 47.00 50.00 OK

Check Details

Version: 1.1
Check: S3 generic/method consistency
Result: NOTE
    Found the following apparent S3 methods exported but not registered:
     print.extmod print.simpextmod
    See section ‘Registering S3 methods’ in the ‘Writing R Extensions’
    manual.
Flavors: r-devel-linux-x86_64-debian-gcc, r-devel-linux-x86_64-fedora-clang, r-devel-linux-x86_64-fedora-gcc, r-devel-osx-x86_64-clang, r-patched-linux-x86_64, r-patched-solaris-sparc, r-patched-solaris-x86, r-release-linux-x86_64