CRAN Package Check Results for Package sExtinct

Last updated on 2015-08-31 23:49:50.

Flavor Version Tinstall Tcheck Ttotal Status Flags
r-devel-linux-x86_64-debian-clang 1.1 0.64 12.09 12.73 NOTE
r-devel-linux-x86_64-debian-gcc 1.1 0.59 12.11 12.70 NOTE
r-devel-linux-x86_64-fedora-clang 1.1 25.19 NOTE
r-devel-linux-x86_64-fedora-gcc 1.1 23.13 NOTE
r-devel-osx-x86_64-clang 1.1 22.68 NOTE
r-devel-windows-ix86+x86_64 1.1 4.00 38.00 42.00 OK
r-patched-linux-x86_64 1.1 0.66 12.28 12.94 NOTE
r-patched-solaris-sparc 1.1 169.90 NOTE
r-patched-solaris-x86 1.1 38.40 NOTE
r-release-linux-x86_64 1.1 0.64 12.95 13.59 NOTE
r-release-osx-x86_64-mavericks 1.1 OK
r-release-windows-ix86+x86_64 1.1 4.00 35.00 39.00 OK
r-oldrel-windows-ix86+x86_64 1.1 5.00 28.00 33.00 OK

Check Details

Version: 1.1
Check: S3 generic/method consistency
Result: NOTE
    Found the following apparent S3 methods exported but not registered:
     print.extmod print.simpextmod
    See section ‘Registering S3 methods’ in the ‘Writing R Extensions’
    manual.
Flavors: r-devel-linux-x86_64-debian-clang, r-devel-linux-x86_64-debian-gcc, r-devel-linux-x86_64-fedora-clang, r-devel-linux-x86_64-fedora-gcc, r-devel-osx-x86_64-clang, r-patched-linux-x86_64, r-patched-solaris-sparc, r-patched-solaris-x86, r-release-linux-x86_64