CRAN Package Check Results for Package sExtinct

Last updated on 2016-12-07 08:48:19.

Flavor Version Tinstall Tcheck Ttotal Status Flags
r-devel-linux-x86_64-debian-clang 1.1 0.80 15.42 16.21 NOTE
r-devel-linux-x86_64-debian-gcc 1.1 0.96 15.15 16.12 NOTE
r-devel-linux-x86_64-fedora-clang 1.1 27.29 NOTE --no-stop-on-test-error
r-devel-linux-x86_64-fedora-gcc 1.1 26.69 NOTE --no-stop-on-test-error
r-devel-macos-x86_64-clang 1.1 23.95 NOTE
r-devel-windows-ix86+x86_64 1.1 5.00 45.00 50.00 OK
r-patched-linux-x86_64 1.1 0.73 12.68 13.41 NOTE
r-patched-solaris-sparc 1.1 149.50 NOTE
r-patched-solaris-x86 1.1 31.80 NOTE
r-release-linux-x86_64 1.1 0.66 12.94 13.59 NOTE
r-release-osx-x86_64-mavericks 1.1 OK
r-release-windows-ix86+x86_64 1.1 3.00 47.00 50.00 OK
r-oldrel-windows-ix86+x86_64 1.1 5.00 33.00 38.00 OK

Check Details

Version: 1.1
Check: S3 generic/method consistency
Result: NOTE
    Found the following apparent S3 methods exported but not registered:
     print.extmod print.simpextmod
    See section ‘Registering S3 methods’ in the ‘Writing R Extensions’
    manual.
Flavors: r-devel-linux-x86_64-debian-clang, r-devel-linux-x86_64-debian-gcc, r-devel-macos-x86_64-clang, r-patched-linux-x86_64, r-patched-solaris-sparc, r-patched-solaris-x86, r-release-linux-x86_64

Version: 1.1
Flags: --no-stop-on-test-error
Check: S3 generic/method consistency
Result: NOTE
    Found the following apparent S3 methods exported but not registered:
     print.extmod print.simpextmod
    See section ‘Registering S3 methods’ in the ‘Writing R Extensions’
    manual.
Flavors: r-devel-linux-x86_64-fedora-clang, r-devel-linux-x86_64-fedora-gcc