CRAN Package Check Results for Package sExtinct

Last updated on 2015-02-01 10:47:04.

Flavor Version Tinstall Tcheck Ttotal Status Flags
r-devel-linux-x86_64-debian-clang 1.1 0.66 12.58 13.24 NOTE
r-devel-linux-x86_64-debian-gcc 1.1 0.70 13.00 13.70 NOTE
r-devel-linux-x86_64-fedora-clang 1.1 29.81 NOTE
r-devel-linux-x86_64-fedora-gcc 1.1 25.37 NOTE
r-devel-osx-x86_64-clang 1.1 36.95 NOTE
r-devel-windows-ix86+x86_64 1.1 4.00 25.00 29.00 OK
r-patched-linux-x86_64 1.1 0.98 14.18 15.16 OK
r-patched-solaris-sparc 1.1 169.60 OK
r-patched-solaris-x86 1.1 40.90 OK
r-release-linux-ix86 1.1 1.01 21.11 22.12 OK
r-release-linux-x86_64 1.1 0.90 14.04 14.93 OK
r-release-osx-x86_64-mavericks 1.1 OK
r-release-osx-x86_64-snowleopard 1.1 OK
r-release-windows-ix86+x86_64 1.1 3.00 27.00 30.00 OK
r-oldrel-windows-ix86+x86_64 1.1 3.00 28.00 31.00 OK

Check Details

Version: 1.1
Check: S3 generic/method consistency
Result: NOTE
    Found the following apparent S3 methods exported but not registered:
     print.extmod print.simpextmod
    See section ‘Registering S3 methods’ in the ‘Writing R Extensions’
    manual.
Flavors: r-devel-linux-x86_64-debian-clang, r-devel-linux-x86_64-debian-gcc, r-devel-linux-x86_64-fedora-clang, r-devel-linux-x86_64-fedora-gcc, r-devel-osx-x86_64-clang