CRAN Package Check Results for Package sExtinct

Last updated on 2017-07-23 04:48:54.

Flavor Version Tinstall Tcheck Ttotal Status Flags
r-devel-linux-x86_64-debian-clang 1.1 0.81 22.44 23.25 NOTE
r-devel-linux-x86_64-debian-gcc 1.1 0.83 21.07 21.90 NOTE
r-devel-linux-x86_64-fedora-clang 1.1 26.71 NOTE
r-devel-linux-x86_64-fedora-gcc 1.1 25.73 NOTE
r-devel-windows-ix86+x86_64 1.1 6.00 35.00 41.00 OK
r-patched-linux-x86_64 1.1 0.80 21.93 22.73 NOTE
r-patched-solaris-x86 1.1 36.30 NOTE
r-release-linux-x86_64 1.1 0.89 21.69 22.58 NOTE
r-release-windows-ix86+x86_64 1.1 2.00 45.00 47.00 OK
r-release-osx-x86_64 1.1 OK
r-oldrel-windows-ix86+x86_64 1.1 3.00 40.00 43.00 OK
r-oldrel-osx-x86_64 1.1 OK

Check Details

Version: 1.1
Check: S3 generic/method consistency
Result: NOTE
    Found the following apparent S3 methods exported but not registered:
     print.extmod print.simpextmod
    See section ‘Registering S3 methods’ in the ‘Writing R Extensions’
    manual.
Flavors: r-devel-linux-x86_64-debian-clang, r-devel-linux-x86_64-debian-gcc, r-devel-linux-x86_64-fedora-clang, r-devel-linux-x86_64-fedora-gcc, r-patched-linux-x86_64, r-patched-solaris-x86, r-release-linux-x86_64