CRAN Package Check Results for Package sExtinct

Last updated on 2014-04-24 21:47:50.

Flavor Version Tinstall Tcheck Ttotal Status Flags
r-devel-linux-x86_64-debian-clang 1.1 0.74 14.02 14.76 OK
r-devel-linux-x86_64-debian-gcc 1.1 0.74 13.65 14.39 OK
r-devel-linux-x86_64-fedora-clang 1.1 29.06 OK
r-devel-linux-x86_64-fedora-gcc 1.1 28.33 OK
r-devel-osx-x86_64-clang 1.1 29.65 OK
r-devel-osx-x86_64-gcc 1.1 OK
r-devel-windows-ix86+x86_64 1.1 3.00 25.00 28.00 OK
r-patched-linux-x86_64 1.1 0.81 13.66 14.47 OK
r-patched-solaris-sparc 1.1 160.10 OK
r-patched-solaris-x86 1.1 39.20 OK
r-release-linux-ix86 1.1 1.00 29.00 30.00 OK
r-release-linux-x86_64 1.1 0.75 13.82 14.58 OK
r-release-osx-x86_64-mavericks 1.1 WARN
r-release-osx-x86_64-snowleopard 1.1 OK
r-release-windows-ix86+x86_64 1.1 3.00 24.00 27.00 OK
r-oldrel-windows-ix86+x86_64 1.1 3.00 23.00 26.00 OK

Check Details

Version: 1.1
Check: PDF version of manual
Result: WARNING
    LaTeX errors when creating PDF version.
    This typically indicates Rd problems.
    LaTeX errors found:
    ! LaTeX Error: File `upquote.sty' not found.
    
    Type X to quit or <RETURN> to proceed,
    or enter new name. (Default extension: sty)
    
    ad0fb04/Rd2.tex:8: ==> Fatal error occurred, no output PDF file produced!
Flavor: r-release-osx-x86_64-mavericks