CRAN Package Check Results for Package sExtinct

Last updated on 2017-03-22 23:53:40.

Flavor Version Tinstall Tcheck Ttotal Status Flags
r-devel-linux-x86_64-debian-clang 1.1 0.94 15.83 16.77 NOTE
r-devel-linux-x86_64-debian-gcc 1.1 2.85 15.34 18.19 NOTE
r-devel-linux-x86_64-fedora-clang 1.1 27.41 NOTE --no-stop-on-test-error
r-devel-linux-x86_64-fedora-gcc 1.1 25.29 NOTE --no-stop-on-test-error
r-devel-macos-x86_64-clang 1.1 23.40 NOTE --no-stop-on-test-error
r-devel-windows-ix86+x86_64 1.1 2.00 31.00 33.00 OK
r-patched-linux-x86_64 1.1 0.64 13.37 14.01 NOTE
r-patched-solaris-sparc 1.1 155.60 NOTE
r-patched-solaris-x86 1.1 37.10 NOTE
r-release-linux-x86_64 1.1 0.72 13.74 14.45 NOTE
r-release-osx-x86_64-mavericks 1.1 OK
r-release-windows-ix86+x86_64 1.1 8.00 31.00 39.00 OK
r-oldrel-windows-ix86+x86_64 1.1 5.00 37.00 42.00 OK

Check Details

Version: 1.1
Check: S3 generic/method consistency
Result: NOTE
    Found the following apparent S3 methods exported but not registered:
     print.extmod print.simpextmod
    See section ‘Registering S3 methods’ in the ‘Writing R Extensions’
    manual.
Flavors: r-devel-linux-x86_64-debian-clang, r-devel-linux-x86_64-debian-gcc, r-patched-linux-x86_64, r-patched-solaris-sparc, r-patched-solaris-x86, r-release-linux-x86_64

Version: 1.1
Flags: --no-stop-on-test-error
Check: S3 generic/method consistency
Result: NOTE
    Found the following apparent S3 methods exported but not registered:
     print.extmod print.simpextmod
    See section ‘Registering S3 methods’ in the ‘Writing R Extensions’
    manual.
Flavors: r-devel-linux-x86_64-fedora-clang, r-devel-linux-x86_64-fedora-gcc, r-devel-macos-x86_64-clang