CRAN Package Check Results for Package sExtinct

Last updated on 2016-08-27 12:47:45.

Flavor Version Tinstall Tcheck Ttotal Status Flags
r-devel-linux-x86_64-debian-clang 1.1 0.66 12.94 13.60 NOTE
r-devel-linux-x86_64-debian-gcc 1.1 0.88 16.53 17.42 NOTE
r-devel-linux-x86_64-fedora-clang 1.1 23.89 NOTE
r-devel-linux-x86_64-fedora-gcc 1.1 21.82 NOTE
r-devel-osx-x86_64-clang 1.1 20.81 NOTE
r-devel-windows-ix86+x86_64 1.1 6.00 30.00 36.00 OK
r-patched-linux-x86_64 1.1 0.70 13.25 13.95 NOTE
r-patched-solaris-sparc 1.1 149.50 NOTE
r-patched-solaris-x86 1.1 32.40 NOTE
r-release-linux-x86_64 1.1 0.64 13.23 13.87 NOTE
r-release-osx-x86_64-mavericks 1.1 OK
r-release-windows-ix86+x86_64 1.1 3.00 32.00 35.00 OK
r-oldrel-windows-ix86+x86_64 1.1 4.00 38.00 42.00 OK

Check Details

Version: 1.1
Check: S3 generic/method consistency
Result: NOTE
    Found the following apparent S3 methods exported but not registered:
     print.extmod print.simpextmod
    See section ‘Registering S3 methods’ in the ‘Writing R Extensions’
    manual.
Flavors: r-devel-linux-x86_64-debian-clang, r-devel-linux-x86_64-debian-gcc, r-devel-linux-x86_64-fedora-clang, r-devel-linux-x86_64-fedora-gcc, r-devel-osx-x86_64-clang, r-patched-linux-x86_64, r-patched-solaris-sparc, r-patched-solaris-x86, r-release-linux-x86_64