CRAN Package Check Results for Package sExtinct

Last updated on 2015-07-08 05:47:56.

Flavor Version Tinstall Tcheck Ttotal Status Flags
r-devel-linux-x86_64-debian-clang 1.1 0.61 13.10 13.71 NOTE
r-devel-linux-x86_64-debian-gcc 1.1 0.70 12.40 13.10 NOTE
r-devel-linux-x86_64-fedora-clang 1.1 24.79 NOTE
r-devel-linux-x86_64-fedora-gcc 1.1 23.49 NOTE
r-devel-osx-x86_64-clang 1.1 23.37 NOTE
r-devel-windows-ix86+x86_64 1.1 5.00 22.00 27.00 OK
r-patched-linux-x86_64 1.1 0.70 13.33 14.04 NOTE
r-patched-solaris-sparc 1.1 173.40 NOTE
r-patched-solaris-x86 1.1 37.40 NOTE
r-release-linux-x86_64 1.1 0.66 12.97 13.64 NOTE
r-release-osx-x86_64-mavericks 1.1 OK
r-release-windows-ix86+x86_64 1.1 4.00 42.00 46.00 OK
r-oldrel-windows-ix86+x86_64 1.1 3.00 36.00 39.00 OK

Check Details

Version: 1.1
Check: S3 generic/method consistency
Result: NOTE
    Found the following apparent S3 methods exported but not registered:
     print.extmod print.simpextmod
    See section ‘Registering S3 methods’ in the ‘Writing R Extensions’
    manual.
Flavors: r-devel-linux-x86_64-debian-clang, r-devel-linux-x86_64-debian-gcc, r-devel-linux-x86_64-fedora-clang, r-devel-linux-x86_64-fedora-gcc, r-devel-osx-x86_64-clang, r-patched-linux-x86_64, r-patched-solaris-sparc, r-patched-solaris-x86, r-release-linux-x86_64