Last updated on 2018-04-24 00:47:18 CEST.
Flavor | Version | Tinstall | Tcheck | Ttotal | Status | Flags |
---|---|---|---|---|---|---|
r-devel-linux-x86_64-debian-clang | 1.1 | 1.46 | 19.14 | 20.60 | NOTE | |
r-devel-linux-x86_64-debian-gcc | 1.1 | 1.50 | 17.77 | 19.27 | NOTE | |
r-devel-linux-x86_64-fedora-clang | 1.1 | 28.77 | NOTE | |||
r-devel-linux-x86_64-fedora-gcc | 1.1 | 27.57 | NOTE | |||
r-devel-windows-ix86+x86_64 | 1.1 | 5.00 | 33.00 | 38.00 | OK | |
r-devel-osx-x86_64 | 1.1 | OK | ||||
r-patched-linux-x86_64 | 1.1 | 1.74 | 22.19 | 23.93 | NOTE | |
r-patched-solaris-x86 | 1.1 | 44.20 | NOTE | |||
r-release-linux-x86_64 | 1.1 | 1.34 | 22.06 | 23.40 | NOTE | |
r-release-windows-ix86+x86_64 | 1.1 | 4.00 | 45.00 | 49.00 | OK | |
r-release-osx-x86_64 | 1.1 | OK | ||||
r-oldrel-windows-ix86+x86_64 | 1.1 | 3.00 | 54.00 | 57.00 | OK |
Version: 1.1
Check: S3 generic/method consistency
Result: NOTE
Found the following apparent S3 methods exported but not registered:
print.extmod print.simpextmod
See section ‘Registering S3 methods’ in the ‘Writing R Extensions’
manual.
Flavors: r-devel-linux-x86_64-debian-clang, r-devel-linux-x86_64-debian-gcc, r-devel-linux-x86_64-fedora-clang, r-devel-linux-x86_64-fedora-gcc, r-patched-linux-x86_64, r-patched-solaris-x86, r-release-linux-x86_64