CRAN Package Check Results for Package sExtinct

Last updated on 2017-02-25 23:48:07.

Flavor Version Tinstall Tcheck Ttotal Status Flags
r-devel-linux-x86_64-debian-clang 1.1 0.97 15.61 16.58 NOTE
r-devel-linux-x86_64-debian-gcc 1.1 0.94 15.47 16.42 NOTE
r-devel-linux-x86_64-fedora-clang 1.1 26.07 NOTE --no-stop-on-test-error
r-devel-linux-x86_64-fedora-gcc 1.1 26.21 NOTE --no-stop-on-test-error
r-devel-macos-x86_64-clang 1.1 23.86 NOTE --no-stop-on-test-error
r-devel-windows-ix86+x86_64 1.1 5.00 42.00 47.00 OK
r-patched-linux-x86_64 1.1 0.62 13.45 14.07 NOTE
r-patched-solaris-sparc 1.1 150.10 NOTE
r-patched-solaris-x86 1.1 31.80 NOTE
r-release-linux-x86_64 1.1 0.63 13.35 13.97 NOTE
r-release-osx-x86_64-mavericks 1.1 OK
r-release-windows-ix86+x86_64 1.1 5.00 69.00 74.00 OK
r-oldrel-windows-ix86+x86_64 1.1 5.00 29.00 34.00 OK

Check Details

Version: 1.1
Check: S3 generic/method consistency
Result: NOTE
    Found the following apparent S3 methods exported but not registered:
     print.extmod print.simpextmod
    See section ‘Registering S3 methods’ in the ‘Writing R Extensions’
    manual.
Flavors: r-devel-linux-x86_64-debian-clang, r-devel-linux-x86_64-debian-gcc, r-patched-linux-x86_64, r-patched-solaris-sparc, r-patched-solaris-x86, r-release-linux-x86_64

Version: 1.1
Flags: --no-stop-on-test-error
Check: S3 generic/method consistency
Result: NOTE
    Found the following apparent S3 methods exported but not registered:
     print.extmod print.simpextmod
    See section ‘Registering S3 methods’ in the ‘Writing R Extensions’
    manual.
Flavors: r-devel-linux-x86_64-fedora-clang, r-devel-linux-x86_64-fedora-gcc, r-devel-macos-x86_64-clang