CRAN Package Check Results for Package sExtinct

Last updated on 2017-11-23 11:52:54 CET.

Flavor Version Tinstall Tcheck Ttotal Status Flags
r-devel-linux-x86_64-debian-clang 1.1 0.71 24.04 24.75 NOTE
r-devel-linux-x86_64-debian-gcc 1.1 0.93 38.94 39.86 NOTE
r-devel-linux-x86_64-fedora-clang 1.1 26.11 NOTE
r-devel-linux-x86_64-fedora-gcc 1.1 24.87 NOTE
r-devel-windows-ix86+x86_64 1.1 2.00 45.00 47.00 OK
r-patched-linux-x86_64 1.1 1.09 44.49 45.58 NOTE
r-patched-solaris-x86 1.1 41.50 NOTE
r-release-linux-x86_64 1.1 0.96 15.87 16.83 NOTE
r-release-windows-ix86+x86_64 1.1 3.00 47.00 50.00 OK
r-release-osx-x86_64 1.1 OK
r-oldrel-windows-ix86+x86_64 1.1 3.00 52.00 55.00 OK
r-oldrel-osx-x86_64 1.1 OK

Check Details

Version: 1.1
Check: S3 generic/method consistency
Result: NOTE
    Found the following apparent S3 methods exported but not registered:
     print.extmod print.simpextmod
    See section ‘Registering S3 methods’ in the ‘Writing R Extensions’
    manual.
Flavors: r-devel-linux-x86_64-debian-clang, r-devel-linux-x86_64-debian-gcc, r-devel-linux-x86_64-fedora-clang, r-devel-linux-x86_64-fedora-gcc, r-patched-linux-x86_64, r-patched-solaris-x86, r-release-linux-x86_64