CRAN Package Check Results for Package sExtinct

Last updated on 2017-04-23 15:48:47.

Flavor Version Tinstall Tcheck Ttotal Status Flags
r-devel-linux-x86_64-debian-clang 1.1 0.84 15.35 16.19 NOTE
r-devel-linux-x86_64-debian-gcc 1.1 0.88 15.75 16.63 NOTE
r-devel-linux-x86_64-fedora-clang 1.1 29.41 NOTE --no-stop-on-test-error
r-devel-linux-x86_64-fedora-gcc 1.1 25.56 NOTE --no-stop-on-test-error
r-devel-windows-ix86+x86_64 1.1 4.00 46.00 50.00 OK
r-patched-linux-x86_64 1.1 0.84 15.98 16.83 NOTE
r-patched-solaris-sparc 1.1 155.60 NOTE
r-patched-solaris-x86 1.1 35.20 NOTE
r-release-linux-x86_64 1.1 0.80 15.52 16.33 NOTE
r-release-windows-ix86+x86_64 1.1 3.00 30.00 33.00 OK
r-release-osx-x86_64 1.1 OK
r-oldrel-windows-ix86+x86_64 1.1 2.00 29.00 31.00 OK
r-oldrel-osx-x86_64 1.1 OK

Check Details

Version: 1.1
Check: S3 generic/method consistency
Result: NOTE
    Found the following apparent S3 methods exported but not registered:
     print.extmod print.simpextmod
    See section ‘Registering S3 methods’ in the ‘Writing R Extensions’
    manual.
Flavors: r-devel-linux-x86_64-debian-clang, r-devel-linux-x86_64-debian-gcc, r-patched-linux-x86_64, r-patched-solaris-sparc, r-patched-solaris-x86, r-release-linux-x86_64

Version: 1.1
Flags: --no-stop-on-test-error
Check: S3 generic/method consistency
Result: NOTE
    Found the following apparent S3 methods exported but not registered:
     print.extmod print.simpextmod
    See section ‘Registering S3 methods’ in the ‘Writing R Extensions’
    manual.
Flavors: r-devel-linux-x86_64-fedora-clang, r-devel-linux-x86_64-fedora-gcc