CRAN Package Check Results for Package sGPCA

Last updated on 2014-07-24 14:48:49.

Flavor Version Tinstall Tcheck Ttotal Status Flags
r-devel-linux-x86_64-debian-clang 1.0 5.65 44.91 50.56 NOTE
r-devel-linux-x86_64-debian-gcc 1.0 5.44 43.42 48.86 NOTE
r-devel-linux-x86_64-fedora-clang 1.0 120.39 NOTE
r-devel-linux-x86_64-fedora-gcc 1.0 113.52 NOTE
r-devel-osx-x86_64-clang 1.0 92.24 NOTE
r-devel-windows-ix86+x86_64 1.0 18.00 85.00 103.00 NOTE
r-patched-linux-x86_64 1.0 5.52 44.06 49.58 NOTE
r-patched-solaris-sparc 1.0 632.80 NOTE
r-patched-solaris-x86 1.0 149.50 NOTE
r-release-linux-ix86 1.0 6.59 55.29 61.88 NOTE
r-release-linux-x86_64 1.0 5.36 45.57 50.93 NOTE
r-release-osx-x86_64-mavericks 1.0 NOTE
r-release-osx-x86_64-snowleopard 1.0 NOTE
r-release-windows-ix86+x86_64 1.0 18.00 81.00 99.00 NOTE
r-oldrel-windows-ix86+x86_64 1.0 19.00 77.00 96.00 NOTE

Check Details

Version: 1.0
Check: DESCRIPTION meta-information
Result: NOTE
    Deprecated license: BSD
Flavors: r-devel-linux-x86_64-debian-clang, r-devel-linux-x86_64-debian-gcc, r-devel-linux-x86_64-fedora-clang, r-devel-linux-x86_64-fedora-gcc, r-devel-osx-x86_64-clang, r-patched-linux-x86_64, r-patched-solaris-sparc, r-patched-solaris-x86, r-release-linux-ix86, r-release-linux-x86_64, r-release-osx-x86_64-mavericks, r-release-osx-x86_64-snowleopard

Version: 1.0
Check: dependencies in R code
Result: NOTE
    Packages in Depends field not imported from:
     ‘Matrix’ ‘fields’
     These packages need to be imported from (in the NAMESPACE file)
     for when this namespace is loaded but not attached.
    See the information on DESCRIPTION files in the chapter ‘Creating R
    packages’ of the ‘Writing R Extensions’ manual.
Flavors: r-devel-linux-x86_64-debian-clang, r-devel-linux-x86_64-debian-gcc, r-devel-linux-x86_64-fedora-clang, r-devel-linux-x86_64-fedora-gcc, r-devel-osx-x86_64-clang, r-devel-windows-ix86+x86_64, r-patched-linux-x86_64, r-patched-solaris-sparc, r-patched-solaris-x86, r-release-linux-ix86, r-release-linux-x86_64, r-release-osx-x86_64-mavericks, r-release-windows-ix86+x86_64, r-oldrel-windows-ix86+x86_64