CRAN Package Check Results for Package sGPCA

Last updated on 2016-02-07 03:50:50.

Flavor Version Tinstall Tcheck Ttotal Status Flags
r-devel-linux-x86_64-debian-gcc 1.0 4.30 30.74 35.04 NOTE
r-devel-linux-x86_64-fedora-clang 1.0 73.27 NOTE
r-devel-linux-x86_64-fedora-gcc 1.0 69.48 NOTE
r-devel-osx-x86_64-clang 1.0 77.28 NOTE
r-devel-windows-ix86+x86_64 1.0 16.00 85.00 101.00 NOTE
r-patched-linux-x86_64 1.0 4.64 35.06 39.70 NOTE
r-patched-solaris-sparc 1.0 469.90 NOTE
r-patched-solaris-x86 1.0 98.50 NOTE
r-release-linux-x86_64 1.0 4.67 35.24 39.91 NOTE
r-release-osx-x86_64-mavericks 1.0 NOTE
r-release-windows-ix86+x86_64 1.0 18.00 75.00 93.00 NOTE
r-oldrel-windows-ix86+x86_64 1.0 27.00 108.00 135.00 NOTE

Check Details

Version: 1.0
Check: DESCRIPTION meta-information
Result: NOTE
    Malformed Description field: should contain one or more complete sentences.
    Deprecated license: BSD
Flavors: r-devel-linux-x86_64-debian-gcc, r-devel-linux-x86_64-fedora-clang, r-devel-linux-x86_64-fedora-gcc, r-devel-osx-x86_64-clang, r-patched-linux-x86_64, r-patched-solaris-sparc, r-patched-solaris-x86, r-release-linux-x86_64, r-release-osx-x86_64-mavericks

Version: 1.0
Check: dependencies in R code
Result: NOTE
    Packages in Depends field not imported from:
     ‘Matrix’ ‘fields’
     These packages need to be imported from (in the NAMESPACE file)
     for when this namespace is loaded but not attached.
Flavors: r-devel-linux-x86_64-debian-gcc, r-devel-linux-x86_64-fedora-clang, r-devel-linux-x86_64-fedora-gcc, r-devel-osx-x86_64-clang, r-devel-windows-ix86+x86_64, r-patched-linux-x86_64, r-patched-solaris-sparc, r-patched-solaris-x86, r-release-linux-x86_64, r-release-osx-x86_64-mavericks, r-release-windows-ix86+x86_64, r-oldrel-windows-ix86+x86_64

Version: 1.0
Check: R code for possible problems
Result: NOTE
    distLaplacian: no visible global function definition for ‘sparseMatrix’
    gmdDeflation: no visible global function definition for ‘rnorm’
    laplacian: no visible global function definition for ‘sparseMatrix’
    Undefined global functions or variables:
     rnorm sparseMatrix
    Consider adding
     importFrom("stats", "rnorm")
    to your NAMESPACE file.
Flavors: r-devel-linux-x86_64-debian-gcc, r-devel-linux-x86_64-fedora-clang, r-devel-linux-x86_64-fedora-gcc, r-devel-osx-x86_64-clang, r-devel-windows-ix86+x86_64

Version: 1.0
Check: DESCRIPTION meta-information
Result: NOTE
    Malformed Description field: should contain one or more complete sentences.
Flavors: r-devel-windows-ix86+x86_64, r-release-windows-ix86+x86_64

Version: 1.0
Check: R code for possible problems
Result: NOTE
    distLaplacian: no visible global function definition for ‘sparseMatrix’
    laplacian: no visible global function definition for ‘sparseMatrix’
Flavors: r-patched-linux-x86_64, r-patched-solaris-sparc, r-patched-solaris-x86, r-release-linux-x86_64, r-release-osx-x86_64-mavericks, r-release-windows-ix86+x86_64, r-oldrel-windows-ix86+x86_64