CRAN Package Check Results for Package sGPCA

Last updated on 2014-09-01 19:46:35.

Flavor Version Tinstall Tcheck Ttotal Status Flags
r-devel-linux-x86_64-debian-clang 1.0 5.18 42.62 47.80 NOTE
r-devel-linux-x86_64-debian-gcc 1.0 5.40 41.03 46.43 NOTE
r-devel-linux-x86_64-fedora-clang 1.0 111.40 NOTE
r-devel-linux-x86_64-fedora-gcc 1.0 105.61 NOTE
r-devel-osx-x86_64-clang 1.0 85.62 NOTE
r-devel-windows-ix86+x86_64 1.0 20.00 83.00 103.00 NOTE
r-patched-linux-x86_64 1.0 5.48 45.11 50.60 NOTE
r-patched-solaris-sparc 1.0 642.10 NOTE
r-patched-solaris-x86 1.0 147.30 NOTE
r-release-linux-ix86 1.0 6.72 55.46 62.18 NOTE
r-release-linux-x86_64 1.0 5.84 44.57 50.41 NOTE
r-release-osx-x86_64-mavericks 1.0 NOTE
r-release-osx-x86_64-snowleopard 1.0 NOTE
r-release-windows-ix86+x86_64 1.0 19.00 125.00 144.00 NOTE
r-oldrel-windows-ix86+x86_64 1.0 19.00 74.00 93.00 NOTE

Check Details

Version: 1.0
Check: DESCRIPTION meta-information
Result: NOTE
    Deprecated license: BSD
Flavors: r-devel-linux-x86_64-debian-clang, r-devel-linux-x86_64-debian-gcc, r-devel-linux-x86_64-fedora-clang, r-devel-linux-x86_64-fedora-gcc, r-devel-osx-x86_64-clang, r-patched-linux-x86_64, r-patched-solaris-sparc, r-patched-solaris-x86, r-release-linux-ix86, r-release-linux-x86_64, r-release-osx-x86_64-mavericks, r-release-osx-x86_64-snowleopard

Version: 1.0
Check: dependencies in R code
Result: NOTE
    Packages in Depends field not imported from:
     ‘Matrix’ ‘fields’
     These packages need to be imported from (in the NAMESPACE file)
     for when this namespace is loaded but not attached.
    See the information on DESCRIPTION files in the chapter ‘Creating R
    packages’ of the ‘Writing R Extensions’ manual.
Flavors: r-devel-linux-x86_64-debian-clang, r-devel-linux-x86_64-debian-gcc, r-devel-linux-x86_64-fedora-clang, r-devel-linux-x86_64-fedora-gcc, r-devel-osx-x86_64-clang, r-devel-windows-ix86+x86_64, r-patched-linux-x86_64, r-patched-solaris-sparc, r-patched-solaris-x86, r-release-linux-ix86, r-release-linux-x86_64, r-release-osx-x86_64-mavericks, r-release-windows-ix86+x86_64, r-oldrel-windows-ix86+x86_64

Version: 1.0
Check: R code for possible problems
Result: NOTE
    distLaplacian: no visible global function definition for ‘sparseMatrix’
    laplacian: no visible global function definition for ‘sparseMatrix’
Flavors: r-devel-linux-x86_64-debian-clang, r-devel-linux-x86_64-debian-gcc, r-devel-linux-x86_64-fedora-clang, r-devel-linux-x86_64-fedora-gcc, r-devel-osx-x86_64-clang, r-devel-windows-ix86+x86_64