CRAN Package Check Results for Package sGPCA

Last updated on 2016-06-24 23:47:46.

Flavor Version Tinstall Tcheck Ttotal Status Flags
r-devel-linux-x86_64-debian-gcc 1.0 4.41 32.54 36.95 NOTE
r-devel-linux-x86_64-fedora-clang 1.0 72.48 NOTE
r-devel-linux-x86_64-fedora-gcc 1.0 67.47 NOTE
r-devel-osx-x86_64-clang 1.0 57.54 NOTE
r-devel-windows-ix86+x86_64 1.0 23.00 87.00 110.00 NOTE
r-patched-linux-x86_64 1.0 4.42 32.43 36.85 NOTE
r-patched-solaris-x86 1.0 94.00 NOTE
r-release-linux-x86_64 1.0 4.53 32.72 37.25 NOTE
r-release-osx-x86_64-mavericks 1.0 NOTE
r-release-windows-ix86+x86_64 1.0 26.00 75.00 101.00 NOTE
r-oldrel-windows-ix86+x86_64 1.0 26.00 102.00 128.00 NOTE

Check Details

Version: 1.0
Check: DESCRIPTION meta-information
Result: NOTE
    Malformed Description field: should contain one or more complete sentences.
    Deprecated license: BSD
Flavors: r-devel-linux-x86_64-debian-gcc, r-devel-linux-x86_64-fedora-clang, r-devel-linux-x86_64-fedora-gcc, r-devel-osx-x86_64-clang, r-patched-linux-x86_64, r-patched-solaris-sparc, r-patched-solaris-x86, r-release-linux-x86_64, r-release-osx-x86_64-mavericks

Version: 1.0
Check: dependencies in R code
Result: NOTE
    Packages in Depends field not imported from:
     ‘Matrix’ ‘fields’
     These packages need to be imported from (in the NAMESPACE file)
     for when this namespace is loaded but not attached.
Flavors: r-devel-linux-x86_64-debian-gcc, r-devel-linux-x86_64-fedora-clang, r-devel-linux-x86_64-fedora-gcc, r-devel-osx-x86_64-clang, r-devel-windows-ix86+x86_64, r-patched-linux-x86_64, r-patched-solaris-sparc, r-patched-solaris-x86, r-release-linux-x86_64, r-release-osx-x86_64-mavericks, r-release-windows-ix86+x86_64, r-oldrel-windows-ix86+x86_64

Version: 1.0
Check: R code for possible problems
Result: NOTE
    distLaplacian: no visible global function definition for ‘sparseMatrix’
    gmdDeflation: no visible global function definition for ‘rnorm’
    laplacian: no visible global function definition for ‘sparseMatrix’
    Undefined global functions or variables:
     rnorm sparseMatrix
    Consider adding
     importFrom("stats", "rnorm")
    to your NAMESPACE file.
Flavors: r-devel-linux-x86_64-debian-gcc, r-devel-linux-x86_64-fedora-clang, r-devel-linux-x86_64-fedora-gcc, r-devel-osx-x86_64-clang, r-devel-windows-ix86+x86_64, r-patched-linux-x86_64, r-patched-solaris-sparc, r-patched-solaris-x86, r-release-linux-x86_64, r-release-osx-x86_64-mavericks, r-release-windows-ix86+x86_64

Version: 1.0
Check: DESCRIPTION meta-information
Result: NOTE
    Malformed Description field: should contain one or more complete sentences.
Flavors: r-devel-windows-ix86+x86_64, r-release-windows-ix86+x86_64, r-oldrel-windows-ix86+x86_64

Version: 1.0
Check: R code for possible problems
Result: NOTE
    distLaplacian: no visible global function definition for 'sparseMatrix'
    laplacian: no visible global function definition for 'sparseMatrix'
Flavor: r-oldrel-windows-ix86+x86_64