CRAN Package Check Results for Package sRDA

Last updated on 2022-01-23 12:05:26 CET.

Flavor Version Tinstall Tcheck Ttotal Status Flags
r-devel-linux-x86_64-debian-clang 1.0.0 7.29 70.21 77.50 NOTE
r-devel-linux-x86_64-debian-gcc 1.0.0 6.48 62.68 69.16 NOTE
r-devel-linux-x86_64-fedora-clang 1.0.0 97.62 NOTE
r-devel-linux-x86_64-fedora-gcc 1.0.0 84.94 NOTE
r-devel-windows-x86_64-new-UL 1.0.0 20.00 91.00 111.00 NOTE
r-devel-windows-x86_64-new-TK 1.0.0 NOTE
r-patched-linux-x86_64 1.0.0 7.59 68.84 76.43 NOTE
r-release-linux-x86_64 1.0.0 6.64 68.19 74.83 NOTE
r-release-macos-arm64 1.0.0 NOTE
r-release-macos-x86_64 1.0.0 NOTE
r-release-windows-ix86+x86_64 1.0.0 17.00 83.00 100.00 NOTE
r-oldrel-macos-x86_64 1.0.0 OK
r-oldrel-windows-ix86+x86_64 1.0.0 17.00 81.00 98.00 OK

Check Details

Version: 1.0.0
Check: LazyData
Result: NOTE
     'LazyData' is specified without a 'data' directory
Flavors: r-devel-linux-x86_64-debian-clang, r-devel-linux-x86_64-debian-gcc, r-devel-linux-x86_64-fedora-clang, r-devel-linux-x86_64-fedora-gcc, r-devel-windows-x86_64-new-UL, r-devel-windows-x86_64-new-TK, r-patched-linux-x86_64, r-release-linux-x86_64, r-release-macos-arm64, r-release-macos-x86_64, r-release-windows-ix86+x86_64