CRAN Package Check Results for Package sSDR

Last updated on 2021-12-06 14:54:07 CET.

Flavor Version Tinstall Tcheck Ttotal Status Flags
r-devel-linux-x86_64-debian-clang 1.2.0 6.59 67.91 74.50 NOTE
r-devel-linux-x86_64-debian-gcc 1.2.0 6.02 51.59 57.61 NOTE
r-devel-linux-x86_64-fedora-clang 1.2.0 90.27 NOTE
r-devel-linux-x86_64-fedora-gcc 1.2.0 78.85 NOTE
r-devel-windows-x86_64-new-UL 1.2.0 12.00 94.00 106.00 NOTE
r-devel-windows-x86_64-new-TK 1.2.0 NOTE
r-devel-windows-x86_64-old 1.2.0 11.00 56.00 67.00 NOTE
r-patched-linux-x86_64 1.2.0 6.75 57.49 64.24 NOTE
r-release-linux-x86_64 1.2.0 7.47 64.33 71.80 NOTE
r-release-macos-arm64 1.2.0 NOTE
r-release-macos-x86_64 1.2.0 NOTE
r-release-windows-ix86+x86_64 1.2.0 16.00 82.00 98.00 NOTE
r-oldrel-macos-x86_64 1.2.0 OK
r-oldrel-windows-ix86+x86_64 1.2.0 16.00 80.00 96.00 OK

Check Details

Version: 1.2.0
Check: LazyData
Result: NOTE
     'LazyData' is specified without a 'data' directory
Flavors: r-devel-linux-x86_64-debian-clang, r-devel-linux-x86_64-debian-gcc, r-devel-linux-x86_64-fedora-clang, r-devel-linux-x86_64-fedora-gcc, r-devel-windows-x86_64-new-UL, r-devel-windows-x86_64-new-TK, r-devel-windows-x86_64-old, r-patched-linux-x86_64, r-release-linux-x86_64, r-release-macos-arm64, r-release-macos-x86_64, r-release-windows-ix86+x86_64