CRAN Package Check Results for Package sae

Last updated on 2015-07-06 11:48:23.

Flavor Version Tinstall Tcheck Ttotal Status Flags
r-devel-linux-x86_64-debian-clang 1.0-5 1.39 53.56 54.96 NOTE
r-devel-linux-x86_64-debian-gcc 1.0-5 1.40 53.48 54.88 NOTE
r-devel-linux-x86_64-fedora-clang 1.0-5 110.31 NOTE
r-devel-linux-x86_64-fedora-gcc 1.0-5 106.22 NOTE
r-devel-osx-x86_64-clang 1.0-5 83.89 OK
r-devel-windows-ix86+x86_64 1.0-5 9.00 83.00 92.00 NOTE
r-patched-linux-x86_64 1.0-5 1.57 53.18 54.75 OK
r-patched-solaris-sparc 1.0-5 887.10 OK
r-patched-solaris-x86 1.0-5 137.30 OK
r-release-linux-x86_64 1.0-5 1.39 53.96 55.34 OK
r-release-osx-x86_64-mavericks 1.0-5 OK
r-release-windows-ix86+x86_64 1.0-5 7.00 114.00 121.00 OK
r-oldrel-windows-ix86+x86_64 1.0-5 6.00 96.00 102.00 OK

Check Details

Version: 1.0-5
Check: R code for possible problems
Result: NOTE
    direct: no visible global function definition for ‘var’
    ebBHF: no visible global function definition for ‘model.frame’
    ebBHF: no visible binding for global variable ‘na.pass’
    ebBHF: no visible binding for global variable ‘na.omit’
    ebBHF: no visible global function definition for ‘model.matrix’
    ebBHF: no visible global function definition for ‘na.action’
    ebBHF: no visible global function definition for ‘rnorm’
    eblupBHF: no visible global function definition for ‘model.frame’
    eblupBHF: no visible binding for global variable ‘na.pass’
    eblupBHF: no visible binding for global variable ‘na.omit’
    eblupBHF: no visible global function definition for ‘model.matrix’
    eblupBHF: no visible global function definition for ‘na.action’
    eblupFH: no visible global function definition for ‘model.frame’
    eblupFH: no visible binding for global variable ‘na.omit’
    eblupFH: no visible global function definition for ‘model.matrix’
    eblupFH: no visible global function definition for ‘na.action’
    eblupFH: no visible global function definition for ‘median’
    eblupFH: no visible global function definition for ‘pnorm’
    eblupSFH: no visible global function definition for ‘model.frame’
    eblupSFH: no visible binding for global variable ‘na.omit’
    eblupSFH: no visible global function definition for ‘model.matrix’
    eblupSFH: no visible global function definition for ‘na.action’
    eblupSFH: no visible global function definition for ‘median’
    eblupSFH: no visible global function definition for ‘pnorm’
    eblupSTFH: no visible global function definition for ‘model.frame’
    eblupSTFH: no visible binding for global variable ‘na.omit’
    eblupSTFH: no visible global function definition for ‘model.matrix’
    eblupSTFH: no visible global function definition for ‘na.action’
    eblupSTFH: no visible global function definition for ‘median’
    eblupSTFH: no visible global function definition for ‘pnorm’
    mseFH: no visible global function definition for ‘model.frame’
    mseFH: no visible binding for global variable ‘na.omit’
    mseFH: no visible global function definition for ‘model.matrix’
    mseFH: no visible global function definition for ‘na.action’
    mseSFH: no visible global function definition for ‘model.frame’
    mseSFH: no visible binding for global variable ‘na.omit’
    mseSFH: no visible global function definition for ‘model.matrix’
    mseSFH: no visible global function definition for ‘na.action’
    npbmseSFH: no visible global function definition for ‘model.frame’
    npbmseSFH: no visible binding for global variable ‘na.omit’
    npbmseSFH: no visible global function definition for ‘model.matrix’
    npbmseSFH: no visible global function definition for ‘na.action’
    pbmseBHF: no visible global function definition for ‘model.frame’
    pbmseBHF: no visible binding for global variable ‘na.pass’
    pbmseBHF: no visible binding for global variable ‘na.omit’
    pbmseBHF: no visible global function definition for ‘model.matrix’
    pbmseBHF: no visible global function definition for ‘na.action’
    pbmseBHF: no visible global function definition for ‘rnorm’
    pbmseSFH: no visible global function definition for ‘model.frame’
    pbmseSFH: no visible binding for global variable ‘na.omit’
    pbmseSFH: no visible global function definition for ‘model.matrix’
    pbmseSFH: no visible global function definition for ‘na.action’
    pbmseSFH: no visible global function definition for ‘rnorm’
    pbmseSTFH: no visible global function definition for ‘model.frame’
    pbmseSTFH: no visible binding for global variable ‘na.omit’
    pbmseSTFH: no visible global function definition for ‘model.matrix’
    pbmseSTFH: no visible global function definition for ‘na.action’
    pbmseSTFH: no visible global function definition for ‘rnorm’
    pbmseebBHF: no visible global function definition for ‘model.frame’
    pbmseebBHF: no visible binding for global variable ‘na.pass’
    pbmseebBHF: no visible binding for global variable ‘na.omit’
    pbmseebBHF: no visible global function definition for ‘model.matrix’
    pbmseebBHF: no visible global function definition for ‘na.action’
    pbmseebBHF: no visible global function definition for ‘rnorm’
    Undefined global functions or variables:
     median model.frame model.matrix na.action na.omit na.pass pnorm rnorm
     var
Flavors: r-devel-linux-x86_64-debian-clang, r-devel-linux-x86_64-debian-gcc, r-devel-linux-x86_64-fedora-clang, r-devel-linux-x86_64-fedora-gcc, r-devel-windows-ix86+x86_64