CRAN Package Check Results for Package sae

Last updated on 2014-04-24 11:48:55.

Flavor Version Tinstall Tcheck Ttotal Status Flags
r-devel-linux-x86_64-debian-clang 1.0-2 1.64 57.36 59.00 OK
r-devel-linux-x86_64-debian-gcc 1.0-2 1.60 56.82 58.43 OK
r-devel-linux-x86_64-fedora-clang 1.0-2 114.47 OK
r-devel-linux-x86_64-fedora-gcc 1.0-2 110.01 OK
r-devel-osx-x86_64-clang 1.0-2 100.56 OK
r-devel-osx-x86_64-gcc 1.0-2 OK
r-devel-windows-ix86+x86_64 1.0-2 5.00 73.00 78.00 OK
r-patched-linux-x86_64 1.0-2 1.61 57.12 58.73 OK
r-patched-solaris-sparc 1.0-2 836.80 OK
r-patched-solaris-x86 1.0-2 140.80 OK
r-release-linux-ix86 1.0-2 3.00 96.00 99.00 OK
r-release-linux-x86_64 1.0-2 1.60 56.97 58.57 OK
r-release-osx-x86_64-mavericks 1.0-2 WARN
r-release-osx-x86_64-snowleopard 1.0-2 OK
r-release-windows-ix86+x86_64 1.0-2 5.00 71.00 76.00 OK
r-oldrel-windows-ix86+x86_64 1.0-2 5.00 79.00 84.00 OK

Check Details

Version: 1.0-2
Check: PDF version of manual
Result: WARNING
    LaTeX errors when creating PDF version.
    This typically indicates Rd problems.
    LaTeX errors found:
    ! LaTeX Error: File `upquote.sty' not found.
    
    Type X to quit or <RETURN> to proceed,
    or enter new name. (Default extension: sty)
    
    d7b2aa3/Rd2.tex:8: ==> Fatal error occurred, no output PDF file produced!
Flavor: r-release-osx-x86_64-mavericks