CRAN Package Check Results for Package saeMSPE

Last updated on 2022-12-05 11:51:51 CET.

Flavor Version Tinstall Tcheck Ttotal Status Flags
r-devel-linux-x86_64-debian-clang 1.2 66.07 75.82 141.89 OK
r-devel-linux-x86_64-debian-gcc 1.2 51.02 59.21 110.23 OK
r-devel-linux-x86_64-fedora-clang 1.2 193.12 OK
r-devel-linux-x86_64-fedora-gcc 1.2 187.71 OK
r-devel-windows-x86_64 1.2 56.00 127.00 183.00 OK
r-patched-linux-x86_64 1.2 55.97 73.66 129.63 OK
r-release-linux-x86_64 1.2 54.46 74.08 128.54 OK
r-release-macos-arm64 1.2 50.00 NOTE
r-release-macos-x86_64 1.2 64.00 NOTE
r-release-windows-x86_64 1.2 63.00 131.00 194.00 OK
r-oldrel-macos-arm64 1.2 52.00 NOTE
r-oldrel-macos-x86_64 1.2 65.00 NOTE
r-oldrel-windows-ix86+x86_64 1.2 136.00 136.00 272.00 OK

Check Details

Version: 1.2
Check: installed package size
Result: NOTE
     installed size is 7.2Mb
     sub-directories of 1Mb or more:
     libs 6.9Mb
Flavors: r-release-macos-arm64, r-release-macos-x86_64, r-oldrel-macos-arm64, r-oldrel-macos-x86_64