CRAN Package Check Results for Package safeBinaryRegression

Last updated on 2019-11-13 12:47:09 CET.

Flavor Version Tinstall Tcheck Ttotal Status Flags
r-devel-linux-x86_64-debian-clang 0.1-3 2.02 17.54 19.56 NOTE
r-devel-linux-x86_64-debian-gcc 0.1-3 1.50 14.12 15.62 NOTE
r-devel-linux-x86_64-fedora-clang 0.1-3 24.47 NOTE
r-devel-linux-x86_64-fedora-gcc 0.1-3 23.91 NOTE
r-devel-windows-ix86+x86_64 0.1-3 4.00 31.00 35.00 NOTE
r-patched-linux-x86_64 0.1-3 1.47 17.24 18.71 NOTE
r-patched-solaris-x86 0.1-3 37.80 NOTE
r-release-linux-x86_64 0.1-3 1.60 17.03 18.63 NOTE
r-release-windows-ix86+x86_64 0.1-3 35.00 48.00 83.00 NOTE
r-release-osx-x86_64 0.1-3 NOTE
r-oldrel-windows-ix86+x86_64 0.1-3 3.00 40.00 43.00 NOTE
r-oldrel-osx-x86_64 0.1-3 NOTE

Check Details

Version: 0.1-3
Check: dependencies in R code
Result: NOTE
    Package in Depends field not imported from: 'lpSolveAPI'
     These packages need to be imported from (in the NAMESPACE file)
     for when this namespace is loaded but not attached.
Flavors: r-devel-linux-x86_64-debian-clang, r-devel-linux-x86_64-debian-gcc, r-devel-linux-x86_64-fedora-clang, r-devel-linux-x86_64-fedora-gcc, r-devel-windows-ix86+x86_64, r-patched-linux-x86_64, r-patched-solaris-x86, r-release-linux-x86_64, r-release-windows-ix86+x86_64, r-release-osx-x86_64, r-oldrel-windows-ix86+x86_64, r-oldrel-osx-x86_64

Version: 0.1-3
Check: R code for possible problems
Result: NOTE
    glm: no visible binding for global variable 'gaussian'
    glm: no visible global function definition for 'glm.control'
    glm: no visible global function definition for 'model.response'
    glm: no visible global function definition for 'is.empty.model'
    glm: no visible global function definition for 'model.matrix'
    glm: no visible global function definition for 'model.weights'
    glm: no visible global function definition for 'model.offset'
    glm: no visible global function definition for 'model.extract'
    glm: no visible global function definition for 'glm.fit'
    glm: no visible global function definition for '.getXlevels'
    separator: no visible global function definition for 'make.lp'
    separator: no visible global function definition for 'set.column'
    separator: no visible global function definition for 'set.rhs'
    separator: no visible global function definition for 'set.constr.type'
    separator: no visible global function definition for 'set.objfn'
    separator: no visible global function definition for 'set.bounds'
    separator: no visible global function definition for 'lp.control'
    separator: no visible global function definition for 'get.variables'
    separator: no visible global function definition for 'set.basis'
    separator: no visible global function definition for
     'get.dual.solution'
    Undefined global functions or variables:
     .getXlevels gaussian get.dual.solution get.variables glm.control
     glm.fit is.empty.model lp.control make.lp model.extract model.matrix
     model.offset model.response model.weights set.basis set.bounds
     set.column set.constr.type set.objfn set.rhs
    Consider adding
     importFrom("stats", ".getXlevels", "gaussian", "glm.control",
     "glm.fit", "is.empty.model", "model.extract",
     "model.matrix", "model.offset", "model.response",
     "model.weights")
    to your NAMESPACE file.
Flavors: r-devel-linux-x86_64-debian-clang, r-devel-linux-x86_64-debian-gcc, r-devel-linux-x86_64-fedora-clang, r-devel-linux-x86_64-fedora-gcc, r-devel-windows-ix86+x86_64, r-patched-linux-x86_64, r-patched-solaris-x86, r-release-linux-x86_64, r-release-windows-ix86+x86_64, r-release-osx-x86_64, r-oldrel-windows-ix86+x86_64, r-oldrel-osx-x86_64