CRAN Package Check Results for Package safedata

Last updated on 2024-02-28 05:59:18 CET.

Flavor Version Tinstall Tcheck Ttotal Status Flags
r-devel-linux-x86_64-debian-clang 1.1.3 4.40 65.83 70.23 NOTE
r-devel-linux-x86_64-debian-gcc 1.1.3 3.57 48.27 51.84 NOTE
r-devel-linux-x86_64-fedora-clang 1.1.3 84.52 NOTE
r-devel-linux-x86_64-fedora-gcc 1.1.3 94.70 NOTE
r-devel-windows-x86_64 1.1.3 6.00 105.00 111.00 NOTE
r-patched-linux-x86_64 1.1.3 3.32 63.25 66.57 OK
r-release-linux-x86_64 1.1.3 2.80 63.09 65.89 OK
r-release-macos-arm64 1.1.3 42.00 OK
r-release-macos-x86_64 1.1.3 91.00 OK
r-release-windows-x86_64 1.1.3 7.00 87.00 94.00 OK
r-oldrel-macos-arm64 1.1.3 37.00 OK
r-oldrel-windows-x86_64 1.1.3 8.00 85.00 93.00 OK

Check Details

Version: 1.1.3
Check: Rd \usage sections
Result: NOTE Documented arguments not in \usage in Rd file 'file_status.Rd': ‘A’ Functions with \usage entries need to have the appropriate \alias entries, and all their arguments documented. The \usage entries must correspond to syntactically valid R code. See chapter ‘Writing R documentation files’ in the ‘Writing R Extensions’ manual. Flavors: r-devel-linux-x86_64-debian-clang, r-devel-linux-x86_64-debian-gcc, r-devel-linux-x86_64-fedora-clang, r-devel-linux-x86_64-fedora-gcc, r-devel-windows-x86_64