CRAN Package Check Results for Package sambia

Last updated on 2021-12-03 07:50:33 CET.

Flavor Version Tinstall Tcheck Ttotal Status Flags
r-devel-linux-x86_64-debian-clang 0.1.0 8.75 94.99 103.74 NOTE
r-devel-linux-x86_64-debian-gcc 0.1.0 6.71 71.22 77.93 NOTE
r-devel-linux-x86_64-fedora-clang 0.1.0 134.68 NOTE
r-devel-linux-x86_64-fedora-gcc 0.1.0 120.46 NOTE
r-devel-windows-x86_64-new-UL 0.1.0 16.00 137.00 153.00 NOTE
r-devel-windows-x86_64-new-TK 0.1.0 NOTE
r-devel-windows-x86_64-old 0.1.0 16.00 84.00 100.00 NOTE
r-patched-linux-x86_64 0.1.0 8.29 88.92 97.21 NOTE
r-patched-solaris-x86 0.1.0 175.60 NOTE
r-release-linux-x86_64 0.1.0 9.24 88.89 98.13 NOTE
r-release-macos-arm64 0.1.0 NOTE
r-release-macos-x86_64 0.1.0 NOTE
r-release-windows-ix86+x86_64 0.1.0 22.00 119.00 141.00 NOTE
r-oldrel-macos-x86_64 0.1.0 OK
r-oldrel-windows-ix86+x86_64 0.1.0 23.00 115.00 138.00 OK

Check Details

Version: 0.1.0
Check: LazyData
Result: NOTE
     'LazyData' is specified without a 'data' directory
Flavors: r-devel-linux-x86_64-debian-clang, r-devel-linux-x86_64-debian-gcc, r-devel-linux-x86_64-fedora-clang, r-devel-linux-x86_64-fedora-gcc, r-devel-windows-x86_64-new-UL, r-devel-windows-x86_64-new-TK, r-devel-windows-x86_64-old, r-patched-linux-x86_64, r-patched-solaris-x86, r-release-linux-x86_64, r-release-macos-arm64, r-release-macos-x86_64, r-release-windows-ix86+x86_64