CRAN Package Check Results for Package sampleSelection

Last updated on 2015-08-04 19:50:48.

Flavor Version Tinstall Tcheck Ttotal Status Flags
r-devel-linux-x86_64-debian-clang 1.0-2 4.74 150.76 155.49 NOTE
r-devel-linux-x86_64-debian-gcc 1.0-2 4.54 146.79 151.33 NOTE
r-devel-linux-x86_64-fedora-clang 1.0-2 314.82 NOTE
r-devel-linux-x86_64-fedora-gcc 1.0-2 296.07 NOTE
r-devel-osx-x86_64-clang 1.0-2 248.98 NOTE
r-devel-windows-ix86+x86_64 1.0-2 19.00 243.00 262.00 NOTE
r-patched-linux-x86_64 1.0-2 4.58 150.88 155.46 NOTE
r-patched-solaris-sparc 1.0-2 1933.40 NOTE
r-patched-solaris-x86 1.0-2 369.20 NOTE
r-release-linux-x86_64 1.0-2 4.42 155.88 160.29 NOTE
r-release-osx-x86_64-mavericks 1.0-2 NOTE
r-release-windows-ix86+x86_64 1.0-2 19.00 343.00 362.00 NOTE
r-oldrel-windows-ix86+x86_64 1.0-2 22.00 300.00 322.00 NOTE

Check Details

Version: 1.0-2
Check: DESCRIPTION meta-information
Result: NOTE
    Malformed Description field: should contain one or more complete sentences.
Flavors: r-devel-linux-x86_64-debian-clang, r-devel-linux-x86_64-debian-gcc, r-devel-linux-x86_64-fedora-clang, r-devel-linux-x86_64-fedora-gcc, r-devel-osx-x86_64-clang, r-devel-windows-ix86+x86_64, r-patched-linux-x86_64, r-patched-solaris-sparc, r-patched-solaris-x86, r-release-linux-x86_64, r-release-osx-x86_64-mavericks, r-release-windows-ix86+x86_64

Version: 1.0-2
Check: dependencies in R code
Result: NOTE
    'library' or 'require' calls in package code:
     ‘VGAM’ ‘mvtnorm’
     Please use :: or requireNamespace() instead.
     See section 'Suggested packages' in the 'Writing R Extensions' manual.
Flavors: r-devel-linux-x86_64-debian-clang, r-devel-linux-x86_64-debian-gcc, r-devel-linux-x86_64-fedora-clang, r-devel-linux-x86_64-fedora-gcc, r-devel-osx-x86_64-clang, r-devel-windows-ix86+x86_64, r-patched-linux-x86_64, r-patched-solaris-sparc, r-patched-solaris-x86, r-release-linux-x86_64, r-release-osx-x86_64-mavericks, r-release-windows-ix86+x86_64, r-oldrel-windows-ix86+x86_64

Version: 1.0-2
Check: R code for possible problems
Result: NOTE
    binaryChoice: no visible global function definition for
     ‘model.response’
    binaryChoice: no visible global function definition for ‘model.matrix’
    binaryChoice: no visible binding for global variable ‘contrasts’
    binaryChoice: no visible global function definition for ‘logLik’
    fitted.probit: no visible global function definition for ‘pnorm’
    fitted.probit: no visible global function definition for ‘model.matrix’
    fitted.selection: no visible global function definition for ‘fitted’
    fitted.selection: no visible global function definition for
     ‘model.frame’
    fitted.selection: no visible global function definition for
     ‘model.matrix’
    fitted.selection: no visible global function definition for ‘pnorm’
    fitted.selection: no visible global function definition for ‘coef’
    heckit2fit: no visible binding for global variable ‘na.pass’
    heckit2fit: no visible global function definition for ‘model.matrix’
    heckit2fit: no visible global function definition for ‘model.response’
    heckit2fit: no visible global function definition for ‘lm’
    heckit2fit: no visible global function definition for ‘residuals’
    heckit2fit: no visible global function definition for ‘coef’
    heckit2fit: no visible global function definition for ‘as.formula’
    heckit2fit: no visible global function definition for ‘vcov’
    heckit5fit: no visible binding for global variable ‘na.pass’
    heckit5fit: no visible global function definition for ‘model.matrix’
    heckit5fit: no visible global function definition for ‘model.response’
    heckit5fit: no visible global function definition for ‘coef’
    heckit5fit: no visible global function definition for ‘dnorm’
    heckit5fit: no visible global function definition for ‘pnorm’
    heckit5fit: no visible global function definition for ‘lm’
    heckit5fit: no visible global function definition for ‘tail’
    heckit5fit: no visible global function definition for ‘vcov’
    invMillsRatio: no visible global function definition for ‘model.frame’
    invMillsRatio: no visible global function definition for ‘dnorm’
    invMillsRatio: no visible global function definition for ‘pnorm’
    invMillsRatio: no visible global function definition for ‘model.matrix’
    invMillsRatio: no visible global function definition for ‘rhobit’
    invMillsRatio: no visible global function definition for ‘pmvnorm’
    linearPredictors.probit: no visible global function definition for
     ‘naresid’
    linearPredictors.probit: no visible global function definition for
     ‘na.action’
    linearPredictors.probit: no visible global function definition for
     ‘model.matrix’
    logLik.probit: no visible global function definition for ‘logLik’
    logLik.selection: no visible global function definition for ‘logLik’
    model.frame.selection: no visible global function definition for
     ‘model.frame’
    model.matrix.binaryChoice: no visible global function definition for
     ‘model.frame’
    model.matrix.selection: no visible global function definition for
     ‘model.matrix’
    model.matrix.selection: no visible global function definition for
     ‘model.frame’
    model.matrix.selection: no visible binding for global variable
     ‘na.pass’
    predict.probit: no visible global function definition for
     ‘model.matrix’
    predict.probit: no visible global function definition for ‘terms’
    predict.probit: no visible global function definition for
     ‘delete.response’
    predict.probit: no visible global function definition for ‘model.frame’
    predict.probit: no visible global function definition for ‘coef’
    predict.probit: no visible global function definition for ‘pnorm’
    predict.selection: no visible global function definition for
     ‘model.matrix’
    predict.selection: no visible global function definition for
     ‘as.formula’
    predict.selection: no visible global function definition for
     ‘model.frame’
    predict.selection: no visible binding for global variable ‘na.pass’
    predict.selection: no visible global function definition for ‘coef’
    predict.selection: no visible global function definition for ‘pnorm’
    predict.selection: no visible global function definition for ‘dnorm’
    print.probit: no visible global function definition for ‘coef’
    print.selection: no visible global function definition for ‘coef’
    print.summary.probit: no visible global function definition for
     ‘logLik’
    print.summary.probit: no visible global function definition for
     ‘printCoefmat’
    print.summary.selection: no visible global function definition for
     ‘logLik’
    print.summary.selection: no visible global function definition for
     ‘printCoefmat’
    probit : loglik: no visible global function definition for ‘pnorm’
    probit : loglik: no visible global function definition for ‘dnorm’
    probit: no visible global function definition for ‘binomial’
    residuals.probit: no visible global function definition for ‘fitted’
    residuals.probit: no visible global function definition for
     ‘model.frame’
    residuals.selection: no visible global function definition for
     ‘residuals’
    residuals.selection: no visible global function definition for
     ‘model.frame’
    residuals.selection: no visible global function definition for
     ‘formula’
    residuals.selection: no visible global function definition for ‘fitted’
    selection: no visible global function definition for ‘model.frame’
    selection: no visible binding for global variable ‘na.pass’
    selection: no visible global function definition for ‘model.matrix’
    selection: no visible global function definition for ‘model.response’
    selection: no visible global function definition for ‘coef’
    selection: no visible global function definition for ‘tail’
    selection: no visible global function definition for ‘as.formula’
    summary.probit: no visible global function definition for ‘pchisq’
    summary.probit: no visible global function definition for ‘nParam’
    summary.selection : RSq: no visible global function definition for
     ‘model.response’
    summary.selection : RSq: no visible global function definition for
     ‘model.frame’
    summary.selection : RSq: no visible global function definition for
     ‘residuals’
    summary.selection : RSq: no visible global function definition for
     ‘nParam’
    summary.selection: no visible global function definition for ‘vcov’
    summary.selection: no visible global function definition for ‘coef’
    tobit2Bfit : loglik: no visible global function definition for ‘pnorm’
    tobit2Bfit : loglik : <anonymous>: no visible global function
     definition for ‘pmvnorm’
    tobit2Bfit : loglik: no visible global function definition for ‘dnorm’
    tobit2Bfit : loglik : <anonymous>: no visible global function
     definition for ‘dmvnorm’
    tobit2Bfit: no visible global function definition for ‘tail’
    tobit2fit : loglik: no visible global function definition for ‘pnorm’
    tobit2fit : gradlik: no visible global function definition for ‘dnorm’
    tobit2fit : gradlik: no visible global function definition for ‘pnorm’
    tobit2fit : hesslik: no visible global function definition for ‘dnorm’
    tobit2fit : hesslik: no visible global function definition for ‘pnorm’
    tobit2fit: no visible global function definition for ‘tail’
    tobit5fit : loglik: no visible global function definition for ‘pnorm’
    tobit5fit : gradlik: no visible global function definition for ‘dnorm’
    tobit5fit : gradlik: no visible global function definition for ‘pnorm’
    tobit5fit : hesslik: no visible global function definition for ‘dnorm’
    tobit5fit : hesslik: no visible global function definition for ‘pnorm’
    tobit5fit: no visible global function definition for ‘tail’
    Undefined global functions or variables:
     as.formula binomial coef contrasts delete.response dmvnorm dnorm
     fitted formula lm logLik model.frame model.matrix model.response
     nParam na.action na.pass naresid pchisq pmvnorm pnorm printCoefmat
     residuals rhobit tail terms vcov
    Consider adding
     importFrom("stats", "as.formula", "binomial", "coef", "contrasts",
     "delete.response", "dnorm", "fitted", "formula", "lm",
     "logLik", "model.frame", "model.matrix", "model.response",
     "na.action", "na.pass", "naresid", "pchisq", "pnorm",
     "printCoefmat", "residuals", "terms", "vcov")
     importFrom("utils", "tail")
    to your NAMESPACE.
Flavors: r-devel-linux-x86_64-debian-clang, r-devel-linux-x86_64-debian-gcc, r-devel-linux-x86_64-fedora-clang, r-devel-linux-x86_64-fedora-gcc, r-devel-windows-ix86+x86_64

Version: 1.0-2
Check: R code for possible problems
Result: NOTE
    invMillsRatio: no visible global function definition for ‘rhobit’
    invMillsRatio: no visible global function definition for ‘pmvnorm’
    summary.probit: no visible global function definition for ‘nParam’
    summary.selection : RSq: no visible global function definition for
     ‘nParam’
    tobit2Bfit : loglik : <anonymous>: no visible global function
     definition for ‘pmvnorm’
    tobit2Bfit : loglik : <anonymous>: no visible global function
     definition for ‘dmvnorm’
    Undefined global functions or variables:
     dmvnorm nParam pmvnorm rhobit
Flavor: r-devel-osx-x86_64-clang

Version: 1.0-2
Check: R code for possible problems
Result: NOTE
    invMillsRatio: no visible global function definition for ‘rhobit’
    invMillsRatio: no visible global function definition for ‘pmvnorm’
    summary.probit: no visible global function definition for ‘nParam’
    summary.selection : RSq: no visible global function definition for
     ‘nParam’
    tobit2Bfit : loglik : <anonymous>: no visible global function
     definition for ‘pmvnorm’
    tobit2Bfit : loglik : <anonymous>: no visible global function
     definition for ‘dmvnorm’
Flavors: r-patched-linux-x86_64, r-patched-solaris-sparc, r-patched-solaris-x86, r-release-linux-x86_64, r-release-osx-x86_64-mavericks, r-release-windows-ix86+x86_64, r-oldrel-windows-ix86+x86_64