CRAN Package Check Results for Package sampleSelection

Last updated on 2017-05-24 22:47:34.

Flavor Version Tinstall Tcheck Ttotal Status Flags
r-devel-linux-x86_64-debian-clang 1.0-4 4.77 162.18 166.95 OK
r-devel-linux-x86_64-debian-gcc 1.0-4 4.54 158.73 163.27 OK
r-devel-linux-x86_64-fedora-clang 1.0-4 343.64 OK --no-stop-on-test-error
r-devel-linux-x86_64-fedora-gcc 1.0-4 330.52 OK --no-stop-on-test-error
r-devel-windows-ix86+x86_64 1.0-4 13.00 391.00 404.00 OK
r-patched-linux-x86_64 1.0-4 4.61 159.11 163.72 OK
r-patched-solaris-sparc 1.0-4 2032.60 OK
r-patched-solaris-x86 1.0-4 396.40 OK
r-release-linux-x86_64 1.0-4 4.71 152.36 157.07 OK
r-release-windows-ix86+x86_64 1.0-4 13.00 349.00 362.00 OK
r-release-osx-x86_64 1.0-4 NOTE
r-oldrel-windows-ix86+x86_64 1.0-4 17.00 325.00 342.00 OK
r-oldrel-osx-x86_64 1.0-4 OK

Check Details

Version: 1.0-4
Check: re-building of vignette outputs
Result: NOTE
    Error in re-building vignettes:
     ...
    Please cite the 'maxLik' package as:
    Henningsen, Arne and Toomet, Ott (2011). maxLik: A package for maximum likelihood estimation in R. Computational Statistics 26(3), 443-458. DOI 10.1007/s00180-010-0217-1.
    
    If you have questions, suggestions, or comments regarding the 'maxLik' package, please use a forum or 'tracker' at maxLik's R-Forge site:
    https://r-forge.r-project.org/projects/maxlik/
    Warning in sqrt(diag(vc)) : NaNs produced
    Warning in sqrt(diag(vc)) : NaNs produced
    Warning in sqrt(diag(vc)) : NaNs produced
    Warning in sqrt(diag(vc)) : NaNs produced
    Error in texi2dvi(file = file, pdf = TRUE, clean = clean, quiet = quiet, :
     Running 'texi2dvi' on 'selection.tex' failed.
    LaTeX errors:
    ! LaTeX Error: File `bbm.sty' not found.
    
    Type X to quit or <RETURN> to proceed,
    or enter new name. (Default extension: sty)
    
    ! Emergency stop.
    <read *>
    
    l.5 ^^M
    
    ! ==> Fatal error occurred, no output PDF file produced!
    Calls: buildVignettes -> texi2pdf -> texi2dvi
    Execution halted
Flavor: r-release-osx-x86_64