CRAN Package Check Results for Package sampleSelection

Last updated on 2014-07-24 19:49:10.

Flavor Version Tinstall Tcheck Ttotal Status Flags
r-devel-linux-x86_64-debian-clang 1.0-2 4.55 157.83 162.38 OK
r-devel-linux-x86_64-debian-gcc 1.0-2 4.35 156.30 160.65 OK
r-devel-linux-x86_64-fedora-clang 1.0-2 373.99 OK
r-devel-linux-x86_64-fedora-gcc 1.0-2 357.79 OK
r-devel-osx-x86_64-clang 1.0-2 270.19 OK
r-devel-windows-ix86+x86_64 1.0-2 13.00 229.00 242.00 OK
r-patched-linux-x86_64 1.0-2 4.53 159.24 163.77 OK
r-patched-solaris-sparc 1.0-2 1831.50 OK
r-patched-solaris-x86 1.0-2 404.70 OK
r-release-linux-ix86 1.0-2 5.52 212.28 217.80 OK
r-release-linux-x86_64 1.0-2 4.58 158.22 162.80 OK
r-release-osx-x86_64-mavericks 1.0-2 NOTE
r-release-osx-x86_64-snowleopard 1.0-2 OK
r-release-windows-ix86+x86_64 1.0-2 14.00 245.00 259.00 OK
r-oldrel-windows-ix86+x86_64 1.0-2 12.00 237.00 249.00 OK

Check Details

Version: 1.0-2
Check: re-building of vignette outputs
Result: NOTE
    Error in re-building vignettes:
     ...
    Loading required package: maxLik
    Loading required package: miscTools
    
    Please cite the 'maxLik' package as:
    Henningsen, Arne and Toomet, Ott (2011). maxLik: A package for maximum likelihood estimation in R. Computational Statistics 26(3), 443-458. DOI 10.1007/s00180-010-0217-1.
    
    If you have questions, suggestions, or comments regarding the 'maxLik' package, please use a forum or 'tracker' at maxLik's R-Forge site:
    https://r-forge.r-project.org/projects/maxlik/
    Warning in sqrt(diag(vc)) : NaNs produced
    Warning in sqrt(diag(vc)) : NaNs produced
    Warning in sqrt(diag(vc)) : NaNs produced
    Warning in sqrt(diag(vc)) : NaNs produced
    Error in texi2dvi(file = file, pdf = TRUE, clean = clean, quiet = quiet, :
     Running 'texi2dvi' on 'selection.tex' failed.
    LaTeX errors:
    ! LaTeX Error: File `bbm.sty' not found.
    
    Type X to quit or <RETURN> to proceed,
    or enter new name. (Default extension: sty)
    
    eck/vign_test/sampleSelection/vignettes/selection.tex:5: ==> Fatal error occur
    red, no output PDF file produced!
    Calls: buildVignettes -> texi2pdf -> texi2dvi
    Execution halted
Flavor: r-release-osx-x86_64-mavericks