CRAN Package Check Results for Package sampleSelection

Last updated on 2015-03-29 19:48:52.

Flavor Version Tinstall Tcheck Ttotal Status Flags
r-devel-linux-x86_64-debian-clang 1.0-2 4.51 158.99 163.50 NOTE
r-devel-linux-x86_64-debian-gcc 1.0-2 4.42 150.46 154.88 NOTE
r-devel-linux-x86_64-fedora-clang 1.0-2 322.80 NOTE
r-devel-linux-x86_64-fedora-gcc 1.0-2 327.89 NOTE
r-devel-osx-x86_64-clang 1.0-2 271.51 NOTE
r-prerel-windows-ix86+x86_64 1.0-2 17.00 230.00 247.00 NOTE
r-prerel-linux-x86_64 1.0-2 4.28 150.78 155.06 NOTE
r-prerel-solaris-sparc 1.0-2 1869.80 NOTE
r-prerel-solaris-x86 1.0-2 373.70 NOTE
r-release-linux-x86_64 1.0-2 7.33 191.38 198.71 NOTE
r-release-osx-x86_64-mavericks 1.0-2 NOTE
r-release-osx-x86_64-snowleopard 1.0-2 OK
r-release-windows-ix86+x86_64 1.0-2 22.00 292.00 314.00 NOTE
r-oldrel-windows-ix86+x86_64 1.0-2 18.00 418.00 436.00 OK

Check Details

Version: 1.0-2
Check: DESCRIPTION meta-information
Result: NOTE
    Malformed Description field: should contain one or more complete sentences.
Flavors: r-devel-linux-x86_64-debian-clang, r-devel-linux-x86_64-debian-gcc, r-devel-linux-x86_64-fedora-clang, r-devel-linux-x86_64-fedora-gcc, r-devel-osx-x86_64-clang, r-prerel-windows-ix86+x86_64, r-prerel-linux-x86_64, r-prerel-solaris-sparc, r-prerel-solaris-x86

Version: 1.0-2
Check: dependencies in R code
Result: NOTE
    'library' or 'require' calls in package code:
     ‘VGAM’ ‘mvtnorm’
     Please use :: or requireNamespace() instead.
     See section 'Suggested packages' in the 'Writing R Extensions' manual.
Flavors: r-devel-linux-x86_64-debian-clang, r-devel-linux-x86_64-debian-gcc, r-devel-linux-x86_64-fedora-clang, r-devel-linux-x86_64-fedora-gcc, r-devel-osx-x86_64-clang, r-prerel-windows-ix86+x86_64, r-prerel-linux-x86_64, r-prerel-solaris-sparc, r-prerel-solaris-x86, r-release-linux-x86_64, r-release-windows-ix86+x86_64

Version: 1.0-2
Check: R code for possible problems
Result: NOTE
    invMillsRatio: no visible global function definition for ‘rhobit’
    invMillsRatio: no visible global function definition for ‘pmvnorm’
    summary.probit: no visible global function definition for ‘nParam’
    summary.selection : RSq: no visible global function definition for
     ‘nParam’
    tobit2Bfit : loglik : <anonymous>: no visible global function
     definition for ‘pmvnorm’
    tobit2Bfit : loglik : <anonymous>: no visible global function
     definition for ‘dmvnorm’
Flavors: r-devel-linux-x86_64-debian-clang, r-devel-linux-x86_64-debian-gcc, r-devel-linux-x86_64-fedora-clang, r-devel-linux-x86_64-fedora-gcc, r-devel-osx-x86_64-clang, r-prerel-windows-ix86+x86_64, r-prerel-linux-x86_64, r-prerel-solaris-sparc, r-prerel-solaris-x86, r-release-linux-x86_64, r-release-osx-x86_64-mavericks, r-release-windows-ix86+x86_64