CRAN Package Check Results for Package sampleSelection

Last updated on 2014-04-24 09:49:10.

Flavor Version Tinstall Tcheck Ttotal Status Flags
r-devel-linux-x86_64-debian-clang 0.7-2 5.27 143.72 148.99 NOTE
r-devel-linux-x86_64-debian-gcc 0.7-2 4.73 141.38 146.10 NOTE
r-devel-linux-x86_64-fedora-clang 0.7-2 321.00 NOTE
r-devel-linux-x86_64-fedora-gcc 0.7-2 313.71 NOTE
r-devel-osx-x86_64-clang 0.7-2 246.31 NOTE
r-devel-osx-x86_64-gcc 0.7-2 ERROR
r-devel-windows-ix86+x86_64 0.7-2 12.00 190.00 202.00 NOTE
r-patched-linux-x86_64 0.7-2 4.80 138.69 143.49 NOTE
r-patched-solaris-sparc 0.7-2 1579.10 NOTE
r-patched-solaris-x86 0.7-2 348.50 NOTE
r-release-linux-ix86 0.7-2 8.00 215.00 223.00 NOTE
r-release-linux-x86_64 0.7-2 4.87 140.19 145.06 NOTE
r-release-osx-x86_64-mavericks 0.7-2 WARN
r-release-osx-x86_64-snowleopard 0.7-2 NOTE
r-release-windows-ix86+x86_64 0.7-2 12.00 214.00 226.00 NOTE
r-oldrel-windows-ix86+x86_64 0.7-2 14.00 211.00 225.00 NOTE

Check Details

Version: 0.7-2
Check: dependencies in R code
Result: NOTE
    'library' or 'require' call to ‘systemfit’ which was already attached by Depends.
     Please remove these calls from your code.
    Packages in Depends field not imported from:
     ‘maxLik’ ‘systemfit’
     These packages need to be imported from (in the NAMESPACE file)
     for when this namespace is loaded but not attached.
    See the information on DESCRIPTION files in the chapter ‘Creating R
    packages’ of the ‘Writing R Extensions’ manual.
Flavors: r-devel-linux-x86_64-debian-clang, r-devel-linux-x86_64-debian-gcc, r-devel-linux-x86_64-fedora-clang, r-devel-linux-x86_64-fedora-gcc, r-devel-osx-x86_64-clang, r-devel-windows-ix86+x86_64, r-patched-linux-x86_64, r-patched-solaris-sparc, r-patched-solaris-x86, r-release-linux-ix86, r-release-linux-x86_64, r-release-osx-x86_64-mavericks, r-release-windows-ix86+x86_64, r-oldrel-windows-ix86+x86_64

Version: 0.7-2
Check: top-level files
Result: NOTE
    Non-standard file/directory found at top level:
     ‘sampleSelection.Rproj’
Flavors: r-devel-linux-x86_64-fedora-clang, r-devel-linux-x86_64-fedora-gcc

Version: 0.7-2
Check: Rd line widths
Result: NOTE
    Rd file 'tobit2fit.Rd':
     \usage lines wider than 90 characters:
     tobit5fit(YS, XS, YO1, XO1, YO2, XO2, start, print.level=0, maxMethod="Newton-Raphson", ...)
    
    These lines will be truncated in the PDF manual.
Flavors: r-devel-linux-x86_64-fedora-clang, r-devel-linux-x86_64-fedora-gcc

Version: 0.7-2
Check: package dependencies
Result: ERROR
    Packages required but not available: ‘maxLik’ ‘systemfit’ ‘miscTools’
    
    Package suggested but not available for checking: ‘plm’
    
    See the information on DESCRIPTION files in the chapter ‘Creating R
    packages’ of the ‘Writing R Extensions’ manual.
Flavor: r-devel-osx-x86_64-gcc

Version: 0.7-2
Check: re-building of vignette outputs
Result: NOTE
    Error in re-building vignettes:
     ...
    
    Attaching package: ‘zoo’
    
    The following objects are masked from ‘package:base’:
    
     as.Date, as.Date.numeric
    
    Warning in sqrt(diag(vc)) : NaNs produced
    Warning in sqrt(diag(vc)) : NaNs produced
    Warning in sqrt(diag(vc)) : NaNs produced
    Warning in sqrt(diag(vc)) : NaNs produced
    Warning in sqrt(diag(vc)) : NaNs produced
    Warning in sqrt(diag(vc)) : NaNs produced
    Error in texi2dvi(file = file, pdf = TRUE, clean = clean, quiet = quiet, :
     Running 'texi2dvi' on 'selection.tex' failed.
    LaTeX errors:
    ! LaTeX Error: File `bbm.sty' not found.
    
    Type X to quit or <RETURN> to proceed,
    or enter new name. (Default extension: sty)
    
    eck/vign_test/sampleSelection/vignettes/selection.tex:5: ==> Fatal error occur
    red, no output PDF file produced!
    Calls: buildVignettes -> texi2pdf -> texi2dvi
    Execution halted
Flavor: r-release-osx-x86_64-mavericks

Version: 0.7-2
Check: PDF version of manual
Result: WARNING
    LaTeX errors when creating PDF version.
    This typically indicates Rd problems.
    LaTeX errors found:
    ! LaTeX Error: File `upquote.sty' not found.
    
    Type X to quit or <RETURN> to proceed,
    or enter new name. (Default extension: sty)
    
    bf21294/Rd2.tex:8: ==> Fatal error occurred, no output PDF file produced!
Flavor: r-release-osx-x86_64-mavericks

Version: 0.7-2
Check: dependencies in R code
Result: NOTE
    'library' or 'require' call to 'systemfit' which was already attached by Depends.
     Please remove these calls from your code.
    Packages in Depends field not imported from:
     'maxLik' 'systemfit'
     These packages need to be imported from for the case when
     this namespace is loaded but not attached.
    See the information on DESCRIPTION files in the chapter 'Creating R
    packages' of the 'Writing R Extensions' manual.
Flavor: r-release-osx-x86_64-snowleopard

Version: 0.7-2
Check: re-building of vignette outputs
Result: NOTE
    Error in re-building vignettes:
     ...
    Loading required package: systemfit
    Loading required package: Matrix
    Loading required package: car
    Loading required package: lmtest
    Loading required package: zoo
    
    Attaching package: 'zoo'
    
    The following objects are masked from 'package:base':
    
     as.Date, as.Date.numeric
    
    Warning in sqrt(diag(vc)) : NaNs produced
    Warning in sqrt(diag(vc)) : NaNs produced
    Warning in sqrt(diag(vc)) : NaNs produced
    Warning in sqrt(diag(vc)) : NaNs produced
    Error in texi2dvi(file = file, pdf = TRUE, clean = clean, quiet = quiet, :
     Running 'texi2dvi' on 'selection.tex' failed.
    LaTeX errors:
    ! LaTeX Error: File `bbm.sty' not found.
    
    Type X to quit or <RETURN> to proceed,
    or enter new name. (Default extension: sty)
    Calls: buildVignettes -> texi2pdf -> texi2dvi
    Execution halted
Flavor: r-release-osx-x86_64-snowleopard