CRAN Package Check Results for Package sampleSelection

Last updated on 2017-10-19 01:46:34.

Flavor Version Tinstall Tcheck Ttotal Status Flags
r-devel-linux-x86_64-debian-clang 1.0-4 4.89 159.53 164.42 OK
r-devel-linux-x86_64-debian-gcc 1.0-4 5.33 162.82 168.15 OK
r-devel-linux-x86_64-fedora-clang 1.0-4 342.68 OK
r-devel-linux-x86_64-fedora-gcc 1.0-4 341.03 OK
r-devel-windows-ix86+x86_64 1.0-4 13.00 362.00 375.00 OK
r-patched-linux-x86_64 1.0-4 5.03 163.40 168.44 OK
r-patched-solaris-x86 1.0-4 423.10 OK
r-release-linux-x86_64 1.0-4 4.80 163.80 168.60 OK
r-release-windows-ix86+x86_64 1.0-4 22.00 352.00 374.00 OK
r-release-osx-x86_64 1.0-4 NOTE
r-oldrel-windows-ix86+x86_64 1.0-4 22.00 270.00 292.00 OK
r-oldrel-osx-x86_64 1.0-4 OK

Check Details

Version: 1.0-4
Check: re-building of vignette outputs
Result: NOTE
    Error in re-building vignettes:
     ...
    Please cite the 'maxLik' package as:
    Henningsen, Arne and Toomet, Ott (2011). maxLik: A package for maximum likelihood estimation in R. Computational Statistics 26(3), 443-458. DOI 10.1007/s00180-010-0217-1.
    
    If you have questions, suggestions, or comments regarding the 'maxLik' package, please use a forum or 'tracker' at maxLik's R-Forge site:
    https://r-forge.r-project.org/projects/maxlik/
    Warning in sqrt(diag(vc)) : NaNs produced
    Warning in sqrt(diag(vc)) : NaNs produced
    Warning in sqrt(diag(vc)) : NaNs produced
    Warning in sqrt(diag(vc)) : NaNs produced
    Error in texi2dvi(file = file, pdf = TRUE, clean = clean, quiet = quiet, :
     Running 'texi2dvi' on 'selection.tex' failed.
    LaTeX errors:
    ! LaTeX Error: File `bbm.sty' not found.
    
    Type X to quit or <RETURN> to proceed,
    or enter new name. (Default extension: sty)
    
    ! Emergency stop.
    <read *>
    
    l.5 ^^M
    
    ! ==> Fatal error occurred, no output PDF file produced!
    Calls: buildVignettes -> texi2pdf -> texi2dvi
    Execution halted
Flavor: r-release-osx-x86_64