CRAN Package Check Results for Package sampleSelection

Last updated on 2015-04-27 19:47:28.

Flavor Version Tinstall Tcheck Ttotal Status Flags
r-devel-linux-x86_64-debian-clang 1.0-2 4.56 153.11 157.68 NOTE
r-devel-linux-x86_64-debian-gcc 1.0-2 4.44 153.04 157.48 NOTE
r-devel-linux-x86_64-fedora-clang 1.0-2 324.41 NOTE
r-devel-linux-x86_64-fedora-gcc 1.0-2 304.30 NOTE
r-devel-osx-x86_64-clang 1.0-2 261.42 NOTE
r-devel-windows-ix86+x86_64 1.0-2 11.00 237.00 248.00 NOTE
r-patched-linux-x86_64 1.0-2 4.49 151.21 155.70 NOTE
r-patched-solaris-sparc 1.0-2 1869.80 NOTE
r-patched-solaris-x86 1.0-2 369.00 NOTE
r-release-linux-x86_64 1.0-2 4.41 154.91 159.32 NOTE
r-release-osx-x86_64-mavericks 1.0-2 NOTE
r-release-osx-x86_64-snowleopard 1.0-2 ERROR
r-release-windows-ix86+x86_64 1.0-2 17.00 298.00 315.00 NOTE
r-oldrel-windows-ix86+x86_64 1.0-2 18.00 265.00 283.00 NOTE

Check Details

Version: 1.0-2
Check: DESCRIPTION meta-information
Result: NOTE
    Malformed Description field: should contain one or more complete sentences.
Flavors: r-devel-linux-x86_64-debian-clang, r-devel-linux-x86_64-debian-gcc, r-devel-linux-x86_64-fedora-clang, r-devel-linux-x86_64-fedora-gcc, r-devel-osx-x86_64-clang, r-devel-windows-ix86+x86_64, r-patched-solaris-sparc, r-patched-solaris-x86, r-release-linux-x86_64, r-release-osx-x86_64-mavericks, r-release-windows-ix86+x86_64

Version: 1.0-2
Check: dependencies in R code
Result: NOTE
    'library' or 'require' calls in package code:
     ‘VGAM’ ‘mvtnorm’
     Please use :: or requireNamespace() instead.
     See section 'Suggested packages' in the 'Writing R Extensions' manual.
Flavors: r-devel-linux-x86_64-debian-clang, r-devel-linux-x86_64-debian-gcc, r-devel-linux-x86_64-fedora-clang, r-devel-linux-x86_64-fedora-gcc, r-devel-osx-x86_64-clang, r-devel-windows-ix86+x86_64, r-patched-solaris-sparc, r-patched-solaris-x86, r-release-linux-x86_64, r-release-osx-x86_64-mavericks, r-release-windows-ix86+x86_64, r-oldrel-windows-ix86+x86_64

Version: 1.0-2
Check: R code for possible problems
Result: NOTE
    invMillsRatio: no visible global function definition for ‘rhobit’
    invMillsRatio: no visible global function definition for ‘pmvnorm’
    summary.probit: no visible global function definition for ‘nParam’
    summary.selection : RSq: no visible global function definition for
     ‘nParam’
    tobit2Bfit : loglik : <anonymous>: no visible global function
     definition for ‘pmvnorm’
    tobit2Bfit : loglik : <anonymous>: no visible global function
     definition for ‘dmvnorm’
Flavors: r-devel-linux-x86_64-debian-clang, r-devel-linux-x86_64-debian-gcc, r-devel-linux-x86_64-fedora-clang, r-devel-linux-x86_64-fedora-gcc, r-devel-osx-x86_64-clang, r-devel-windows-ix86+x86_64, r-patched-solaris-sparc, r-patched-solaris-x86, r-release-linux-x86_64, r-release-osx-x86_64-mavericks, r-release-windows-ix86+x86_64, r-oldrel-windows-ix86+x86_64

Version: 1.0-2
Check: package dependencies
Result: ERROR
    Packages required but not available: ‘maxLik’ ‘miscTools’ ‘systemfit’
    
    Package suggested but not available for checking: ‘lmtest’
    
    See section ‘The DESCRIPTION file’ in the ‘Writing R Extensions’
    manual.
Flavor: r-release-osx-x86_64-snowleopard