CRAN Package Check Results for Package sampleSelection

Last updated on 2022-01-25 18:51:54 CET.

Flavor Version Tinstall Tcheck Ttotal Status Flags
r-devel-linux-x86_64-debian-clang 1.2-12 17.06 383.70 400.76 OK
r-devel-linux-x86_64-debian-gcc 1.2-12 15.10 281.63 296.73 OK
r-devel-linux-x86_64-fedora-clang 1.2-12 464.54 OK
r-devel-linux-x86_64-fedora-gcc 1.2-12 467.67 OK
r-devel-windows-x86_64-new-UL 1.2-12 198.00 461.00 659.00 OK
r-devel-windows-x86_64-new-TK 1.2-12 ERROR
r-patched-linux-x86_64 1.2-12 16.75 358.51 375.26 OK
r-release-linux-x86_64 1.2-12 13.37 360.64 374.01 OK
r-release-macos-arm64 1.2-12 OK
r-release-macos-x86_64 1.2-12 OK
r-release-windows-ix86+x86_64 1.2-12 31.00 423.00 454.00 OK
r-oldrel-macos-x86_64 1.2-12 OK
r-oldrel-windows-ix86+x86_64 1.2-12 31.00 416.00 447.00 OK

Check Details

Version: 1.2-12
Check: package dependencies
Result: ERROR
    Package required but not available: 'systemfit'
    
    See section 'The DESCRIPTION file' in the 'Writing R Extensions'
    manual.
Flavor: r-devel-windows-x86_64-new-TK