CRAN Package Check Results for Package sampleSelection

Last updated on 2014-09-02 20:49:00.

Flavor Version Tinstall Tcheck Ttotal Status Flags
r-devel-linux-x86_64-debian-clang 1.0-2 4.69 152.78 157.47 NOTE
r-devel-linux-x86_64-debian-gcc 1.0-2 5.19 150.38 155.57 NOTE
r-devel-linux-x86_64-fedora-clang 1.0-2 356.79 NOTE
r-devel-linux-x86_64-fedora-gcc 1.0-2 342.01 NOTE
r-devel-osx-x86_64-clang 1.0-2 258.28 NOTE
r-devel-windows-ix86+x86_64 1.0-2 13.00 226.00 239.00 NOTE
r-patched-linux-x86_64 1.0-2 6.61 159.08 165.69 OK
r-patched-solaris-sparc 1.0-2 1971.40 OK
r-patched-solaris-x86 1.0-2 407.30 OK
r-release-linux-ix86 1.0-2 5.45 213.64 219.09 OK
r-release-linux-x86_64 1.0-2 4.55 158.46 163.00 OK
r-release-osx-x86_64-mavericks 1.0-2 NOTE
r-release-osx-x86_64-snowleopard 1.0-2 OK
r-release-windows-ix86+x86_64 1.0-2 12.00 230.00 242.00 OK
r-oldrel-windows-ix86+x86_64 1.0-2 13.00 230.00 243.00 OK

Check Details

Version: 1.0-2
Check: R code for possible problems
Result: NOTE
    invMillsRatio: no visible global function definition for ‘rhobit’
    invMillsRatio: no visible global function definition for ‘pmvnorm’
    summary.probit: no visible global function definition for ‘nParam’
    summary.selection : RSq: no visible global function definition for
     ‘nParam’
    tobit2Bfit : loglik : <anonymous>: no visible global function
     definition for ‘pmvnorm’
    tobit2Bfit : loglik : <anonymous>: no visible global function
     definition for ‘dmvnorm’
Flavors: r-devel-linux-x86_64-debian-clang, r-devel-linux-x86_64-debian-gcc, r-devel-linux-x86_64-fedora-clang, r-devel-linux-x86_64-fedora-gcc, r-devel-osx-x86_64-clang, r-devel-windows-ix86+x86_64

Version: 1.0-2
Check: re-building of vignette outputs
Result: NOTE
    Error in re-building vignettes:
     ...
    Loading required package: maxLik
    Loading required package: miscTools
    
    Please cite the 'maxLik' package as:
    Henningsen, Arne and Toomet, Ott (2011). maxLik: A package for maximum likelihood estimation in R. Computational Statistics 26(3), 443-458. DOI 10.1007/s00180-010-0217-1.
    
    If you have questions, suggestions, or comments regarding the 'maxLik' package, please use a forum or 'tracker' at maxLik's R-Forge site:
    https://r-forge.r-project.org/projects/maxlik/
    Warning in sqrt(diag(vc)) : NaNs produced
    Warning in sqrt(diag(vc)) : NaNs produced
    Warning in sqrt(diag(vc)) : NaNs produced
    Warning in sqrt(diag(vc)) : NaNs produced
    Error in texi2dvi(file = file, pdf = TRUE, clean = clean, quiet = quiet, :
     Running 'texi2dvi' on 'selection.tex' failed.
    LaTeX errors:
    ! LaTeX Error: File `bbm.sty' not found.
    
    Type X to quit or <RETURN> to proceed,
    or enter new name. (Default extension: sty)
    
    eck/vign_test/sampleSelection/vignettes/selection.tex:5: ==> Fatal error occur
    red, no output PDF file produced!
    Calls: buildVignettes -> texi2pdf -> texi2dvi
    Execution halted
Flavor: r-release-osx-x86_64-mavericks