CRAN Package Check Results for Package samplesize

Last updated on 2014-11-26 13:47:15.

Flavor Version Tinstall Tcheck Ttotal Status Flags
r-devel-linux-x86_64-debian-clang 0.1-8 0.53 9.39 9.92 NOTE
r-devel-linux-x86_64-debian-gcc 0.1-8 0.52 10.02 10.53 NOTE
r-devel-linux-x86_64-fedora-clang 0.1-8 19.42 NOTE
r-devel-linux-x86_64-fedora-gcc 0.1-8 18.32 NOTE
r-devel-osx-x86_64-clang 0.1-8 21.78 OK
r-devel-windows-ix86+x86_64 0.1-8 2.00 13.00 15.00 OK
r-patched-linux-x86_64 0.1-8 0.53 8.85 9.38 NOTE
r-patched-solaris-sparc 0.1-8 110.00 OK
r-patched-solaris-x86 0.1-8 27.00 OK
r-release-linux-ix86 0.1-8 0.78 13.72 14.50 OK
r-release-linux-x86_64 0.1-8 0.60 8.47 9.07 NOTE
r-release-osx-x86_64-mavericks 0.1-8 OK
r-release-windows-ix86+x86_64 0.1-8 2.00 18.00 20.00 OK
r-oldrel-windows-ix86+x86_64 0.1-8 2.00 16.00 18.00 OK

Check Details

Version: 0.1-8
Check: Rd line widths
Result: NOTE
    Rd file 'n.ttest.Rd':
     \usage lines wider than 90 characters:
     n.ttest(power = 0.8, alpha = 0.05, mean.diff = 0.8, sd1 = 0.83, sd2 = 2.65, k = 1, design = "unpaired", fraction = "balanced", variance ... [TRUNCATED]
    
    Rd file 'n.wilcox.ord.Rd':
     \examples lines wider than 100 characters:
     ## Zhao YD, Rahardja D, Qu Yongming. Sample size calculation for the Wilcoxon-Mann-Whitney test adjsuting for ties. Statistics in Medic ... [TRUNCATED]
    
    These lines will be truncated in the PDF manual.
Flavors: r-devel-linux-x86_64-debian-clang, r-devel-linux-x86_64-debian-gcc, r-devel-linux-x86_64-fedora-clang, r-devel-linux-x86_64-fedora-gcc, r-patched-linux-x86_64, r-release-linux-x86_64