CRAN Package Check Results for Package samplesize

Last updated on 2014-07-23 23:48:31.

Flavor Version Tinstall Tcheck Ttotal Status Flags
r-devel-linux-x86_64-debian-clang 0.1-8 0.46 8.10 8.55 OK
r-devel-linux-x86_64-debian-gcc 0.1-8 0.45 7.99 8.44 OK
r-devel-linux-x86_64-fedora-clang 0.1-8 17.70 NOTE
r-devel-linux-x86_64-fedora-gcc 0.1-8 16.66 NOTE
r-devel-osx-x86_64-clang 0.1-8 20.58 OK
r-devel-windows-ix86+x86_64 0.1-8 2.00 14.00 16.00 OK
r-patched-linux-x86_64 0.1-8 0.54 7.93 8.47 OK
r-patched-solaris-sparc 0.1-8 101.00 OK
r-patched-solaris-x86 0.1-8 26.00 OK
r-release-linux-ix86 0.1-8 0.76 14.22 14.98 OK
r-release-linux-x86_64 0.1-8 0.55 8.46 9.01 OK
r-release-osx-x86_64-mavericks 0.1-8 OK
r-release-windows-ix86+x86_64 0.1-8 3.00 19.00 22.00 OK
r-oldrel-windows-ix86+x86_64 0.1-8 2.00 16.00 18.00 OK

Check Details

Version: 0.1-8
Check: Rd line widths
Result: NOTE
    Rd file 'n.ttest.Rd':
     \usage lines wider than 90 characters:
     n.ttest(power = 0.8, alpha = 0.05, mean.diff = 0.8, sd1 = 0.83, sd2 = 2.65, k = 1, design = "unpaired", fraction = "balanced", variance ... [TRUNCATED]
    
    Rd file 'n.wilcox.ord.Rd':
     \examples lines wider than 100 characters:
     ## Zhao YD, Rahardja D, Qu Yongming. Sample size calculation for the Wilcoxon-Mann-Whitney test adjsuting for ties. Statistics in Medic ... [TRUNCATED]
    
    These lines will be truncated in the PDF manual.
Flavors: r-devel-linux-x86_64-fedora-clang, r-devel-linux-x86_64-fedora-gcc