CRAN Package Check Results for Package sampling

Last updated on 2018-06-23 15:53:41 CEST.

Flavor Version Tinstall Tcheck Ttotal Status Flags
r-devel-linux-x86_64-debian-clang 2.8 6.22 86.55 92.77 NOTE
r-devel-linux-x86_64-debian-gcc 2.8 4.93 64.32 69.25 NOTE
r-devel-linux-x86_64-fedora-clang 2.8 107.69 NOTE
r-devel-linux-x86_64-fedora-gcc 2.8 105.08 NOTE
r-devel-windows-ix86+x86_64 2.8 17.00 155.00 172.00 OK
r-patched-linux-x86_64 2.8 4.59 84.90 89.49 NOTE
r-patched-solaris-x86 2.8 167.60 OK
r-release-linux-x86_64 2.8 6.66 85.13 91.79 NOTE
r-release-windows-ix86+x86_64 2.8 17.00 112.00 129.00 OK
r-release-osx-x86_64 2.8 OK
r-oldrel-windows-ix86+x86_64 2.8 12.00 163.00 175.00 OK
r-oldrel-osx-x86_64 2.8 OK

Check Details

Version: 2.8
Check: compiled code
Result: NOTE
    File ‘sampling/libs/sampling.so’:
     Found no calls to: ‘R_registerRoutines’, ‘R_useDynamicSymbols’
    
    It is good practice to register native routines and to disable symbol
    search.
    
    See ‘Writing portable packages’ in the ‘Writing R Extensions’ manual.
Flavors: r-devel-linux-x86_64-debian-clang, r-devel-linux-x86_64-debian-gcc, r-devel-linux-x86_64-fedora-clang, r-devel-linux-x86_64-fedora-gcc, r-patched-linux-x86_64, r-release-linux-x86_64