CRAN Package Check Results for Package sampling

Last updated on 2017-05-25 21:52:09.

Flavor Version Tinstall Tcheck Ttotal Status Flags
r-devel-linux-x86_64-debian-clang 2.8 1.42 56.51 57.93 NOTE
r-devel-linux-x86_64-debian-gcc 2.8 1.40 57.04 58.44 NOTE
r-devel-linux-x86_64-fedora-clang 2.8 107.67 NOTE --no-stop-on-test-error
r-devel-linux-x86_64-fedora-gcc 2.8 108.58 NOTE --no-stop-on-test-error
r-devel-windows-ix86+x86_64 2.8 7.00 186.00 193.00 OK
r-patched-linux-x86_64 2.8 1.41 55.84 57.26 NOTE
r-patched-solaris-sparc 2.8 799.90 OK
r-patched-solaris-x86 2.8 145.90 OK
r-release-linux-x86_64 2.8 1.48 55.54 57.02 NOTE
r-release-windows-ix86+x86_64 2.8 16.00 263.00 279.00 OK
r-release-osx-x86_64 2.8 OK
r-oldrel-windows-ix86+x86_64 2.8 16.00 122.00 138.00 OK
r-oldrel-osx-x86_64 2.8 OK

Check Details

Version: 2.8
Check: compiled code
Result: NOTE
    File ‘sampling/libs/sampling.so’:
     Found no calls to: ‘R_registerRoutines’, ‘R_useDynamicSymbols’
    
    It is good practice to register native routines and to disable symbol
    search.
    
    See ‘Writing portable packages’ in the ‘Writing R Extensions’ manual.
Flavors: r-devel-linux-x86_64-debian-clang, r-devel-linux-x86_64-debian-gcc, r-patched-linux-x86_64, r-release-linux-x86_64

Version: 2.8
Flags: --no-stop-on-test-error
Check: compiled code
Result: NOTE
    File ‘sampling/libs/sampling.so’:
     Found no calls to: ‘R_registerRoutines’, ‘R_useDynamicSymbols’
    
    It is good practice to register native routines and to disable symbol
    search.
    
    See ‘Writing portable packages’ in the ‘Writing R Extensions’ manual.
Flavors: r-devel-linux-x86_64-fedora-clang, r-devel-linux-x86_64-fedora-gcc