CRAN Package Check Results for Package sampling

Last updated on 2018-04-21 22:48:35 CEST.

Flavor Version Tinstall Tcheck Ttotal Status Flags
r-devel-linux-x86_64-debian-clang 2.8 5.11 82.97 88.08 NOTE
r-devel-linux-x86_64-debian-gcc 2.8 4.23 63.19 67.42 NOTE
r-devel-linux-x86_64-fedora-clang 2.8 107.56 NOTE
r-devel-linux-x86_64-fedora-gcc 2.8 106.00 NOTE
r-devel-windows-ix86+x86_64 2.8 17.00 140.00 157.00 OK
r-devel-osx-x86_64 2.8 OK
r-patched-linux-x86_64 2.8 6.19 84.89 91.08 NOTE
r-patched-solaris-x86 2.8 172.30 OK
r-release-linux-x86_64 2.8 2.20 95.26 97.46 NOTE
r-release-windows-ix86+x86_64 2.8 11.00 154.00 165.00 OK
r-release-osx-x86_64 2.8 OK
r-oldrel-windows-ix86+x86_64 2.8 13.00 145.00 158.00 OK

Check Details

Version: 2.8
Check: compiled code
Result: NOTE
    File ‘sampling/libs/sampling.so’:
     Found no calls to: ‘R_registerRoutines’, ‘R_useDynamicSymbols’
    
    It is good practice to register native routines and to disable symbol
    search.
    
    See ‘Writing portable packages’ in the ‘Writing R Extensions’ manual.
Flavors: r-devel-linux-x86_64-debian-clang, r-devel-linux-x86_64-debian-gcc, r-devel-linux-x86_64-fedora-clang, r-devel-linux-x86_64-fedora-gcc, r-patched-linux-x86_64, r-release-linux-x86_64