CRAN Package Check Results for Package sampling

Last updated on 2017-11-20 23:50:10 CET.

Flavor Version Tinstall Tcheck Ttotal Status Flags
r-devel-linux-x86_64-debian-clang 2.8 1.47 58.22 59.69 NOTE
r-devel-linux-x86_64-debian-gcc 2.8 1.67 155.31 156.98 NOTE
r-devel-linux-x86_64-fedora-clang 2.8 112.96 NOTE
r-devel-linux-x86_64-fedora-gcc 2.8 114.96 NOTE
r-devel-windows-ix86+x86_64 2.8 11.00 125.00 136.00 OK
r-patched-linux-x86_64 2.8 1.32 57.16 58.48 NOTE
r-patched-solaris-x86 2.8 166.70 OK
r-release-linux-x86_64 2.8 1.50 58.94 60.44 NOTE
r-release-windows-ix86+x86_64 2.8 7.00 167.00 174.00 OK
r-release-osx-x86_64 2.8 OK
r-oldrel-windows-ix86+x86_64 2.8 7.00 163.00 170.00 OK
r-oldrel-osx-x86_64 2.8 OK

Check Details

Version: 2.8
Check: compiled code
Result: NOTE
    File ‘sampling/libs/sampling.so’:
     Found no calls to: ‘R_registerRoutines’, ‘R_useDynamicSymbols’
    
    It is good practice to register native routines and to disable symbol
    search.
    
    See ‘Writing portable packages’ in the ‘Writing R Extensions’ manual.
Flavors: r-devel-linux-x86_64-debian-clang, r-devel-linux-x86_64-debian-gcc, r-devel-linux-x86_64-fedora-clang, r-devel-linux-x86_64-fedora-gcc, r-patched-linux-x86_64, r-release-linux-x86_64