CRAN Package Check Results for Package samplingVarEst

Last updated on 2017-02-19 18:48:02.

Flavor Version Tinstall Tcheck Ttotal Status Flags
r-devel-linux-x86_64-debian-clang 1.0-2 3.49 22.26 25.74 NOTE
r-devel-linux-x86_64-debian-gcc 1.0-2 3.42 21.62 25.03 NOTE
r-devel-linux-x86_64-fedora-clang 1.0-2 41.85 NOTE --no-stop-on-test-error
r-devel-linux-x86_64-fedora-gcc 1.0-2 40.13 NOTE --no-stop-on-test-error
r-devel-macos-x86_64-clang 1.0-2 37.94 NOTE --no-stop-on-test-error
r-devel-windows-ix86+x86_64 1.0-2 17.00 48.00 65.00 OK
r-patched-linux-x86_64 1.0-2 3.26 19.31 22.57 OK
r-patched-solaris-sparc 1.0-2 243.90 OK
r-patched-solaris-x86 1.0-2 49.50 OK
r-release-linux-x86_64 1.0-2 2.57 19.36 21.93 OK
r-release-osx-x86_64-mavericks 1.0-2 OK
r-release-windows-ix86+x86_64 1.0-2 18.00 42.00 60.00 OK
r-oldrel-windows-ix86+x86_64 1.0-2 30.00 47.00 77.00 OK

Check Details

Version: 1.0-2
Check: compiled code
Result: NOTE
    File ‘samplingVarEst/libs/samplingVarEst.so’:
     Found no calls to: ‘R_registerRoutines’, ‘R_useDynamicSymbols’
    
    It is good practice to register native routines and to disable symbol
    search.
    
    See ‘Writing portable packages’ in the ‘Writing R Extensions’ manual.
Flavors: r-devel-linux-x86_64-debian-clang, r-devel-linux-x86_64-debian-gcc

Version: 1.0-2
Flags: --no-stop-on-test-error
Check: compiled code
Result: NOTE
    File ‘samplingVarEst/libs/samplingVarEst.so’:
     Found no calls to: ‘R_registerRoutines’, ‘R_useDynamicSymbols’
    
    It is good practice to register native routines and to disable symbol
    search.
    
    See ‘Writing portable packages’ in the ‘Writing R Extensions’ manual.
Flavors: r-devel-linux-x86_64-fedora-clang, r-devel-linux-x86_64-fedora-gcc, r-devel-macos-x86_64-clang