CRAN Package Check Results for Package samplingVarEst

Last updated on 2017-03-30 20:47:26.

Flavor Version Tinstall Tcheck Ttotal Status Flags
r-devel-linux-x86_64-debian-clang 1.0-2 3.68 22.40 26.08 NOTE
r-devel-linux-x86_64-debian-gcc 1.0-2 2.62 22.24 24.86 NOTE
r-devel-linux-x86_64-fedora-clang 1.0-2 46.08 NOTE --no-stop-on-test-error
r-devel-linux-x86_64-fedora-gcc 1.0-2 41.37 NOTE --no-stop-on-test-error
r-devel-macos-x86_64-clang 1.0-2 36.92 NOTE --no-stop-on-test-error
r-devel-windows-ix86+x86_64 1.0-2 34.00 54.00 88.00 OK
r-patched-linux-x86_64 1.0-2 3.46 22.15 25.61 NOTE
r-patched-solaris-sparc 1.0-2 272.10 OK
r-release-linux-x86_64 1.0-2 3.39 19.07 22.46 OK
r-release-osx-x86_64-mavericks 1.0-2 OK
r-release-windows-ix86+x86_64 1.0-2 18.00 42.00 60.00 OK
r-oldrel-windows-ix86+x86_64 1.0-2 30.00 47.00 77.00 OK

Check Details

Version: 1.0-2
Check: compiled code
Result: NOTE
    File ‘samplingVarEst/libs/samplingVarEst.so’:
     Found no calls to: ‘R_registerRoutines’, ‘R_useDynamicSymbols’
    
    It is good practice to register native routines and to disable symbol
    search.
    
    See ‘Writing portable packages’ in the ‘Writing R Extensions’ manual.
Flavors: r-devel-linux-x86_64-debian-clang, r-devel-linux-x86_64-debian-gcc, r-patched-linux-x86_64

Version: 1.0-2
Flags: --no-stop-on-test-error
Check: compiled code
Result: NOTE
    File ‘samplingVarEst/libs/samplingVarEst.so’:
     Found no calls to: ‘R_registerRoutines’, ‘R_useDynamicSymbols’
    
    It is good practice to register native routines and to disable symbol
    search.
    
    See ‘Writing portable packages’ in the ‘Writing R Extensions’ manual.
Flavors: r-devel-linux-x86_64-fedora-clang, r-devel-linux-x86_64-fedora-gcc, r-devel-macos-x86_64-clang