CRAN Package Check Results for Package samplingVarEst

Last updated on 2017-05-27 20:46:34.

Flavor Version Tinstall Tcheck Ttotal Status Flags
r-devel-linux-x86_64-debian-clang 1.0-2 3.59 23.19 26.78 NOTE
r-devel-linux-x86_64-debian-gcc 1.0-2 2.99 22.77 25.76 NOTE
r-devel-linux-x86_64-fedora-clang 1.0-2 41.89 NOTE
r-devel-linux-x86_64-fedora-gcc 1.0-2 40.47 NOTE
r-devel-windows-ix86+x86_64 1.0-2 47.00 46.00 93.00 OK
r-patched-linux-x86_64 1.0-2 3.71 23.22 26.92 NOTE
r-patched-solaris-sparc 1.0-2 272.10 OK
r-patched-solaris-x86 1.0-2 54.00 OK
r-release-linux-x86_64 1.0-2 3.79 22.96 26.75 NOTE
r-release-windows-ix86+x86_64 1.0-2 33.00 45.00 78.00 OK
r-release-osx-x86_64 1.0-2 OK
r-oldrel-windows-ix86+x86_64 1.0-2 18.00 42.00 60.00 OK
r-oldrel-osx-x86_64 1.0-2 OK

Check Details

Version: 1.0-2
Check: compiled code
Result: NOTE
    File ‘samplingVarEst/libs/samplingVarEst.so’:
     Found no calls to: ‘R_registerRoutines’, ‘R_useDynamicSymbols’
    
    It is good practice to register native routines and to disable symbol
    search.
    
    See ‘Writing portable packages’ in the ‘Writing R Extensions’ manual.
Flavors: r-devel-linux-x86_64-debian-clang, r-devel-linux-x86_64-debian-gcc, r-devel-linux-x86_64-fedora-clang, r-devel-linux-x86_64-fedora-gcc, r-patched-linux-x86_64, r-release-linux-x86_64