CRAN Package Check Results for Package samplingbook

Last updated on 2014-08-21 17:46:56.

Flavor Version Tinstall Tcheck Ttotal Status Flags
r-devel-linux-x86_64-debian-clang 1.2.0 0.95 16.10 17.05 NOTE
r-devel-linux-x86_64-debian-gcc 1.2.0 0.91 16.06 16.97 NOTE
r-devel-linux-x86_64-fedora-clang 1.2.0 34.27 NOTE
r-devel-linux-x86_64-fedora-gcc 1.2.0 32.26 NOTE
r-devel-osx-x86_64-clang 1.2.0 33.62 NOTE
r-devel-windows-ix86+x86_64 1.2.0 5.00 27.00 32.00 NOTE
r-patched-linux-x86_64 1.2.0 0.96 16.43 17.39 NOTE
r-patched-solaris-sparc 1.2.0 202.20 NOTE
r-patched-solaris-x86 1.2.0 47.40 NOTE
r-release-linux-ix86 1.2.0 1.42 24.61 26.03 NOTE
r-release-linux-x86_64 1.2.0 1.00 16.75 17.75 NOTE
r-release-osx-x86_64-mavericks 1.2.0 NOTE
r-release-osx-x86_64-snowleopard 1.2.0 OK
r-release-windows-ix86+x86_64 1.2.0 4.00 29.00 33.00 NOTE
r-oldrel-windows-ix86+x86_64 1.2.0 5.00 30.00 35.00 NOTE

Check Details

Version: 1.2.0
Check: dependencies in R code
Result: NOTE
    Packages in Depends field not imported from:
     ‘pps’ ‘sampling’ ‘survey’
     These packages need to be imported from (in the NAMESPACE file)
     for when this namespace is loaded but not attached.
    See the information on DESCRIPTION files in the chapter ‘Creating R
    packages’ of the ‘Writing R Extensions’ manual.
Flavors: r-devel-linux-x86_64-debian-clang, r-devel-linux-x86_64-debian-gcc, r-devel-linux-x86_64-fedora-clang, r-devel-linux-x86_64-fedora-gcc, r-devel-osx-x86_64-clang, r-devel-windows-ix86+x86_64, r-patched-linux-x86_64, r-patched-solaris-sparc, r-patched-solaris-x86, r-release-linux-ix86, r-release-linux-x86_64, r-release-osx-x86_64-mavericks, r-release-windows-ix86+x86_64, r-oldrel-windows-ix86+x86_64

Version: 1.2.0
Check: R code for possible problems
Result: NOTE
    pps.sampling: no visible global function definition for ‘sampfordpi’
    pps.sampling: no visible global function definition for ‘sampford’
    pps.sampling: no visible global function definition for
     ‘inclusionprobabilities’
    pps.sampling: no visible global function definition for ‘UPtillepi2’
    pps.sampling: no visible global function definition for ‘UPtille’
    pps.sampling: no visible global function definition for ‘UPmidzunopi2’
    pps.sampling: no visible global function definition for ‘UPmidzuno’
    pps.sampling: no visible global function definition for
     ‘UPsystematicpi2’
    pps.sampling: no visible global function definition for ‘UPsystematic’
Flavors: r-devel-linux-x86_64-fedora-clang, r-devel-linux-x86_64-fedora-gcc, r-devel-osx-x86_64-clang