CRAN Package Check Results for Package samplingbook

Last updated on 2014-07-23 11:49:46.

Flavor Version Tinstall Tcheck Ttotal Status Flags
r-devel-linux-x86_64-debian-clang 1.2.0 0.93 15.70 16.64 NOTE
r-devel-linux-x86_64-debian-gcc 1.2.0 0.95 16.11 17.06 NOTE
r-devel-linux-x86_64-fedora-clang 1.2.0 35.25 NOTE
r-devel-linux-x86_64-fedora-gcc 1.2.0 33.80 NOTE
r-devel-osx-x86_64-clang 1.2.0 34.95 NOTE
r-devel-windows-ix86+x86_64 1.2.0 4.00 27.00 31.00 NOTE
r-patched-linux-x86_64 1.2.0 0.90 15.94 16.84 NOTE
r-patched-solaris-sparc 1.2.0 198.80 NOTE
r-patched-solaris-x86 1.2.0 48.00 NOTE
r-release-linux-ix86 1.2.0 1.32 23.86 25.18 NOTE
r-release-linux-x86_64 1.2.0 1.09 16.30 17.39 NOTE
r-release-osx-x86_64-mavericks 1.2.0 NOTE
r-release-osx-x86_64-snowleopard 1.2.0 OK
r-release-windows-ix86+x86_64 1.2.0 4.00 28.00 32.00 NOTE
r-oldrel-windows-ix86+x86_64 1.2.0 4.00 28.00 32.00 NOTE

Check Details

Version: 1.2.0
Check: dependencies in R code
Result: NOTE
    Packages in Depends field not imported from:
     ‘pps’ ‘sampling’ ‘survey’
     These packages need to be imported from (in the NAMESPACE file)
     for when this namespace is loaded but not attached.
    See the information on DESCRIPTION files in the chapter ‘Creating R
    packages’ of the ‘Writing R Extensions’ manual.
Flavors: r-devel-linux-x86_64-debian-clang, r-devel-linux-x86_64-debian-gcc, r-devel-linux-x86_64-fedora-clang, r-devel-linux-x86_64-fedora-gcc, r-devel-osx-x86_64-clang, r-devel-windows-ix86+x86_64, r-patched-linux-x86_64, r-patched-solaris-sparc, r-patched-solaris-x86, r-release-linux-ix86, r-release-linux-x86_64, r-release-osx-x86_64-mavericks, r-release-windows-ix86+x86_64, r-oldrel-windows-ix86+x86_64