CRAN Package Check Results for Package samplingbook

Last updated on 2015-08-03 23:48:06.

Flavor Version Tinstall Tcheck Ttotal Status Flags
r-devel-linux-x86_64-debian-clang 1.2.0 0.82 14.75 15.56 NOTE
r-devel-linux-x86_64-debian-gcc 1.2.0 0.85 14.20 15.05 NOTE
r-devel-linux-x86_64-fedora-clang 1.2.0 28.94 NOTE
r-devel-linux-x86_64-fedora-gcc 1.2.0 27.41 NOTE
r-devel-osx-x86_64-clang 1.2.0 28.81 NOTE
r-devel-windows-ix86+x86_64 1.2.0 5.00 28.00 33.00 NOTE
r-patched-linux-x86_64 1.2.0 0.86 14.61 15.47 NOTE
r-patched-solaris-sparc 1.2.0 188.10 NOTE
r-patched-solaris-x86 1.2.0 41.40 NOTE
r-release-linux-x86_64 1.2.0 0.84 15.02 15.86 NOTE
r-release-osx-x86_64-mavericks 1.2.0 NOTE
r-release-windows-ix86+x86_64 1.2.0 6.00 30.00 36.00 NOTE
r-oldrel-windows-ix86+x86_64 1.2.0 7.00 57.00 64.00 NOTE

Check Details

Version: 1.2.0
Check: DESCRIPTION meta-information
Result: NOTE
    Malformed Description field: should contain one or more complete sentences.
Flavors: r-devel-linux-x86_64-debian-clang, r-devel-linux-x86_64-debian-gcc, r-devel-linux-x86_64-fedora-clang, r-devel-linux-x86_64-fedora-gcc, r-devel-osx-x86_64-clang, r-devel-windows-ix86+x86_64, r-patched-linux-x86_64, r-patched-solaris-sparc, r-patched-solaris-x86, r-release-linux-x86_64, r-release-osx-x86_64-mavericks, r-release-windows-ix86+x86_64

Version: 1.2.0
Check: dependencies in R code
Result: NOTE
    Packages in Depends field not imported from:
     ‘pps’ ‘sampling’ ‘survey’
     These packages need to be imported from (in the NAMESPACE file)
     for when this namespace is loaded but not attached.
Flavors: r-devel-linux-x86_64-debian-clang, r-devel-linux-x86_64-debian-gcc, r-devel-linux-x86_64-fedora-clang, r-devel-linux-x86_64-fedora-gcc, r-devel-osx-x86_64-clang, r-devel-windows-ix86+x86_64, r-patched-linux-x86_64, r-patched-solaris-sparc, r-patched-solaris-x86, r-release-linux-x86_64, r-release-osx-x86_64-mavericks, r-release-windows-ix86+x86_64, r-oldrel-windows-ix86+x86_64

Version: 1.2.0
Check: R code for possible problems
Result: NOTE
    Smean: no visible global function definition for ‘na.omit’
    Smean: no visible global function definition for ‘qnorm’
    Sprop: no visible global function definition for ‘qnorm’
    Sprop: no visible global function definition for ‘phyper’
    Sprop: no visible global function definition for ‘binom.test’
    mbes: no visible global function definition for ‘terms’
    mbes: no visible global function definition for ‘model.frame’
    mbes: no visible binding for global variable ‘na.omit’
    mbes: no visible global function definition for ‘var’
    mbes: no visible global function definition for ‘qnorm’
    mbes: no visible global function definition for ‘lm’
    pps.sampling: no visible global function definition for ‘sampfordpi’
    pps.sampling: no visible global function definition for ‘sampford’
    pps.sampling: no visible global function definition for
     ‘inclusionprobabilities’
    pps.sampling: no visible global function definition for ‘UPtillepi2’
    pps.sampling: no visible global function definition for ‘UPtille’
    pps.sampling: no visible global function definition for ‘UPmidzunopi2’
    pps.sampling: no visible global function definition for ‘UPmidzuno’
    pps.sampling: no visible global function definition for
     ‘UPsystematicpi2’
    pps.sampling: no visible global function definition for ‘UPsystematic’
    sample.size.mean: no visible global function definition for ‘qnorm’
    sample.size.prop: no visible global function definition for ‘qnorm’
    stratamean: no visible global function definition for ‘na.omit’
    stratamean: no visible global function definition for ‘qnorm’
    stratasize: no visible global function definition for ‘qnorm’
    submean: no visible global function definition for ‘na.omit’
    submean: no visible global function definition for ‘qnorm’
    submean: no visible global function definition for ‘var’
    Undefined global functions or variables:
     UPmidzuno UPmidzunopi2 UPsystematic UPsystematicpi2 UPtille
     UPtillepi2 binom.test inclusionprobabilities lm model.frame na.omit
     phyper qnorm sampford sampfordpi terms var
    Consider adding
     importFrom("stats", "binom.test", "lm", "model.frame", "na.omit",
     "phyper", "qnorm", "terms", "var")
    to your NAMESPACE.
Flavors: r-devel-linux-x86_64-debian-clang, r-devel-linux-x86_64-debian-gcc, r-devel-linux-x86_64-fedora-clang, r-devel-linux-x86_64-fedora-gcc, r-devel-windows-ix86+x86_64

Version: 1.2.0
Check: R code for possible problems
Result: NOTE
    pps.sampling: no visible global function definition for ‘sampfordpi’
    pps.sampling: no visible global function definition for ‘sampford’
    pps.sampling: no visible global function definition for
     ‘inclusionprobabilities’
    pps.sampling: no visible global function definition for ‘UPtillepi2’
    pps.sampling: no visible global function definition for ‘UPtille’
    pps.sampling: no visible global function definition for ‘UPmidzunopi2’
    pps.sampling: no visible global function definition for ‘UPmidzuno’
    pps.sampling: no visible global function definition for
     ‘UPsystematicpi2’
    pps.sampling: no visible global function definition for ‘UPsystematic’
    Undefined global functions or variables:
     UPmidzuno UPmidzunopi2 UPsystematic UPsystematicpi2 UPtille
     UPtillepi2 inclusionprobabilities sampford sampfordpi
Flavor: r-devel-osx-x86_64-clang

Version: 1.2.0
Check: R code for possible problems
Result: NOTE
    pps.sampling: no visible global function definition for ‘sampfordpi’
    pps.sampling: no visible global function definition for ‘sampford’
    pps.sampling: no visible global function definition for
     ‘inclusionprobabilities’
    pps.sampling: no visible global function definition for ‘UPtillepi2’
    pps.sampling: no visible global function definition for ‘UPtille’
    pps.sampling: no visible global function definition for ‘UPmidzunopi2’
    pps.sampling: no visible global function definition for ‘UPmidzuno’
    pps.sampling: no visible global function definition for
     ‘UPsystematicpi2’
    pps.sampling: no visible global function definition for ‘UPsystematic’
Flavors: r-patched-linux-x86_64, r-patched-solaris-sparc, r-patched-solaris-x86, r-release-linux-x86_64, r-release-osx-x86_64-mavericks, r-release-windows-ix86+x86_64, r-oldrel-windows-ix86+x86_64