CRAN Package Check Results for Package samplingbook

Last updated on 2015-04-25 19:47:27.

Flavor Version Tinstall Tcheck Ttotal Status Flags
r-devel-linux-x86_64-debian-clang 1.2.0 1.00 14.90 15.90 NOTE
r-devel-linux-x86_64-debian-gcc 1.2.0 0.93 14.85 15.78 NOTE
r-devel-linux-x86_64-fedora-clang 1.2.0 30.90 NOTE
r-devel-linux-x86_64-fedora-gcc 1.2.0 28.54 NOTE
r-devel-osx-x86_64-clang 1.2.0 32.05 NOTE
r-devel-windows-ix86+x86_64 1.2.0 3.00 25.00 28.00 NOTE
r-patched-linux-x86_64 1.2.0 0.87 14.70 15.57 NOTE
r-patched-solaris-sparc 1.2.0 188.20 NOTE
r-patched-solaris-x86 1.2.0 41.90 NOTE
r-release-linux-x86_64 1.2.0 0.84 14.42 15.26 NOTE
r-release-osx-x86_64-mavericks 1.2.0 NOTE
r-release-osx-x86_64-snowleopard 1.2.0 ERROR
r-release-windows-ix86+x86_64 1.2.0 4.00 26.00 30.00 NOTE
r-oldrel-windows-ix86+x86_64 1.2.0 4.00 32.00 36.00 NOTE

Check Details

Version: 1.2.0
Check: DESCRIPTION meta-information
Result: NOTE
    Malformed Description field: should contain one or more complete sentences.
Flavors: r-devel-windows-ix86+x86_64, r-release-windows-ix86+x86_64

Version: 1.2.0
Check: dependencies in R code
Result: NOTE
    Packages in Depends field not imported from:
     'pps' 'sampling' 'survey'
     These packages need to be imported from (in the NAMESPACE file)
     for when this namespace is loaded but not attached.
Flavors: r-devel-windows-ix86+x86_64, r-release-windows-ix86+x86_64, r-oldrel-windows-ix86+x86_64

Version: 1.2.0
Check: R code for possible problems
Result: NOTE
    pps.sampling: no visible global function definition for 'sampfordpi'
    pps.sampling: no visible global function definition for 'sampford'
    pps.sampling: no visible global function definition for
     'inclusionprobabilities'
    pps.sampling: no visible global function definition for 'UPtillepi2'
    pps.sampling: no visible global function definition for 'UPtille'
    pps.sampling: no visible global function definition for 'UPmidzunopi2'
    pps.sampling: no visible global function definition for 'UPmidzuno'
    pps.sampling: no visible global function definition for
     'UPsystematicpi2'
    pps.sampling: no visible global function definition for 'UPsystematic'
Flavors: r-devel-windows-ix86+x86_64, r-release-windows-ix86+x86_64, r-oldrel-windows-ix86+x86_64