CRAN Package Check Results for Package samplingbook

Last updated on 2014-04-25 09:52:23.

Flavor Version Tinstall Tcheck Ttotal Status Flags
r-devel-linux-x86_64-debian-clang 1.2.0 0.99 17.09 18.08 NOTE
r-devel-linux-x86_64-debian-gcc 1.2.0 1.01 17.31 18.32 NOTE
r-devel-linux-x86_64-fedora-clang 1.2.0 35.77 NOTE
r-devel-linux-x86_64-fedora-gcc 1.2.0 33.68 NOTE
r-devel-osx-x86_64-clang 1.2.0 36.75 NOTE
r-devel-osx-x86_64-gcc 1.2.0 ERROR
r-devel-windows-ix86+x86_64 1.2.0 4.00 28.00 32.00 NOTE
r-patched-linux-x86_64 1.2.0 0.95 17.58 18.54 NOTE
r-patched-solaris-sparc 1.2.0 198.80 NOTE
r-patched-solaris-x86 1.2.0 47.90 NOTE
r-release-linux-ix86 1.2.0 2.00 35.00 37.00 NOTE
r-release-linux-x86_64 1.2.0 0.96 17.05 18.01 NOTE
r-release-osx-x86_64-mavericks 1.2.0 WARN
r-release-osx-x86_64-snowleopard 1.2.0 OK
r-release-windows-ix86+x86_64 1.2.0 4.00 30.00 34.00 NOTE
r-oldrel-windows-ix86+x86_64 1.2.0 5.00 28.00 33.00 NOTE

Check Details

Version: 1.2.0
Check: dependencies in R code
Result: NOTE
    Packages in Depends field not imported from:
     ‘pps’ ‘sampling’ ‘survey’
     These packages need to be imported from (in the NAMESPACE file)
     for when this namespace is loaded but not attached.
    See the information on DESCRIPTION files in the chapter ‘Creating R
    packages’ of the ‘Writing R Extensions’ manual.
Flavors: r-devel-linux-x86_64-debian-clang, r-devel-linux-x86_64-debian-gcc, r-devel-linux-x86_64-fedora-clang, r-devel-linux-x86_64-fedora-gcc, r-devel-osx-x86_64-clang, r-devel-windows-ix86+x86_64, r-patched-linux-x86_64, r-patched-solaris-sparc, r-patched-solaris-x86, r-release-linux-ix86, r-release-linux-x86_64, r-release-osx-x86_64-mavericks, r-release-windows-ix86+x86_64, r-oldrel-windows-ix86+x86_64

Version: 1.2.0
Check: package dependencies
Result: ERROR
    Package required but not available: ‘survey’
    
    See the information on DESCRIPTION files in the chapter ‘Creating R
    packages’ of the ‘Writing R Extensions’ manual.
Flavor: r-devel-osx-x86_64-gcc

Version: 1.2.0
Check: PDF version of manual
Result: WARNING
    LaTeX errors when creating PDF version.
    This typically indicates Rd problems.
    LaTeX errors found:
    ! LaTeX Error: File `upquote.sty' not found.
    
    Type X to quit or <RETURN> to proceed,
    or enter new name. (Default extension: sty)
    
    a489e49/Rd2.tex:8: ==> Fatal error occurred, no output PDF file produced!
Flavor: r-release-osx-x86_64-mavericks