CRAN Package Check Results for Package samplingbook

Last updated on 2015-05-24 15:47:03.

Flavor Version Tinstall Tcheck Ttotal Status Flags
r-devel-linux-x86_64-debian-clang 1.2.0 0.90 14.73 15.63 NOTE
r-devel-linux-x86_64-debian-gcc 1.2.0 0.88 14.38 15.26 NOTE
r-devel-linux-x86_64-fedora-clang 1.2.0 29.72 NOTE
r-devel-linux-x86_64-fedora-gcc 1.2.0 27.65 NOTE
r-devel-osx-x86_64-clang 1.2.0 31.07 NOTE
r-devel-windows-ix86+x86_64 1.2.0 5.00 27.00 32.00 NOTE
r-patched-linux-x86_64 1.2.0 0.89 14.39 15.28 NOTE
r-patched-solaris-sparc 1.2.0 183.60 NOTE
r-patched-solaris-x86 1.2.0 42.10 NOTE
r-release-linux-x86_64 1.2.0 0.85 14.80 15.65 NOTE
r-release-osx-x86_64-mavericks 1.2.0 NOTE
r-release-osx-x86_64-snowleopard 1.2.0 ERROR
r-release-windows-ix86+x86_64 1.2.0 4.00 24.00 28.00 NOTE
r-oldrel-windows-ix86+x86_64 1.2.0 5.00 31.00 36.00 NOTE

Check Details

Version: 1.2.0
Check: DESCRIPTION meta-information
Result: NOTE
    Malformed Description field: should contain one or more complete sentences.
Flavors: r-devel-linux-x86_64-debian-clang, r-devel-linux-x86_64-debian-gcc, r-devel-linux-x86_64-fedora-clang, r-devel-linux-x86_64-fedora-gcc, r-devel-osx-x86_64-clang, r-devel-windows-ix86+x86_64, r-patched-linux-x86_64, r-patched-solaris-sparc, r-patched-solaris-x86, r-release-linux-x86_64, r-release-osx-x86_64-mavericks, r-release-windows-ix86+x86_64

Version: 1.2.0
Check: dependencies in R code
Result: NOTE
    Packages in Depends field not imported from:
     ‘pps’ ‘sampling’ ‘survey’
     These packages need to be imported from (in the NAMESPACE file)
     for when this namespace is loaded but not attached.
Flavors: r-devel-linux-x86_64-debian-clang, r-devel-linux-x86_64-debian-gcc, r-devel-linux-x86_64-fedora-clang, r-devel-linux-x86_64-fedora-gcc, r-devel-osx-x86_64-clang, r-devel-windows-ix86+x86_64, r-patched-linux-x86_64, r-patched-solaris-sparc, r-patched-solaris-x86, r-release-linux-x86_64, r-release-osx-x86_64-mavericks, r-release-windows-ix86+x86_64, r-oldrel-windows-ix86+x86_64

Version: 1.2.0
Check: R code for possible problems
Result: NOTE
    pps.sampling: no visible global function definition for ‘sampfordpi’
    pps.sampling: no visible global function definition for ‘sampford’
    pps.sampling: no visible global function definition for
     ‘inclusionprobabilities’
    pps.sampling: no visible global function definition for ‘UPtillepi2’
    pps.sampling: no visible global function definition for ‘UPtille’
    pps.sampling: no visible global function definition for ‘UPmidzunopi2’
    pps.sampling: no visible global function definition for ‘UPmidzuno’
    pps.sampling: no visible global function definition for
     ‘UPsystematicpi2’
    pps.sampling: no visible global function definition for ‘UPsystematic’
Flavors: r-devel-linux-x86_64-debian-clang, r-devel-linux-x86_64-debian-gcc, r-devel-linux-x86_64-fedora-clang, r-devel-linux-x86_64-fedora-gcc, r-devel-osx-x86_64-clang, r-devel-windows-ix86+x86_64, r-patched-linux-x86_64, r-patched-solaris-sparc, r-patched-solaris-x86, r-release-linux-x86_64, r-release-osx-x86_64-mavericks, r-release-windows-ix86+x86_64, r-oldrel-windows-ix86+x86_64

Version: 1.2.0
Check: package dependencies
Result: ERROR
    Package required but not available: ‘survey’
    
    See section ‘The DESCRIPTION file’ in the ‘Writing R Extensions’
    manual.
Flavor: r-release-osx-x86_64-snowleopard