CRAN Package Check Results for Package samr

Last updated on 2019-08-21 02:49:17 CEST.

Flavor Version Tinstall Tcheck Ttotal Status Flags
r-devel-linux-x86_64-debian-clang 3.0 7.40 75.24 82.64 OK
r-devel-linux-x86_64-debian-gcc 3.0 5.72 57.83 63.55 OK
r-devel-linux-x86_64-fedora-clang 3.0 96.26 OK
r-devel-linux-x86_64-fedora-gcc 3.0 94.07 OK
r-devel-windows-ix86+x86_64 3.0 34.00 142.00 176.00 OK
r-patched-linux-x86_64 3.0 6.15 72.51 78.66 OK
r-patched-solaris-x86 3.0 154.10 OK
r-release-linux-x86_64 3.0 6.94 70.68 77.62 OK
r-release-windows-ix86+x86_64 3.0 15.00 109.00 124.00 OK
r-release-osx-x86_64 3.0 ERROR
r-oldrel-windows-ix86+x86_64 3.0 19.00 156.00 175.00 OK
r-oldrel-osx-x86_64 3.0 OK

Check Details

Version: 3.0
Check: package dependencies
Result: ERROR
    Package required but not available: ‘impute’
    
    See section ‘The DESCRIPTION file’ in the ‘Writing R Extensions’
    manual.
Flavor: r-release-osx-x86_64