CRAN Package Check Results for Package samr

Last updated on 2015-04-19 03:49:50.

Flavor Version Tinstall Tcheck Ttotal Status Flags
r-devel-linux-x86_64-debian-clang 2.0 1.04 39.44 40.48 NOTE
r-devel-linux-x86_64-debian-gcc 2.0 1.06 38.56 39.62 NOTE
r-devel-linux-x86_64-fedora-clang 2.0 80.23 NOTE
r-devel-linux-x86_64-fedora-gcc 2.0 74.76 NOTE
r-devel-osx-x86_64-clang 2.0 71.76 NOTE
r-patched-linux-x86_64 2.0 1.16 39.30 40.46 NOTE
r-patched-solaris-sparc 2.0 578.40 NOTE
r-patched-solaris-x86 2.0 97.80 NOTE
r-release-linux-x86_64 2.0 1.02 36.16 37.18 NOTE
r-release-osx-x86_64-mavericks 2.0 NOTE
r-release-osx-x86_64-snowleopard 2.0 ERROR
r-release-windows-ix86+x86_64 2.0 5.00 112.00 117.00 NOTE
r-oldrel-windows-ix86+x86_64 2.0 6.00 133.00 139.00 NOTE

Check Details

Version: 2.0
Check: DESCRIPTION meta-information
Result: NOTE
    Malformed Description field: should contain one or more complete sentences.
Flavors: r-devel-linux-x86_64-debian-clang, r-devel-linux-x86_64-debian-gcc, r-devel-linux-x86_64-fedora-clang, r-devel-linux-x86_64-fedora-gcc, r-devel-osx-x86_64-clang, r-patched-linux-x86_64, r-patched-solaris-sparc, r-patched-solaris-x86, r-release-linux-x86_64, r-release-osx-x86_64-mavericks, r-release-windows-ix86+x86_64

Version: 2.0
Check: dependencies in R code
Result: NOTE
    'library' or 'require' calls to packages already attached by Depends:
     ‘impute’ ‘matrixStats’
     Please remove these calls from your code.
    Packages in Depends field not imported from:
     ‘impute’ ‘matrixStats’
     These packages need to be imported from (in the NAMESPACE file)
     for when this namespace is loaded but not attached.
Flavors: r-devel-linux-x86_64-debian-clang, r-devel-linux-x86_64-debian-gcc, r-devel-linux-x86_64-fedora-clang, r-devel-linux-x86_64-fedora-gcc, r-devel-osx-x86_64-clang, r-patched-linux-x86_64, r-patched-solaris-sparc, r-patched-solaris-x86, r-release-linux-x86_64, r-release-osx-x86_64-mavericks, r-release-windows-ix86+x86_64

Version: 2.0
Check: S3 generic/method consistency
Result: NOTE
    Found the following apparent S3 methods exported but not registered:
     plot.SAMoutput print.SAMoutput
    See section ‘Registering S3 methods’ in the ‘Writing R Extensions’
    manual.
Flavors: r-devel-linux-x86_64-debian-clang, r-devel-linux-x86_64-debian-gcc, r-devel-linux-x86_64-fedora-clang, r-devel-linux-x86_64-fedora-gcc, r-devel-osx-x86_64-clang, r-patched-linux-x86_64, r-release-linux-x86_64

Version: 2.0
Check: R code for possible problems
Result: NOTE
    Found an obsolete/platform-specific call in the following function:
     ‘samr.assess.samplesize.plot’
    Found the platform-specific device:
     ‘win.metafile’
    dev.new() is the preferred way to open a new device, in the unlikely
    event one is needed.
    foldchange.seq.twoclass.paired: no visible global function definition
     for ‘rowMedians’
    foldchange.seq.twoclass.unpaired: no visible global function definition
     for ‘rowMedians’
    samr: no visible global function definition for ‘impute.knn’
    samr.xl.impute.data: no visible global function definition for
     ‘impute.knn’
    samr.xl.impute.data: no visible binding for global variable
     ‘samr.xl.var.knn.neighbors’
Flavors: r-devel-linux-x86_64-debian-clang, r-devel-linux-x86_64-debian-gcc, r-devel-linux-x86_64-fedora-clang, r-devel-linux-x86_64-fedora-gcc, r-devel-osx-x86_64-clang, r-patched-linux-x86_64, r-patched-solaris-sparc, r-patched-solaris-x86, r-release-linux-x86_64

Version: 2.0
Check: Rd \usage sections
Result: NOTE
    S3 methods shown with full name in documentation object 'samr-internal':
     ‘plot.SAMoutput’ ‘print.SAMoutput’
    
    The \usage entries for S3 methods should use the \method markup and not
    their full name.
    See chapter ‘Writing R documentation files’ in the ‘Writing R
    Extensions’ manual.
Flavors: r-devel-linux-x86_64-debian-clang, r-devel-linux-x86_64-debian-gcc, r-devel-linux-x86_64-fedora-clang, r-devel-linux-x86_64-fedora-gcc, r-devel-osx-x86_64-clang, r-patched-linux-x86_64, r-patched-solaris-sparc, r-patched-solaris-x86, r-release-linux-x86_64, r-release-osx-x86_64-mavericks, r-release-windows-ix86+x86_64

Version: 2.0
Check: R code for possible problems
Result: NOTE
    foldchange.seq.twoclass.paired: no visible global function definition
     for ‘rowMedians’
    foldchange.seq.twoclass.unpaired: no visible global function definition
     for ‘rowMedians’
    samr: no visible global function definition for ‘impute.knn’
    samr.xl.impute.data: no visible global function definition for
     ‘impute.knn’
    samr.xl.impute.data: no visible binding for global variable
     ‘samr.xl.var.knn.neighbors’
Flavors: r-release-osx-x86_64-mavericks, r-release-windows-ix86+x86_64

Version: 2.0
Check: package dependencies
Result: ERROR
    Package required but not available: ‘impute’
    
    See section ‘The DESCRIPTION file’ in the ‘Writing R Extensions’
    manual.
Flavor: r-release-osx-x86_64-snowleopard

Version: 2.0
Check: dependencies in R code
Result: NOTE
    'library' or 'require' calls to packages already attached by Depends:
     'impute' 'matrixStats'
     Please remove these calls from your code.
    Packages in Depends field not imported from:
     'impute' 'matrixStats'
     These packages need to be imported from (in the NAMESPACE file)
     for when this namespace is loaded but not attached.
    See the information on DESCRIPTION files in the chapter 'Creating R
    packages' of the 'Writing R Extensions' manual.
Flavor: r-oldrel-windows-ix86+x86_64

Version: 2.0
Check: R code for possible problems
Result: NOTE
    samr.xl.impute.data: no visible binding for global variable
     'samr.xl.var.knn.neighbors'
Flavor: r-oldrel-windows-ix86+x86_64

Version: 2.0
Check: Rd \usage sections
Result: NOTE
    S3 methods shown with full name in documentation object 'samr-internal':
     'plot.SAMoutput' 'print.SAMoutput'
    
    The \usage entries for S3 methods should use the \method markup and not
    their full name.
    See the chapter 'Writing R documentation files' in the 'Writing R
    Extensions' manual.
Flavor: r-oldrel-windows-ix86+x86_64