CRAN Package Check Results for Package samurais

Last updated on 2022-11-28 05:52:35 CET.

Flavor Version Tinstall Tcheck Ttotal Status Flags
r-devel-linux-x86_64-debian-clang 0.1.0 91.94 139.99 231.93 OK
r-devel-linux-x86_64-debian-gcc 0.1.0 65.10 104.66 169.76 OK
r-devel-linux-x86_64-fedora-clang 0.1.0 311.62 NOTE
r-devel-linux-x86_64-fedora-gcc 0.1.0 291.86 OK
r-devel-windows-x86_64 0.1.0 129.00 223.00 352.00 NOTE
r-patched-linux-x86_64 0.1.0 73.99 134.18 208.17 OK
r-release-linux-x86_64 0.1.0 74.82 125.42 200.24 OK
r-release-macos-arm64 0.1.0 73.00 NOTE
r-release-macos-x86_64 0.1.0 101.00 NOTE
r-release-windows-x86_64 0.1.0 121.00 209.00 330.00 NOTE
r-oldrel-macos-arm64 0.1.0 74.00 NOTE
r-oldrel-macos-x86_64 0.1.0 155.00 NOTE
r-oldrel-windows-ix86+x86_64 0.1.0 216.00 238.00 454.00 NOTE

Check Details

Version: 0.1.0
Check: installed package size
Result: NOTE
     installed size is 6.6Mb
     sub-directories of 1Mb or more:
     doc 2.3Mb
     help 3.4Mb
Flavors: r-devel-linux-x86_64-fedora-clang, r-devel-windows-x86_64, r-release-macos-arm64, r-release-macos-x86_64, r-release-windows-x86_64, r-oldrel-macos-arm64, r-oldrel-macos-x86_64, r-oldrel-windows-ix86+x86_64