Last updated on 2022-05-19 03:56:08 CEST.
Flavor | Version | Tinstall | Tcheck | Ttotal | Status | Flags |
---|---|---|---|---|---|---|
r-devel-linux-x86_64-debian-clang | 1.2.0 | 8.99 | 202.30 | 211.29 | OK | |
r-devel-linux-x86_64-debian-gcc | 1.2.0 | 5.38 | 144.78 | 150.16 | OK | |
r-devel-linux-x86_64-fedora-clang | 1.2.0 | 230.69 | NOTE | |||
r-devel-linux-x86_64-fedora-gcc | 1.2.0 | 228.24 | NOTE | |||
r-devel-windows-x86_64 | 1.2.0 | 42.00 | 210.00 | 252.00 | OK | |
r-patched-linux-x86_64 | 1.2.0 | 7.83 | 185.81 | 193.64 | OK | |
r-release-linux-x86_64 | 1.2.0 | 5.08 | 188.48 | 193.56 | OK | |
r-release-macos-arm64 | 1.2.0 | 81.00 | NOTE | |||
r-release-macos-x86_64 | 1.2.0 | 131.00 | NOTE | |||
r-release-windows-x86_64 | 1.2.0 | 51.00 | 210.00 | 261.00 | OK | |
r-oldrel-macos-arm64 | 1.2.0 | 78.00 | NOTE | |||
r-oldrel-macos-x86_64 | 1.2.0 | 112.00 | NOTE | |||
r-oldrel-windows-ix86+x86_64 | 1.2.0 | 17.00 | 210.00 | 227.00 | OK |
Version: 1.2.0
Check: dependencies in R code
Result: NOTE
Namespaces in Imports field not imported from:
‘DT’ ‘gridExtra’
All declared Imports should be used.
Flavors: r-devel-linux-x86_64-fedora-clang, r-devel-linux-x86_64-fedora-gcc, r-release-macos-arm64, r-release-macos-x86_64, r-oldrel-macos-arm64, r-oldrel-macos-x86_64