CRAN Package Check Results for Package sanzo

Last updated on 2022-08-18 20:49:54 CEST.

Flavor Version Tinstall Tcheck Ttotal Status Flags
r-devel-linux-x86_64-debian-clang 0.1.0 2.03 28.23 30.26 NOTE
r-devel-linux-x86_64-debian-gcc 0.1.0 2.00 21.49 23.49 NOTE
r-devel-linux-x86_64-fedora-clang 0.1.0 48.04 NOTE
r-devel-linux-x86_64-fedora-gcc 0.1.0 46.34 NOTE
r-devel-windows-x86_64 0.1.0 7.00 57.00 64.00 NOTE
r-patched-linux-x86_64 0.1.0 2.98 27.12 30.10 NOTE
r-release-linux-x86_64 0.1.0 NOTE
r-release-macos-arm64 0.1.0 17.00 NOTE
r-release-macos-x86_64 0.1.0 24.00 NOTE
r-release-windows-x86_64 0.1.0 18.00 56.00 74.00 NOTE
r-oldrel-macos-arm64 0.1.0 19.00 NOTE
r-oldrel-macos-x86_64 0.1.0 30.00 NOTE
r-oldrel-windows-ix86+x86_64 0.1.0 6.00 49.00 55.00 NOTE

Check Details

Version: 0.1.0
Check: LazyData
Result: NOTE
     'LazyData' is specified without a 'data' directory
Flavors: r-devel-linux-x86_64-debian-clang, r-devel-linux-x86_64-debian-gcc, r-devel-linux-x86_64-fedora-clang, r-devel-linux-x86_64-fedora-gcc, r-devel-windows-x86_64, r-patched-linux-x86_64, r-release-linux-x86_64, r-release-macos-arm64, r-release-macos-x86_64, r-release-windows-x86_64, r-oldrel-macos-arm64, r-oldrel-macos-x86_64, r-oldrel-windows-ix86+x86_64