CRAN Package Check Results for Package sapa

Last updated on 2015-09-03 14:48:35.

Flavor Version Tinstall Tcheck Ttotal Status Flags
r-devel-linux-x86_64-debian-clang 2.0-1 1.42 13.32 14.74 NOTE
r-devel-linux-x86_64-debian-gcc 2.0-1 1.37 13.02 14.40 NOTE
r-devel-linux-x86_64-fedora-clang 2.0-1 28.90 NOTE
r-devel-linux-x86_64-fedora-gcc 2.0-1 25.92 NOTE
r-devel-osx-x86_64-clang 2.0-1 25.42 OK
r-devel-windows-ix86+x86_64 2.0-1 15.00 43.00 58.00 NOTE
r-patched-linux-x86_64 2.0-1 1.56 14.87 16.43 OK
r-patched-solaris-sparc 2.0-1 199.30 OK
r-patched-solaris-x86 2.0-1 42.80 OK
r-release-linux-x86_64 2.0-1 1.45 14.50 15.95 OK
r-release-osx-x86_64-mavericks 2.0-1 OK
r-release-windows-ix86+x86_64 2.0-1 11.00 32.00 43.00 OK
r-oldrel-windows-ix86+x86_64 2.0-1 14.00 44.00 58.00 OK

Check Details

Version: 2.0-1
Check: R code for possible problems
Result: NOTE
    SDF: no visible global function definition for ‘deltat’
    SDF: no visible global function definition for ‘is’
    SDF : createTaper: no visible global function definition for ‘is’
    plot.SDF: no visible global function definition for ‘is’
    plot.SDF: no visible global function definition for ‘par’
    plot.taper: no visible global function definition for ‘lines’
    print.SDF: no visible global function definition for ‘is’
    Undefined global functions or variables:
     deltat is lines par
    Consider adding
     importFrom("graphics", "lines", "par")
     importFrom("methods", "is")
     importFrom("stats", "deltat")
    to your NAMESPACE (and ensure that your DESCRIPTION Imports field
    contains 'methods').
Flavors: r-devel-linux-x86_64-debian-clang, r-devel-linux-x86_64-debian-gcc, r-devel-linux-x86_64-fedora-clang, r-devel-linux-x86_64-fedora-gcc, r-devel-windows-ix86+x86_64