CRAN Package Check Results for Package sapa

Last updated on 2016-05-02 11:48:01.

Flavor Version Tinstall Tcheck Ttotal Status Flags
r-devel-linux-x86_64-debian-gcc 2.0-1 1.54 14.10 15.65 NOTE
r-devel-linux-x86_64-fedora-clang 2.0-1 26.94 NOTE
r-devel-linux-x86_64-fedora-gcc 2.0-1 24.75 NOTE
r-devel-osx-x86_64-clang 2.0-1 30.82 NOTE
r-devel-windows-ix86+x86_64 2.0-1 6.00 37.00 43.00 NOTE
r-patched-linux-x86_64 2.0-1 1.46 13.59 15.05 NOTE
r-patched-solaris-sparc 2.0-1 164.10 NOTE
r-patched-solaris-x86 2.0-1 34.90 NOTE
r-release-linux-x86_64 2.0-1 1.72 15.40 17.12 OK
r-release-osx-x86_64-mavericks 2.0-1 OK
r-release-windows-ix86+x86_64 2.0-1 9.00 46.00 55.00 OK
r-oldrel-windows-ix86+x86_64 2.0-1 16.00 44.00 60.00 OK

Check Details

Version: 2.0-1
Check: R code for possible problems
Result: NOTE
    SDF: no visible global function definition for ‘deltat’
    SDF: no visible global function definition for ‘is’
    SDF : createTaper: no visible global function definition for ‘is’
    plot.SDF: no visible global function definition for ‘is’
    plot.SDF: no visible global function definition for ‘par’
    plot.taper: no visible global function definition for ‘lines’
    print.SDF: no visible global function definition for ‘is’
    Undefined global functions or variables:
     deltat is lines par
    Consider adding
     importFrom("graphics", "lines", "par")
     importFrom("methods", "is")
     importFrom("stats", "deltat")
    to your NAMESPACE file (and ensure that your DESCRIPTION Imports field
    contains 'methods').
Flavors: r-devel-linux-x86_64-debian-gcc, r-devel-linux-x86_64-fedora-clang, r-devel-linux-x86_64-fedora-gcc, r-devel-osx-x86_64-clang, r-devel-windows-ix86+x86_64, r-patched-linux-x86_64, r-patched-solaris-sparc, r-patched-solaris-x86