CRAN Package Check Results for Package sapa

Last updated on 2016-02-13 15:47:30.

Flavor Version Tinstall Tcheck Ttotal Status Flags
r-devel-linux-x86_64-debian-gcc 2.0-1 1.38 12.66 14.04 NOTE
r-devel-linux-x86_64-fedora-clang 2.0-1 26.69 NOTE
r-devel-linux-x86_64-fedora-gcc 2.0-1 24.86 NOTE
r-devel-osx-x86_64-clang 2.0-1 30.96 NOTE
r-devel-windows-ix86+x86_64 2.0-1 8.00 32.00 40.00 NOTE
r-patched-linux-x86_64 2.0-1 1.65 14.65 16.30 OK
r-patched-solaris-sparc 2.0-1 186.00 OK
r-patched-solaris-x86 2.0-1 39.00 OK
r-release-linux-x86_64 2.0-1 1.67 14.45 16.12 OK
r-release-osx-x86_64-mavericks 2.0-1 OK
r-release-windows-ix86+x86_64 2.0-1 10.00 35.00 45.00 OK
r-oldrel-windows-ix86+x86_64 2.0-1 13.00 50.00 63.00 OK

Check Details

Version: 2.0-1
Check: R code for possible problems
Result: NOTE
    SDF: no visible global function definition for ‘deltat’
    SDF: no visible global function definition for ‘is’
    SDF : createTaper: no visible global function definition for ‘is’
    plot.SDF: no visible global function definition for ‘is’
    plot.SDF: no visible global function definition for ‘par’
    plot.taper: no visible global function definition for ‘lines’
    print.SDF: no visible global function definition for ‘is’
    Undefined global functions or variables:
     deltat is lines par
    Consider adding
     importFrom("graphics", "lines", "par")
     importFrom("methods", "is")
     importFrom("stats", "deltat")
    to your NAMESPACE file (and ensure that your DESCRIPTION Imports field
    contains 'methods').
Flavors: r-devel-linux-x86_64-debian-gcc, r-devel-linux-x86_64-fedora-clang, r-devel-linux-x86_64-fedora-gcc, r-devel-osx-x86_64-clang, r-devel-windows-ix86+x86_64