CRAN Package Check Results for Package sapa

Last updated on 2015-07-06 14:48:53.

Flavor Version Tinstall Tcheck Ttotal Status Flags
r-devel-linux-x86_64-debian-clang 2.0-1 1.54 13.54 15.08 NOTE
r-devel-linux-x86_64-debian-gcc 2.0-1 1.41 13.68 15.09 NOTE
r-devel-linux-x86_64-fedora-clang 2.0-1 29.37 NOTE
r-devel-linux-x86_64-fedora-gcc 2.0-1 27.90 NOTE
r-devel-osx-x86_64-clang 2.0-1 25.96 OK
r-devel-windows-ix86+x86_64 2.0-1 10.00 44.00 54.00 NOTE
r-patched-linux-x86_64 2.0-1 1.41 14.03 15.44 OK
r-patched-solaris-sparc 2.0-1 198.30 OK
r-patched-solaris-x86 2.0-1 42.50 OK
r-release-linux-x86_64 2.0-1 1.40 14.00 15.40 OK
r-release-osx-x86_64-mavericks 2.0-1 OK
r-release-windows-ix86+x86_64 2.0-1 10.00 31.00 41.00 OK
r-oldrel-windows-ix86+x86_64 2.0-1 14.00 63.00 77.00 OK

Check Details

Version: 2.0-1
Check: R code for possible problems
Result: NOTE
    SDF: no visible global function definition for ‘deltat’
    SDF: no visible global function definition for ‘is’
    SDF : createTaper: no visible global function definition for ‘is’
    plot.SDF: no visible global function definition for ‘is’
    plot.SDF: no visible global function definition for ‘par’
    plot.taper: no visible global function definition for ‘lines’
    print.SDF: no visible global function definition for ‘is’
    Undefined global functions or variables:
     deltat is lines par
Flavors: r-devel-linux-x86_64-debian-clang, r-devel-linux-x86_64-debian-gcc, r-devel-linux-x86_64-fedora-clang, r-devel-linux-x86_64-fedora-gcc, r-devel-windows-ix86+x86_64