CRAN Package Check Results for Package sapa

Last updated on 2014-12-22 16:49:52.

Flavor Version Tinstall Tcheck Ttotal Status Flags
r-devel-linux-x86_64-debian-clang 2.0-0 2.11 21.11 23.22 NOTE
r-devel-linux-x86_64-debian-gcc 2.0-0 1.92 20.58 22.49 NOTE
r-devel-linux-x86_64-fedora-clang 2.0-0 48.32 NOTE
r-devel-linux-x86_64-fedora-gcc 2.0-0 45.08 NOTE
r-devel-osx-x86_64-clang 2.0-0 45.08 NOTE
r-devel-windows-ix86+x86_64 2.0-0 9.00 44.00 53.00 NOTE
r-patched-linux-x86_64 2.0-0 2.12 21.10 23.22 NOTE
r-patched-solaris-sparc 2.0-0 279.60 NOTE
r-patched-solaris-x86 2.0-0 58.20 NOTE
r-release-linux-ix86 2.0-0 2.64 27.26 29.89 NOTE
r-release-linux-x86_64 2.0-0 2.19 21.92 24.11 NOTE
r-release-osx-x86_64-mavericks 2.0-0 NOTE
r-release-osx-x86_64-snowleopard 2.0-0 OK
r-release-windows-ix86+x86_64 2.0-0 9.00 45.00 54.00 NOTE
r-oldrel-windows-ix86+x86_64 2.0-0 9.00 45.00 54.00 NOTE

Check Details

Version: 2.0-0
Check: dependencies in R code
Result: NOTE
    Packages in Depends field not imported from:
     ‘ifultools’ ‘splus2R’
     These packages need to be imported from (in the NAMESPACE file)
     for when this namespace is loaded but not attached.
    See the information on DESCRIPTION files in the chapter ‘Creating R
    packages’ of the ‘Writing R Extensions’ manual.
Flavors: r-devel-linux-x86_64-debian-clang, r-devel-linux-x86_64-debian-gcc, r-devel-linux-x86_64-fedora-clang, r-devel-linux-x86_64-fedora-gcc, r-devel-osx-x86_64-clang, r-devel-windows-ix86+x86_64, r-patched-linux-x86_64, r-patched-solaris-sparc, r-patched-solaris-x86, r-release-linux-ix86, r-release-linux-x86_64, r-release-osx-x86_64-mavericks, r-release-windows-ix86+x86_64, r-oldrel-windows-ix86+x86_64

Version: 2.0-0
Check: R code for possible problems
Result: NOTE
    ACVS: no visible global function definition for ‘itCall’
    SDF: no visible global function definition for ‘numRows’
    SDF: no visible global function definition for ‘checkScalarType’
    SDF: no visible global function definition for ‘lowerCase’
    SDF: no visible binding for global variable ‘numRows’
    SDF: no visible global function definition for ‘deparseText’
    SDF: no visible global function definition for ‘isVectorAtomic’
    SDF: no visible global function definition for ‘ifelse1’
    SDF : createTaper: no visible global function definition for
     ‘checkScalarType’
    SDF : createTaper: no visible global function definition for ‘ifelse1’
    SDF: no visible global function definition for ‘itCall’
    SDF: no visible global function definition for ‘numCols’
    plot.SDF: no visible global function definition for ‘checkScalarType’
    plot.SDF: no visible global function definition for ‘ifelse1’
    plot.SDF: no visible global function definition for ‘numRows’
    plot.SDF: no visible global function definition for ‘properCase’
    plot.SDF: no visible global function definition for ‘scaleData’
    plot.SDF: no visible global function definition for ‘numCols’
    plot.SDF: no visible global function definition for ‘stackPlot’
    plot.taper: no visible global function definition for ‘upperCase’
    plot.taper: no visible global function definition for ‘checkScalarType’
    print.SDF: no visible global function definition for ‘ifelse1’
    print.SDF: no visible global function definition for ‘properCase’
    print.SDF: no visible global function definition for ‘prettyPrintList’
    print.taper: no visible global function definition for ‘lowerCase’
    taper: no visible global function definition for ‘checkScalarType’
    taper: no visible global function definition for ‘lowerCase’
    taper: no visible global function definition for ‘ifelse1’
    taper: no visible global function definition for ‘itCall’
Flavors: r-devel-linux-x86_64-debian-clang, r-devel-linux-x86_64-debian-gcc, r-devel-linux-x86_64-fedora-clang, r-devel-linux-x86_64-fedora-gcc, r-devel-osx-x86_64-clang, r-devel-windows-ix86+x86_64, r-patched-linux-x86_64, r-patched-solaris-sparc, r-patched-solaris-x86, r-release-linux-ix86, r-release-linux-x86_64, r-release-windows-ix86+x86_64