CRAN Package Check Results for Package sapa

Last updated on 2017-02-27 18:49:22.

Flavor Version Tinstall Tcheck Ttotal Status Flags
r-devel-linux-x86_64-debian-clang 2.0-2 1.75 18.22 19.97 NOTE
r-devel-linux-x86_64-debian-gcc 2.0-2 1.64 18.44 20.08 NOTE
r-devel-linux-x86_64-fedora-clang 2.0-2 36.76 NOTE --no-stop-on-test-error
r-devel-linux-x86_64-fedora-gcc 2.0-2 34.50 NOTE --no-stop-on-test-error
r-devel-macos-x86_64-clang 2.0-2 29.88 NOTE --no-stop-on-test-error
r-devel-windows-ix86+x86_64 2.0-2 8.00 88.00 96.00 OK
r-patched-linux-x86_64 2.0-2 1.61 16.72 18.33 OK
r-patched-solaris-sparc 2.0-2 203.50 OK
r-patched-solaris-x86 2.0-2 42.30 OK
r-release-linux-x86_64 2.0-2 1.50 16.53 18.03 OK
r-release-osx-x86_64-mavericks 2.0-2 OK
r-release-windows-ix86+x86_64 2.0-2 17.00 40.00 57.00 OK
r-oldrel-windows-ix86+x86_64 2.0-2 13.00 104.00 117.00 OK

Check Details

Version: 2.0-2
Check: compiled code
Result: NOTE
    File ‘sapa/libs/sapa.so’:
     Found no calls to: ‘R_registerRoutines’, ‘R_useDynamicSymbols’
    
    It is good practice to register native routines and to disable symbol
    search.
    
    See ‘Writing portable packages’ in the ‘Writing R Extensions’ manual.
Flavors: r-devel-linux-x86_64-debian-clang, r-devel-linux-x86_64-debian-gcc

Version: 2.0-2
Flags: --no-stop-on-test-error
Check: compiled code
Result: NOTE
    File ‘sapa/libs/sapa.so’:
     Found no calls to: ‘R_registerRoutines’, ‘R_useDynamicSymbols’
    
    It is good practice to register native routines and to disable symbol
    search.
    
    See ‘Writing portable packages’ in the ‘Writing R Extensions’ manual.
Flavors: r-devel-linux-x86_64-fedora-clang, r-devel-linux-x86_64-fedora-gcc, r-devel-macos-x86_64-clang