CRAN Package Check Results for Package sapa

Last updated on 2017-03-23 23:51:09.

Flavor Version Tinstall Tcheck Ttotal Status Flags
r-devel-linux-x86_64-debian-clang 2.0-2 1.61 18.37 19.99 NOTE
r-devel-linux-x86_64-debian-gcc 2.0-2 1.59 18.01 19.60 NOTE
r-devel-linux-x86_64-fedora-clang 2.0-2 39.02 NOTE --no-stop-on-test-error
r-devel-linux-x86_64-fedora-gcc 2.0-2 34.26 NOTE --no-stop-on-test-error
r-devel-macos-x86_64-clang 2.0-2 29.16 NOTE --no-stop-on-test-error
r-devel-windows-ix86+x86_64 2.0-2 9.00 74.00 83.00 OK
r-patched-linux-x86_64 2.0-2 1.46 16.63 18.10 OK
r-patched-solaris-sparc 2.0-2 220.30 OK
r-patched-solaris-x86 2.0-2 48.50 OK
r-release-linux-x86_64 2.0-2 1.64 16.91 18.54 OK
r-release-osx-x86_64-mavericks 2.0-2 OK
r-release-windows-ix86+x86_64 2.0-2 11.00 43.00 54.00 OK
r-oldrel-windows-ix86+x86_64 2.0-2 12.00 55.00 67.00 OK

Check Details

Version: 2.0-2
Check: compiled code
Result: NOTE
    File ‘sapa/libs/sapa.so’:
     Found no calls to: ‘R_registerRoutines’, ‘R_useDynamicSymbols’
    
    It is good practice to register native routines and to disable symbol
    search.
    
    See ‘Writing portable packages’ in the ‘Writing R Extensions’ manual.
Flavors: r-devel-linux-x86_64-debian-clang, r-devel-linux-x86_64-debian-gcc

Version: 2.0-2
Flags: --no-stop-on-test-error
Check: compiled code
Result: NOTE
    File ‘sapa/libs/sapa.so’:
     Found no calls to: ‘R_registerRoutines’, ‘R_useDynamicSymbols’
    
    It is good practice to register native routines and to disable symbol
    search.
    
    See ‘Writing portable packages’ in the ‘Writing R Extensions’ manual.
Flavors: r-devel-linux-x86_64-fedora-clang, r-devel-linux-x86_64-fedora-gcc, r-devel-macos-x86_64-clang