CRAN Package Check Results for Package sapa

Last updated on 2017-08-18 04:47:08.

Flavor Version Tinstall Tcheck Ttotal Status Flags
r-devel-linux-x86_64-debian-clang 2.0-2 1.69 19.25 20.94 NOTE
r-devel-linux-x86_64-debian-gcc 2.0-2 1.59 18.30 19.89 NOTE
r-devel-linux-x86_64-fedora-clang 2.0-2 35.95 NOTE
r-devel-linux-x86_64-fedora-gcc 2.0-2 34.72 NOTE
r-devel-windows-ix86+x86_64 2.0-2 7.00 72.00 79.00 OK
r-patched-linux-x86_64 2.0-2 1.60 19.59 21.20 NOTE
r-patched-solaris-x86 2.0-2 50.10 OK
r-release-linux-x86_64 2.0-2 1.62 18.56 20.18 NOTE
r-release-windows-ix86+x86_64 2.0-2 7.00 45.00 52.00 OK
r-release-osx-x86_64 2.0-2 OK
r-oldrel-windows-ix86+x86_64 2.0-2 7.00 57.00 64.00 OK
r-oldrel-osx-x86_64 2.0-2 OK

Check Details

Version: 2.0-2
Check: compiled code
Result: NOTE
    File ‘sapa/libs/sapa.so’:
     Found no calls to: ‘R_registerRoutines’, ‘R_useDynamicSymbols’
    
    It is good practice to register native routines and to disable symbol
    search.
    
    See ‘Writing portable packages’ in the ‘Writing R Extensions’ manual.
Flavors: r-devel-linux-x86_64-debian-clang, r-devel-linux-x86_64-debian-gcc, r-devel-linux-x86_64-fedora-clang, r-devel-linux-x86_64-fedora-gcc, r-patched-linux-x86_64, r-release-linux-x86_64