CRAN Package Check Results for Package sapa

Last updated on 2014-07-23 05:49:12.

Flavor Version Tinstall Tcheck Ttotal Status Flags
r-devel-linux-x86_64-debian-clang 2.0-0 2.59 21.73 24.32 NOTE
r-devel-linux-x86_64-debian-gcc 2.0-0 2.02 20.76 22.78 NOTE
r-devel-linux-x86_64-fedora-clang 2.0-0 49.44 NOTE
r-devel-linux-x86_64-fedora-gcc 2.0-0 48.36 NOTE
r-devel-osx-x86_64-clang 2.0-0 44.36 NOTE
r-devel-windows-ix86+x86_64 2.0-0 8.00 44.00 52.00 NOTE
r-patched-linux-x86_64 2.0-0 2.04 21.29 23.33 NOTE
r-patched-solaris-sparc 2.0-0 281.40 NOTE
r-patched-solaris-x86 2.0-0 61.20 NOTE
r-release-linux-ix86 2.0-0 2.72 28.67 31.39 NOTE
r-release-linux-x86_64 2.0-0 2.10 21.54 23.64 NOTE
r-release-osx-x86_64-mavericks 2.0-0 NOTE
r-release-osx-x86_64-snowleopard 2.0-0 OK
r-release-windows-ix86+x86_64 2.0-0 9.00 42.00 51.00 NOTE
r-oldrel-windows-ix86+x86_64 2.0-0 9.00 42.00 51.00 NOTE

Check Details

Version: 2.0-0
Check: dependencies in R code
Result: NOTE
    Packages in Depends field not imported from:
     ‘ifultools’ ‘splus2R’
     These packages need to be imported from (in the NAMESPACE file)
     for when this namespace is loaded but not attached.
    See the information on DESCRIPTION files in the chapter ‘Creating R
    packages’ of the ‘Writing R Extensions’ manual.
Flavors: r-devel-linux-x86_64-debian-clang, r-devel-linux-x86_64-debian-gcc, r-devel-linux-x86_64-fedora-clang, r-devel-linux-x86_64-fedora-gcc, r-devel-osx-x86_64-clang, r-devel-windows-ix86+x86_64, r-patched-linux-x86_64, r-patched-solaris-sparc, r-patched-solaris-x86, r-release-linux-ix86, r-release-linux-x86_64, r-release-osx-x86_64-mavericks, r-release-windows-ix86+x86_64, r-oldrel-windows-ix86+x86_64