CRAN Package Check Results for Package sapa

Last updated on 2017-10-18 23:48:06.

Flavor Version Tinstall Tcheck Ttotal Status Flags
r-devel-linux-x86_64-debian-clang 2.0-2 1.72 19.87 21.59 NOTE
r-devel-linux-x86_64-debian-gcc 2.0-2 2.06 20.57 22.63 NOTE
r-devel-linux-x86_64-fedora-clang 2.0-2 36.80 NOTE
r-devel-linux-x86_64-fedora-gcc 2.0-2 36.16 NOTE
r-devel-windows-ix86+x86_64 2.0-2 8.00 66.00 74.00 OK
r-patched-linux-x86_64 2.0-2 1.57 19.37 20.94 NOTE
r-patched-solaris-x86 2.0-2 49.70 OK
r-release-linux-x86_64 2.0-2 1.48 19.09 20.58 NOTE
r-release-windows-ix86+x86_64 2.0-2 11.00 47.00 58.00 OK
r-release-osx-x86_64 2.0-2 OK
r-oldrel-windows-ix86+x86_64 2.0-2 10.00 58.00 68.00 OK
r-oldrel-osx-x86_64 2.0-2 OK

Check Details

Version: 2.0-2
Check: compiled code
Result: NOTE
    File ‘sapa/libs/sapa.so’:
     Found no calls to: ‘R_registerRoutines’, ‘R_useDynamicSymbols’
    
    It is good practice to register native routines and to disable symbol
    search.
    
    See ‘Writing portable packages’ in the ‘Writing R Extensions’ manual.
Flavors: r-devel-linux-x86_64-debian-clang, r-devel-linux-x86_64-debian-gcc, r-devel-linux-x86_64-fedora-clang, r-devel-linux-x86_64-fedora-gcc, r-patched-linux-x86_64, r-release-linux-x86_64