CRAN Package Check Results for Package sapa

Last updated on 2015-08-01 10:47:11.

Flavor Version Tinstall Tcheck Ttotal Status Flags
r-devel-linux-x86_64-debian-clang 2.0-1 1.49 14.69 16.18 NOTE
r-devel-linux-x86_64-debian-gcc 2.0-1 1.40 13.81 15.21 NOTE
r-devel-linux-x86_64-fedora-clang 2.0-1 32.09 NOTE
r-devel-linux-x86_64-fedora-gcc 2.0-1 28.07 NOTE
r-devel-osx-x86_64-clang 2.0-1 28.77 OK
r-devel-windows-ix86+x86_64 2.0-1 9.00 41.00 50.00 NOTE
r-patched-linux-x86_64 2.0-1 1.51 15.02 16.53 OK
r-patched-solaris-sparc 2.0-1 199.30 OK
r-patched-solaris-x86 2.0-1 42.70 OK
r-release-linux-x86_64 2.0-1 1.53 14.53 16.06 OK
r-release-osx-x86_64-mavericks 2.0-1 OK
r-release-windows-ix86+x86_64 2.0-1 9.00 33.00 42.00 OK
r-oldrel-windows-ix86+x86_64 2.0-1 14.00 43.00 57.00 OK

Check Details

Version: 2.0-1
Check: R code for possible problems
Result: NOTE
    SDF: no visible global function definition for ‘deltat’
    SDF: no visible global function definition for ‘is’
    SDF : createTaper: no visible global function definition for ‘is’
    plot.SDF: no visible global function definition for ‘is’
    plot.SDF: no visible global function definition for ‘par’
    plot.taper: no visible global function definition for ‘lines’
    print.SDF: no visible global function definition for ‘is’
    Undefined global functions or variables:
     deltat is lines par
    Consider adding
     importFrom("graphics", "lines", "par")
     importFrom("methods", "is")
     importFrom("stats", "deltat")
    to your NAMESPACE.
Flavors: r-devel-linux-x86_64-debian-clang, r-devel-linux-x86_64-debian-gcc, r-devel-linux-x86_64-fedora-clang, r-devel-linux-x86_64-fedora-gcc, r-devel-windows-ix86+x86_64