CRAN Package Check Results for Package sapa

Last updated on 2017-06-22 17:48:11.

Flavor Version Tinstall Tcheck Ttotal Status Flags
r-devel-linux-x86_64-debian-clang 2.0-2 1.72 19.33 21.05 NOTE
r-devel-linux-x86_64-debian-gcc 2.0-2 1.90 20.23 22.13 NOTE
r-devel-linux-x86_64-fedora-clang 2.0-2 35.81 NOTE
r-devel-linux-x86_64-fedora-gcc 2.0-2 35.86 NOTE
r-devel-windows-ix86+x86_64 2.0-2 13.00 47.00 60.00 OK
r-patched-linux-x86_64 2.0-2 1.97 19.45 21.41 NOTE
r-patched-solaris-sparc 2.0-2 220.30 OK
r-patched-solaris-x86 2.0-2 46.50 OK
r-release-linux-x86_64 2.0-2 1.51 18.81 20.32 NOTE
r-release-windows-ix86+x86_64 2.0-2 9.00 63.00 72.00 OK
r-release-osx-x86_64 2.0-2 OK
r-oldrel-windows-ix86+x86_64 2.0-2 12.00 44.00 56.00 OK
r-oldrel-osx-x86_64 2.0-2 OK

Check Details

Version: 2.0-2
Check: compiled code
Result: NOTE
    File ‘sapa/libs/sapa.so’:
     Found no calls to: ‘R_registerRoutines’, ‘R_useDynamicSymbols’
    
    It is good practice to register native routines and to disable symbol
    search.
    
    See ‘Writing portable packages’ in the ‘Writing R Extensions’ manual.
Flavors: r-devel-linux-x86_64-debian-clang, r-devel-linux-x86_64-debian-gcc, r-devel-linux-x86_64-fedora-clang, r-devel-linux-x86_64-fedora-gcc, r-patched-linux-x86_64, r-release-linux-x86_64