CRAN Package Check Results for Package sapa

Last updated on 2014-04-24 11:48:55.

Flavor Version Tinstall Tcheck Ttotal Status Flags
r-devel-linux-x86_64-debian-clang 2.0-0 2.34 23.03 25.37 NOTE
r-devel-linux-x86_64-debian-gcc 2.0-0 2.20 22.86 25.06 NOTE
r-devel-linux-x86_64-fedora-clang 2.0-0 50.07 NOTE
r-devel-linux-x86_64-fedora-gcc 2.0-0 46.99 NOTE
r-devel-osx-x86_64-clang 2.0-0 46.38 NOTE
r-devel-osx-x86_64-gcc 2.0-0 NOTE
r-devel-windows-ix86+x86_64 2.0-0 7.00 47.00 54.00 NOTE
r-patched-linux-x86_64 2.0-0 2.41 22.82 25.23 NOTE
r-patched-solaris-sparc 2.0-0 281.40 NOTE
r-patched-solaris-x86 2.0-0 62.00 NOTE
r-release-linux-ix86 2.0-0 4.00 40.00 44.00 NOTE
r-release-linux-x86_64 2.0-0 2.20 22.46 24.66 NOTE
r-release-osx-x86_64-mavericks 2.0-0 WARN
r-release-osx-x86_64-snowleopard 2.0-0 OK
r-release-windows-ix86+x86_64 2.0-0 9.00 44.00 53.00 NOTE
r-oldrel-windows-ix86+x86_64 2.0-0 9.00 44.00 53.00 NOTE

Check Details

Version: 2.0-0
Check: dependencies in R code
Result: NOTE
    Packages in Depends field not imported from:
     ‘ifultools’ ‘splus2R’
     These packages need to be imported from (in the NAMESPACE file)
     for when this namespace is loaded but not attached.
    See the information on DESCRIPTION files in the chapter ‘Creating R
    packages’ of the ‘Writing R Extensions’ manual.
Flavors: r-devel-linux-x86_64-debian-clang, r-devel-linux-x86_64-debian-gcc, r-devel-linux-x86_64-fedora-clang, r-devel-linux-x86_64-fedora-gcc, r-devel-osx-x86_64-clang, r-devel-osx-x86_64-gcc, r-devel-windows-ix86+x86_64, r-patched-linux-x86_64, r-patched-solaris-sparc, r-patched-solaris-x86, r-release-linux-ix86, r-release-linux-x86_64, r-release-osx-x86_64-mavericks, r-release-windows-ix86+x86_64, r-oldrel-windows-ix86+x86_64

Version: 2.0-0
Check: PDF version of manual
Result: WARNING
    LaTeX errors when creating PDF version.
    This typically indicates Rd problems.
    LaTeX errors found:
    ! LaTeX Error: File `upquote.sty' not found.
    
    Type X to quit or <RETURN> to proceed,
    or enter new name. (Default extension: sty)
    
    6c581d2/Rd2.tex:8: ==> Fatal error occurred, no output PDF file produced!
Flavor: r-release-osx-x86_64-mavericks