CRAN Package Check Results for Package sapa

Last updated on 2017-04-28 23:52:43.

Flavor Version Tinstall Tcheck Ttotal Status Flags
r-devel-linux-x86_64-debian-clang 2.0-2 1.60 18.88 20.48 NOTE
r-devel-linux-x86_64-debian-gcc 2.0-2 1.46 18.50 19.97 NOTE
r-devel-linux-x86_64-fedora-clang 2.0-2 39.35 NOTE --no-stop-on-test-error
r-devel-linux-x86_64-fedora-gcc 2.0-2 34.11 NOTE --no-stop-on-test-error
r-devel-windows-ix86+x86_64 2.0-2 8.00 62.00 70.00 OK
r-patched-linux-x86_64 2.0-2 1.47 18.02 19.49 NOTE
r-patched-solaris-sparc 2.0-2 220.30 OK
r-patched-solaris-x86 2.0-2 46.30 OK
r-release-linux-x86_64 2.0-2 1.52 18.11 19.63 NOTE
r-release-windows-ix86+x86_64 2.0-2 15.00 48.00 63.00 OK
r-release-osx-x86_64 2.0-2 OK
r-oldrel-windows-ix86+x86_64 2.0-2 13.00 43.00 56.00 OK
r-oldrel-osx-x86_64 2.0-2 OK

Check Details

Version: 2.0-2
Check: compiled code
Result: NOTE
    File ‘sapa/libs/sapa.so’:
     Found no calls to: ‘R_registerRoutines’, ‘R_useDynamicSymbols’
    
    It is good practice to register native routines and to disable symbol
    search.
    
    See ‘Writing portable packages’ in the ‘Writing R Extensions’ manual.
Flavors: r-devel-linux-x86_64-debian-clang, r-devel-linux-x86_64-debian-gcc, r-patched-linux-x86_64, r-release-linux-x86_64

Version: 2.0-2
Flags: --no-stop-on-test-error
Check: compiled code
Result: NOTE
    File ‘sapa/libs/sapa.so’:
     Found no calls to: ‘R_registerRoutines’, ‘R_useDynamicSymbols’
    
    It is good practice to register native routines and to disable symbol
    search.
    
    See ‘Writing portable packages’ in the ‘Writing R Extensions’ manual.
Flavors: r-devel-linux-x86_64-fedora-clang, r-devel-linux-x86_64-fedora-gcc