CRAN Package Check Results for Package sapa

Last updated on 2018-05-22 22:48:50 CEST.

Flavor Version Tinstall Tcheck Ttotal Status Flags
r-devel-linux-x86_64-debian-clang 2.0-2 3.19 34.01 37.20 NOTE
r-devel-linux-x86_64-debian-gcc 2.0-2 2.42 26.42 28.84 NOTE
r-devel-linux-x86_64-fedora-clang 2.0-2 44.35 NOTE
r-devel-linux-x86_64-fedora-gcc 2.0-2 41.94 NOTE
r-devel-windows-ix86+x86_64 2.0-2 10.00 78.00 88.00 OK
r-patched-linux-x86_64 2.0-2 3.06 28.87 31.93 NOTE
r-patched-solaris-x86 2.0-2 55.80 OK
r-release-linux-x86_64 2.0-2 3.03 28.36 31.39 NOTE
r-release-windows-ix86+x86_64 2.0-2 12.00 60.00 72.00 OK
r-release-osx-x86_64 2.0-2 OK
r-oldrel-windows-ix86+x86_64 2.0-2 11.00 66.00 77.00 OK
r-oldrel-osx-x86_64 2.0-2 OK

Check Details

Version: 2.0-2
Check: compiled code
Result: NOTE
    File ‘sapa/libs/sapa.so’:
     Found no calls to: ‘R_registerRoutines’, ‘R_useDynamicSymbols’
    
    It is good practice to register native routines and to disable symbol
    search.
    
    See ‘Writing portable packages’ in the ‘Writing R Extensions’ manual.
Flavors: r-devel-linux-x86_64-debian-clang, r-devel-linux-x86_64-debian-gcc, r-devel-linux-x86_64-fedora-clang, r-devel-linux-x86_64-fedora-gcc, r-patched-linux-x86_64, r-release-linux-x86_64