CRAN Package Check Results for Package sapfluxnetr

Last updated on 2019-07-17 19:47:00 CEST.

Flavor Version Tinstall Tcheck Ttotal Status Flags
r-devel-linux-x86_64-debian-clang 0.0.7 8.08 387.77 395.85 OK
r-devel-linux-x86_64-debian-gcc 0.0.7 8.52 290.65 299.17 OK
r-devel-linux-x86_64-fedora-clang 0.0.7 460.66 NOTE
r-devel-linux-x86_64-fedora-gcc 0.0.7 452.13 NOTE
r-devel-windows-ix86+x86_64 0.0.7 24.00 489.00 513.00 OK
r-patched-linux-x86_64 0.0.7 8.46 386.11 394.57 OK
r-patched-solaris-x86 0.0.7 1068.30 NOTE
r-release-linux-x86_64 0.0.7 9.24 381.40 390.64 OK
r-release-windows-ix86+x86_64 0.0.7 21.00 502.00 523.00 OK
r-release-osx-x86_64 0.0.7 NOTE
r-oldrel-windows-ix86+x86_64 0.0.7 11.00 478.00 489.00 OK
r-oldrel-osx-x86_64 0.0.7 NOTE

Check Details

Version: 0.0.7
Check: data for non-ASCII characters
Result: NOTE
     Note: found 4 marked UTF-8 strings
Flavors: r-devel-linux-x86_64-fedora-clang, r-devel-linux-x86_64-fedora-gcc, r-patched-solaris-x86, r-release-osx-x86_64, r-oldrel-osx-x86_64