CRAN Package Check Results for Package saqgetr

Last updated on 2020-02-25 04:48:16 CET.

Flavor Version Tinstall Tcheck Ttotal Status Flags
r-devel-linux-x86_64-debian-clang 0.1.19 4.32 36.59 40.91 OK
r-devel-linux-x86_64-debian-gcc 0.1.19 3.18 29.00 32.18 OK
r-devel-linux-x86_64-fedora-clang 0.1.19 50.88 NOTE
r-devel-linux-x86_64-fedora-gcc 0.1.19 47.30 NOTE
r-devel-windows-ix86+x86_64 0.1.19 10.00 48.00 58.00 OK
r-devel-windows-ix86+x86_64-gcc8 0.1.19 16.00 49.00 65.00 OK
r-patched-linux-x86_64 0.1.19 3.64 33.37 37.01 OK
r-patched-solaris-x86 0.1.19 65.90 NOTE
r-release-linux-x86_64 0.1.19 3.58 34.09 37.67 OK
r-release-windows-ix86+x86_64 0.1.19 9.00 46.00 55.00 OK
r-release-osx-x86_64 0.1.19 NOTE
r-oldrel-windows-ix86+x86_64 0.1.19 5.00 67.00 72.00 OK
r-oldrel-osx-x86_64 0.1.19 NOTE

Check Details

Version: 0.1.19
Check: dependencies in R code
Result: NOTE
    Namespace in Imports field not imported from: ‘curl’
     All declared Imports should be used.
Flavors: r-devel-linux-x86_64-fedora-clang, r-devel-linux-x86_64-fedora-gcc, r-patched-solaris-x86, r-release-osx-x86_64, r-oldrel-osx-x86_64