CRAN Package Check Results for Package sara4r

Last updated on 2020-11-27 00:49:02 CET.

Flavor Version Tinstall Tcheck Ttotal Status Flags
r-devel-linux-x86_64-debian-clang 0.0.7 21.55 109.88 131.43 OK
r-devel-linux-x86_64-debian-gcc 0.0.7 15.08 85.55 100.63 OK
r-devel-linux-x86_64-fedora-clang 0.0.7 146.21 NOTE
r-devel-linux-x86_64-fedora-gcc 0.0.7 141.26 OK
r-devel-windows-ix86+x86_64 0.0.7 42.00 78.00 120.00 NOTE
r-patched-linux-x86_64 0.0.7 21.42 104.23 125.65 OK
r-patched-solaris-x86 0.0.7 211.90 NOTE
r-release-linux-x86_64 0.0.7 16.94 104.86 121.80 OK
r-release-macos-x86_64 0.0.7 NOTE
r-release-windows-ix86+x86_64 0.0.7 42.00 105.00 147.00 NOTE
r-oldrel-macos-x86_64 0.0.7 NOTE
r-oldrel-windows-ix86+x86_64 0.0.7 41.00 106.00 147.00 NOTE

Check Details

Version: 0.0.7
Check: installed package size
Result: NOTE
     installed size is 63.0Mb
     sub-directories of 1Mb or more:
     extdata 62.6Mb
Flavors: r-devel-linux-x86_64-fedora-clang, r-devel-windows-ix86+x86_64, r-patched-solaris-x86, r-release-macos-x86_64, r-release-windows-ix86+x86_64, r-oldrel-macos-x86_64, r-oldrel-windows-ix86+x86_64