CRAN Package Check Results for Package sas7bdat

Last updated on 2015-08-30 17:48:29.

Flavor Version Tinstall Tcheck Ttotal Status Flags
r-devel-linux-x86_64-debian-clang 0.5 0.56 12.60 13.17 NOTE
r-devel-linux-x86_64-debian-gcc 0.5 0.53 12.75 13.28 NOTE
r-devel-linux-x86_64-fedora-clang 0.5 25.72 NOTE
r-devel-linux-x86_64-fedora-gcc 0.5 23.42 NOTE
r-devel-osx-x86_64-clang 0.5 24.31 OK
r-devel-windows-ix86+x86_64 0.5 4.00 26.00 30.00 NOTE
r-patched-linux-x86_64 0.5 0.58 13.21 13.78 OK
r-patched-solaris-sparc 0.5 164.00 OK
r-patched-solaris-x86 0.5 36.90 OK
r-release-linux-x86_64 0.5 0.70 14.00 14.70 OK
r-release-osx-x86_64-mavericks 0.5 OK
r-release-windows-ix86+x86_64 0.5 2.00 24.00 26.00 OK
r-oldrel-windows-ix86+x86_64 0.5 5.00 26.00 31.00 OK

Check Details

Version: 0.5
Check: R code for possible problems
Result: NOTE
    download.sas7bdat.sources : <anonymous>: no visible global function
     definition for ‘download.file’
    generate.sas7bdat.source: no visible global function definition for
     ‘download.file’
    Undefined global functions or variables:
     download.file
    Consider adding
     importFrom("utils", "download.file")
    to your NAMESPACE.
Flavors: r-devel-linux-x86_64-debian-clang, r-devel-linux-x86_64-debian-gcc, r-devel-linux-x86_64-fedora-clang, r-devel-linux-x86_64-fedora-gcc, r-devel-windows-ix86+x86_64