CRAN Package Check Results for Package sas7bdat

Last updated on 2015-07-31 22:49:46.

Flavor Version Tinstall Tcheck Ttotal Status Flags
r-devel-linux-x86_64-debian-clang 0.5 0.54 13.67 14.21 NOTE
r-devel-linux-x86_64-debian-gcc 0.5 0.73 13.21 13.94 NOTE
r-devel-linux-x86_64-fedora-clang 0.5 28.09 NOTE
r-devel-linux-x86_64-fedora-gcc 0.5 24.91 NOTE
r-devel-osx-x86_64-clang 0.5 27.26 OK
r-devel-windows-ix86+x86_64 0.5 2.00 24.00 26.00 NOTE
r-patched-linux-x86_64 0.5 0.64 13.32 13.96 OK
r-patched-solaris-sparc 0.5 164.00 OK
r-patched-solaris-x86 0.5 35.60 OK
r-release-linux-x86_64 0.5 0.55 13.52 14.07 OK
r-release-osx-x86_64-mavericks 0.5 OK
r-release-windows-ix86+x86_64 0.5 3.00 25.00 28.00 OK
r-oldrel-windows-ix86+x86_64 0.5 5.00 26.00 31.00 OK

Check Details

Version: 0.5
Check: R code for possible problems
Result: NOTE
    download.sas7bdat.sources : <anonymous>: no visible global function
     definition for ‘download.file’
    generate.sas7bdat.source: no visible global function definition for
     ‘download.file’
    Undefined global functions or variables:
     download.file
    Consider adding
     importFrom("utils", "download.file")
    to your NAMESPACE.
Flavors: r-devel-linux-x86_64-debian-clang, r-devel-linux-x86_64-debian-gcc, r-devel-linux-x86_64-fedora-clang, r-devel-linux-x86_64-fedora-gcc, r-devel-windows-ix86+x86_64