CRAN Package Check Results for Package sas7bdat

Last updated on 2016-12-02 23:48:20.

Flavor Version Tinstall Tcheck Ttotal Status Flags
r-devel-linux-x86_64-debian-clang 0.5 0.61 15.16 15.77 NOTE
r-devel-linux-x86_64-debian-gcc 0.5 0.58 14.84 15.41 NOTE
r-devel-linux-x86_64-fedora-clang 0.5 27.71 NOTE
r-devel-linux-x86_64-fedora-gcc 0.5 28.47 NOTE
r-devel-macos-x86_64-clang 0.5 23.92 NOTE
r-devel-windows-ix86+x86_64 0.5 5.00 32.00 37.00 NOTE
r-patched-linux-x86_64 0.5 0.59 13.59 14.18 NOTE
r-patched-solaris-sparc 0.5 136.00 NOTE
r-patched-solaris-x86 0.5 30.00 NOTE
r-release-linux-x86_64 0.5 0.67 13.26 13.93 NOTE
r-release-osx-x86_64-mavericks 0.5 NOTE
r-release-windows-ix86+x86_64 0.5 2.00 35.00 37.00 NOTE
r-oldrel-windows-ix86+x86_64 0.5 2.00 50.00 52.00 OK

Check Details

Version: 0.5
Check: R code for possible problems
Result: NOTE
    download.sas7bdat.sources : <anonymous>: no visible global function
     definition for ‘download.file’
    generate.sas7bdat.source: no visible global function definition for
     ‘download.file’
    Undefined global functions or variables:
     download.file
    Consider adding
     importFrom("utils", "download.file")
    to your NAMESPACE file.
Flavors: r-devel-linux-x86_64-debian-clang, r-devel-linux-x86_64-debian-gcc, r-devel-linux-x86_64-fedora-clang, r-devel-linux-x86_64-fedora-gcc, r-devel-macos-x86_64-clang, r-devel-windows-ix86+x86_64, r-patched-linux-x86_64, r-patched-solaris-sparc, r-patched-solaris-x86, r-release-linux-x86_64, r-release-osx-x86_64-mavericks, r-release-windows-ix86+x86_64