CRAN Package Check Results for Package sas7bdat

Last updated on 2016-07-30 23:47:44.

Flavor Version Tinstall Tcheck Ttotal Status Flags
r-devel-linux-x86_64-debian-clang 0.5 0.55 13.22 13.77 NOTE
r-devel-linux-x86_64-debian-gcc 0.5 0.60 13.27 13.86 NOTE
r-devel-linux-x86_64-fedora-clang 0.5 24.37 NOTE
r-devel-linux-x86_64-fedora-gcc 0.5 21.85 NOTE
r-devel-osx-x86_64-clang 0.5 20.79 NOTE
r-devel-windows-ix86+x86_64 0.5 2.00 32.00 34.00 NOTE
r-patched-linux-x86_64 0.5 0.54 13.39 13.93 NOTE
r-patched-solaris-sparc 0.5 136.00 NOTE
r-patched-solaris-x86 0.5 29.20 NOTE
r-release-linux-x86_64 0.5 0.62 17.05 17.67 NOTE
r-release-osx-x86_64-mavericks 0.5 NOTE
r-release-windows-ix86+x86_64 0.5 2.00 45.00 47.00 NOTE
r-oldrel-windows-ix86+x86_64 0.5 3.00 40.00 43.00 OK

Check Details

Version: 0.5
Check: R code for possible problems
Result: NOTE
    download.sas7bdat.sources : <anonymous>: no visible global function
     definition for ‘download.file’
    generate.sas7bdat.source: no visible global function definition for
     ‘download.file’
    Undefined global functions or variables:
     download.file
    Consider adding
     importFrom("utils", "download.file")
    to your NAMESPACE file.
Flavors: r-devel-linux-x86_64-debian-clang, r-devel-linux-x86_64-debian-gcc, r-devel-linux-x86_64-fedora-clang, r-devel-linux-x86_64-fedora-gcc, r-devel-osx-x86_64-clang, r-devel-windows-ix86+x86_64, r-patched-linux-x86_64, r-patched-solaris-sparc, r-patched-solaris-x86, r-release-linux-x86_64, r-release-osx-x86_64-mavericks, r-release-windows-ix86+x86_64