CRAN Package Check Results for Package sas7bdat

Last updated on 2017-05-28 23:50:17.

Flavor Version Tinstall Tcheck Ttotal Status Flags
r-devel-linux-x86_64-debian-clang 0.5 0.68 16.39 17.07 NOTE
r-devel-linux-x86_64-debian-gcc 0.5 0.59 15.58 16.17 NOTE
r-devel-linux-x86_64-fedora-clang 0.5 27.58 NOTE
r-devel-linux-x86_64-fedora-gcc 0.5 26.83 NOTE
r-devel-windows-ix86+x86_64 0.5 2.00 46.00 48.00 NOTE
r-patched-linux-x86_64 0.5 0.75 16.37 17.12 NOTE
r-patched-solaris-sparc 0.5 159.10 NOTE
r-patched-solaris-x86 0.5 35.70 NOTE
r-release-linux-x86_64 0.5 0.82 16.85 17.67 NOTE
r-release-windows-ix86+x86_64 0.5 2.00 32.00 34.00 NOTE
r-release-osx-x86_64 0.5 WARN
r-oldrel-windows-ix86+x86_64 0.5 2.00 35.00 37.00 NOTE
r-oldrel-osx-x86_64 0.5 NOTE

Check Details

Version: 0.5
Check: R code for possible problems
Result: NOTE
    download.sas7bdat.sources : <anonymous>: no visible global function
     definition for ‘download.file’
    generate.sas7bdat.source: no visible global function definition for
     ‘download.file’
    Undefined global functions or variables:
     download.file
    Consider adding
     importFrom("utils", "download.file")
    to your NAMESPACE file.
Flavors: r-devel-linux-x86_64-debian-clang, r-devel-linux-x86_64-debian-gcc, r-devel-linux-x86_64-fedora-clang, r-devel-linux-x86_64-fedora-gcc, r-devel-windows-ix86+x86_64, r-patched-linux-x86_64, r-patched-solaris-sparc, r-patched-solaris-x86, r-release-linux-x86_64, r-release-windows-ix86+x86_64, r-release-osx-x86_64, r-oldrel-windows-ix86+x86_64, r-oldrel-osx-x86_64

Version: 0.5
Check: re-building of vignette outputs
Result: WARN
    Error in re-building vignettes:
     ...
    Error in texi2dvi(file = file, pdf = TRUE, clean = clean, quiet = quiet, :
     Running 'texi2dvi' on 'sas7bdat.tex' failed.
    LaTeX errors:
    ! LaTeX Error: File `fullpage.sty' not found.
    
    Type X to quit or <RETURN> to proceed,
    or enter new name. (Default extension: sty)
    
    ! Emergency stop.
    <read *>
    
    l.20 \usepackage
     {Sweave}^^M
    ! ==> Fatal error occurred, no output PDF file produced!
    Calls: buildVignettes -> texi2pdf -> texi2dvi
    Execution halted
Flavor: r-release-osx-x86_64