CRAN Package Check Results for Package sas7bdat

Last updated on 2017-03-29 11:49:54.

Flavor Version Tinstall Tcheck Ttotal Status Flags
r-devel-linux-x86_64-debian-clang 0.5 0.58 15.65 16.23 NOTE
r-devel-linux-x86_64-debian-gcc 0.5 0.61 15.56 16.17 NOTE
r-devel-linux-x86_64-fedora-clang 0.5 28.99 NOTE --no-stop-on-test-error
r-devel-linux-x86_64-fedora-gcc 0.5 26.73 NOTE --no-stop-on-test-error
r-devel-macos-x86_64-clang 0.5 23.65 NOTE --no-stop-on-test-error
r-devel-windows-ix86+x86_64 0.5 2.00 35.00 37.00 NOTE
r-patched-linux-x86_64 0.5 0.64 15.45 16.09 NOTE
r-patched-solaris-sparc 0.5 159.10 NOTE
r-patched-solaris-x86 0.5 38.00 NOTE
r-release-linux-x86_64 0.5 0.54 13.61 14.15 NOTE
r-release-osx-x86_64-mavericks 0.5 NOTE
r-release-windows-ix86+x86_64 0.5 2.00 35.00 37.00 NOTE
r-oldrel-windows-ix86+x86_64 0.5 2.00 50.00 52.00 OK

Check Details

Version: 0.5
Check: R code for possible problems
Result: NOTE
    download.sas7bdat.sources : <anonymous>: no visible global function
     definition for ‘download.file’
    generate.sas7bdat.source: no visible global function definition for
     ‘download.file’
    Undefined global functions or variables:
     download.file
    Consider adding
     importFrom("utils", "download.file")
    to your NAMESPACE file.
Flavors: r-devel-linux-x86_64-debian-clang, r-devel-linux-x86_64-debian-gcc, r-devel-windows-ix86+x86_64, r-patched-linux-x86_64, r-patched-solaris-sparc, r-patched-solaris-x86, r-release-linux-x86_64, r-release-osx-x86_64-mavericks, r-release-windows-ix86+x86_64

Version: 0.5
Flags: --no-stop-on-test-error
Check: R code for possible problems
Result: NOTE
    download.sas7bdat.sources : <anonymous>: no visible global function
     definition for ‘download.file’
    generate.sas7bdat.source: no visible global function definition for
     ‘download.file’
    Undefined global functions or variables:
     download.file
    Consider adding
     importFrom("utils", "download.file")
    to your NAMESPACE file.
Flavors: r-devel-linux-x86_64-fedora-clang, r-devel-linux-x86_64-fedora-gcc, r-devel-macos-x86_64-clang