CRAN Package Check Results for Package sas7bdat

Last updated on 2016-04-29 03:53:31.

Flavor Version Tinstall Tcheck Ttotal Status Flags
r-devel-linux-x86_64-debian-gcc 0.5 0.53 13.26 13.79 NOTE
r-devel-linux-x86_64-fedora-clang 0.5 22.84 NOTE
r-devel-linux-x86_64-fedora-gcc 0.5 21.69 NOTE
r-devel-osx-x86_64-clang 0.5 28.28 NOTE
r-devel-windows-ix86+x86_64 0.5 3.00 36.00 39.00 NOTE
r-patched-linux-x86_64 0.5 0.55 13.23 13.78 NOTE
r-patched-solaris-sparc 0.5 134.20 NOTE
r-patched-solaris-x86 0.5 31.10 NOTE
r-release-linux-x86_64 0.5 0.66 14.53 15.19 OK
r-release-osx-x86_64-mavericks 0.5 OK
r-release-windows-ix86+x86_64 0.5 3.00 40.00 43.00 OK
r-oldrel-windows-ix86+x86_64 0.5 5.00 26.00 31.00 OK

Check Details

Version: 0.5
Check: R code for possible problems
Result: NOTE
    download.sas7bdat.sources : <anonymous>: no visible global function
     definition for ‘download.file’
    generate.sas7bdat.source: no visible global function definition for
     ‘download.file’
    Undefined global functions or variables:
     download.file
    Consider adding
     importFrom("utils", "download.file")
    to your NAMESPACE file.
Flavors: r-devel-linux-x86_64-debian-gcc, r-devel-linux-x86_64-fedora-clang, r-devel-linux-x86_64-fedora-gcc, r-devel-osx-x86_64-clang, r-devel-windows-ix86+x86_64, r-patched-linux-x86_64, r-patched-solaris-sparc, r-patched-solaris-x86