CRAN Package Check Results for Package sas7bdat

Last updated on 2014-12-22 06:48:47.

Flavor Version Tinstall Tcheck Ttotal Status Flags
r-devel-linux-x86_64-debian-clang 0.5 0.61 13.96 14.58 OK
r-devel-linux-x86_64-debian-gcc 0.5 0.58 13.70 14.27 OK
r-devel-linux-x86_64-fedora-clang 0.5 29.99 OK
r-devel-linux-x86_64-fedora-gcc 0.5 28.34 OK
r-devel-osx-x86_64-clang 0.5 32.75 OK
r-devel-windows-ix86+x86_64 0.5 3.00 24.00 27.00 OK
r-patched-linux-x86_64 0.5 0.61 13.68 14.29 OK
r-patched-solaris-sparc 0.5 161.70 OK
r-patched-solaris-x86 0.5 38.90 OK
r-release-linux-ix86 0.5 0.89 20.26 21.15 OK
r-release-linux-x86_64 0.5 0.61 13.66 14.27 OK
r-release-osx-x86_64-mavericks 0.5 NOTE
r-release-osx-x86_64-snowleopard 0.5 OK
r-release-windows-ix86+x86_64 0.5 2.00 30.00 32.00 OK
r-oldrel-windows-ix86+x86_64 0.5 3.00 26.00 29.00 OK

Check Details

Version: 0.5
Check: re-building of vignette outputs
Result: NOTE
    Error in re-building vignettes:
     ...
    Error in texi2dvi(file = file, pdf = TRUE, clean = clean, quiet = quiet, :
     Running 'texi2dvi' on 'sas7bdat.tex' failed.
    LaTeX errors:
    ! LaTeX Error: File `fullpage.sty' not found.
    
    Type X to quit or <RETURN> to proceed,
    or enter new name. (Default extension: sty)
    
    n_test/sas7bdat/vignettes/sas7bdat.tex:20: ==> Fatal error occurred, no output
     PDF file produced!
    Calls: buildVignettes -> texi2pdf -> texi2dvi
    Execution halted
Flavor: r-release-osx-x86_64-mavericks