CRAN Package Check Results for Package sasMap

Last updated on 2019-03-22 05:50:33 CET.

Flavor Version Tinstall Tcheck Ttotal Status Flags
r-devel-linux-x86_64-debian-clang 1.0.0 2.97 28.51 31.48 OK
r-devel-linux-x86_64-debian-gcc 1.0.0 2.28 22.67 24.95 OK
r-devel-linux-x86_64-fedora-clang 1.0.0 37.92 NOTE
r-devel-linux-x86_64-fedora-gcc 1.0.0 34.75 NOTE
r-devel-windows-ix86+x86_64 1.0.0 11.00 59.00 70.00 OK
r-patched-linux-x86_64 1.0.0 1.36 26.24 27.60 OK
r-patched-solaris-x86 1.0.0 58.30 NOTE
r-release-linux-x86_64 1.0.0 1.88 26.31 28.19 OK
r-release-windows-ix86+x86_64 1.0.0 5.00 53.00 58.00 OK
r-release-osx-x86_64 1.0.0 NOTE
r-oldrel-windows-ix86+x86_64 1.0.0 8.00 54.00 62.00 OK
r-oldrel-osx-x86_64 1.0.0 NOTE

Check Details

Version: 1.0.0
Check: dependencies in R code
Result: NOTE
    Namespace in Imports field not imported from: ‘stringi’
     All declared Imports should be used.
Flavors: r-devel-linux-x86_64-fedora-clang, r-devel-linux-x86_64-fedora-gcc, r-patched-solaris-x86, r-release-osx-x86_64, r-oldrel-osx-x86_64