CRAN Package Check Results for Package sasMap

Last updated on 2019-05-21 04:49:07 CEST.

Flavor Version Tinstall Tcheck Ttotal Status Flags
r-devel-linux-x86_64-debian-clang 1.0.0 2.57 28.89 31.46 OK
r-devel-linux-x86_64-debian-gcc 1.0.0 2.44 23.08 25.52 OK
r-devel-linux-x86_64-fedora-clang 1.0.0 39.50 NOTE
r-devel-linux-x86_64-fedora-gcc 1.0.0 35.66 NOTE
r-devel-windows-ix86+x86_64 1.0.0 13.00 56.00 69.00 OK
r-patched-linux-x86_64 1.0.0 2.72 28.69 31.41 OK
r-patched-solaris-x86 1.0.0 63.40 NOTE
r-release-linux-x86_64 1.0.0 3.05 29.61 32.66 OK
r-release-windows-ix86+x86_64 1.0.0 13.00 52.00 65.00 OK
r-release-osx-x86_64 1.0.0 NOTE
r-oldrel-windows-ix86+x86_64 1.0.0 5.00 38.00 43.00 OK
r-oldrel-osx-x86_64 1.0.0 NOTE

Check Details

Version: 1.0.0
Check: dependencies in R code
Result: NOTE
    Namespace in Imports field not imported from: ‘stringi’
     All declared Imports should be used.
Flavors: r-devel-linux-x86_64-fedora-clang, r-devel-linux-x86_64-fedora-gcc, r-patched-solaris-x86, r-release-osx-x86_64, r-oldrel-osx-x86_64