CRAN Package Check Results for Package satdad

Last updated on 2023-06-07 22:02:54 CEST.

Flavor Version Tinstall Tcheck Ttotal Status Flags
r-devel-linux-x86_64-debian-clang 1.1 47.46 78.73 126.19 OK
r-devel-linux-x86_64-debian-gcc 1.1 42.85 62.07 104.92 OK
r-devel-linux-x86_64-fedora-clang 1.1 176.97 NOTE
r-devel-linux-x86_64-fedora-gcc 1.1 186.40 OK
r-devel-windows-x86_64 1.1 41.00 122.00 163.00 NOTE
r-patched-linux-x86_64 1.1 44.77 77.44 122.21 OK
r-release-linux-x86_64 1.1 37.89 77.81 115.70 OK
r-release-macos-arm64 1.1 67.00 NOTE
r-release-macos-x86_64 1.1 94.00 NOTE
r-release-windows-x86_64 1.1 49.00 134.00 183.00 NOTE
r-oldrel-macos-arm64 1.1 70.00 ERROR
r-oldrel-macos-x86_64 1.1 93.00 ERROR
r-oldrel-windows-x86_64 1.1 48.00 129.00 177.00 NOTE

Check Details

Version: 1.1
Check: Rd cross-references
Result: NOTE
    Undeclared package ‘evd’ in Rd xrefs
Flavor: r-devel-linux-x86_64-fedora-clang

Version: 1.1
Check: installed package size
Result: NOTE
     installed size is 5.3Mb
     sub-directories of 1Mb or more:
     doc 3.9Mb
     libs 1.2Mb
Flavors: r-devel-windows-x86_64, r-release-macos-arm64, r-release-macos-x86_64, r-release-windows-x86_64, r-oldrel-macos-arm64, r-oldrel-macos-x86_64, r-oldrel-windows-x86_64

Version: 1.1
Check: PDF version of manual
Result: WARN
    LaTeX errors when creating PDF version.
    This typically indicates Rd problems.
    LaTeX errors found:
    ! Undefined control sequence.
    <recently read> \dfrac
    
    l.192 ...omputed by \eqn{\dfrac{|I|-ec}{|I|-1}}{}
     .
    ! Undefined control sequence.
    <argument> 1 - \dfrac
     {\hat {\ell }_{k,n}(1_I,0_{I^c})}{|I|}
    l.280 ...ac{\hat{\ell}_{k,n}(1_I,0_{I^c})}{|I|}}{}
     .
    ! Undefined control sequence.
    <argument> S_I(\ell )=\dfrac
     {D_I(\ell )}{D(\ell )}
    l.1278 ...{S_I(\ell)=\dfrac{D_I(\ell)}{D(\ell)}}{}
     .
    ! Undefined control sequence.
    <argument> S_I(\ell )=\dfrac
     {D_I(\ell )}{D(\ell )}
    l.1364 ...{S_I(\ell)=\dfrac{D_I(\ell)}{D(\ell)}}{}
     .
    ! Undefined control sequence.
    <argument> \hat {S}_{I,k,n}=\dfrac
     {\hat {D}_{I,k,n}}{\hat {D}_{k,n}}
    l.1374 ...dfrac{\hat{D}_{I,k,n}}{\hat{D}_{k,n}}}{}
    
    ! Undefined control sequence.
    <recently read> \dfrac
    
    l.1607 ...hat{\Upsilon}_{I,k,n}}{\hat{D}_{k,n}}}{}
     the empirical counterpart...
    ! Undefined control sequence.
    <recently read> \dfrac
    
    l.1607 ...n{\dfrac{\Upsilon_I(\ell)}{D_I(\ell)}}{}
     .
    ! Undefined control sequence.
    <recently read> \dfrac
    
    l.1609 ... by \eqn{\dfrac{(2|I|+2)!}{2(|I|!)^2}}{}
     .
Flavors: r-oldrel-macos-arm64, r-oldrel-macos-x86_64

Version: 1.1
Check: PDF version of manual without index
Result: ERROR
Flavors: r-oldrel-macos-arm64, r-oldrel-macos-x86_64