Last updated on 2022-06-30 21:49:53 CEST.
Flavor | Version | Tinstall | Tcheck | Ttotal | Status | Flags |
---|---|---|---|---|---|---|
r-devel-linux-x86_64-debian-clang | 1.0.4 | 56.41 | 408.39 | 464.80 | OK | |
r-devel-linux-x86_64-debian-gcc | 1.0.4 | 43.11 | 305.59 | 348.70 | OK | |
r-devel-linux-x86_64-fedora-clang | 1.0.4 | 558.33 | OK | |||
r-devel-linux-x86_64-fedora-gcc | 1.0.4 | 567.73 | OK | |||
r-devel-windows-x86_64 | 1.0.4 | 224.00 | 438.00 | 662.00 | OK | |
r-patched-linux-x86_64 | 1.0.4 | 44.96 | 393.70 | 438.66 | OK | |
r-release-linux-x86_64 | 1.0.4 | 45.48 | 390.64 | 436.12 | OK | |
r-release-macos-arm64 | 1.0.4 | 130.00 | OK | |||
r-release-macos-x86_64 | 1.0.4 | 177.00 | OK | |||
r-release-windows-x86_64 | 1.0.4 | 158.00 | 442.00 | 600.00 | OK | |
r-oldrel-macos-arm64 | 1.0.4 | 155.00 | OK | |||
r-oldrel-macos-x86_64 | 1.0.4 | 171.00 | OK | |||
r-oldrel-windows-ix86+x86_64 | 1.0.4 | 116.00 | 647.00 | 763.00 | NOTE |
Version: 1.0.4
Check: installed package size
Result: NOTE
installed size is 5.6Mb
sub-directories of 1Mb or more:
R 1.6Mb
extdata 1.3Mb
libs 2.0Mb
Flavor: r-oldrel-windows-ix86+x86_64