CRAN Package Check Results for Package saws

Last updated on 2014-04-24 03:47:54.

Flavor Version Tinstall Tcheck Ttotal Status Flags
r-devel-linux-x86_64-debian-clang 0.9-6.1 0.77 12.76 13.53 OK
r-devel-linux-x86_64-debian-gcc 0.9-6.1 0.70 12.52 13.22 OK
r-devel-linux-x86_64-fedora-clang 0.9-6.1 30.27 OK
r-devel-linux-x86_64-fedora-gcc 0.9-6.1 29.68 OK
r-devel-osx-x86_64-clang 0.9-6.1 27.70 OK
r-devel-osx-x86_64-gcc 0.9-6.1 OK
r-devel-windows-ix86+x86_64 0.9-6.1 3.00 19.00 22.00 OK
r-patched-linux-x86_64 0.9-6.1 0.68 12.50 13.18 OK
r-patched-solaris-sparc 0.9-6.1 144.60 OK
r-patched-solaris-x86 0.9-6.1 41.40 OK
r-release-linux-ix86 0.9-6.1 2.00 26.00 28.00 OK
r-release-linux-x86_64 0.9-6.1 0.70 12.51 13.20 OK
r-release-osx-x86_64-mavericks 0.9-6.1 WARN
r-release-osx-x86_64-snowleopard 0.9-6.1 OK
r-release-windows-ix86+x86_64 0.9-6.1 3.00 20.00 23.00 OK
r-oldrel-windows-ix86+x86_64 0.9-6.1 3.00 22.00 25.00 OK

Check Details

Version: 0.9-6.1
Check: PDF version of manual
Result: WARNING
    LaTeX errors when creating PDF version.
    This typically indicates Rd problems.
    LaTeX errors found:
    ! LaTeX Error: File `upquote.sty' not found.
    
    Type X to quit or <RETURN> to proceed,
    or enter new name. (Default extension: sty)
    
    62c287/Rd2.tex:8: ==> Fatal error occurred, no output PDF file produced!
Flavor: r-release-osx-x86_64-mavericks