CRAN Package Check Results for Package saws

Last updated on 2018-02-25 09:50:37 CET.

Flavor Version Tinstall Tcheck Ttotal Status Flags
r-devel-linux-x86_64-debian-clang 0.9-6.1 1.21 22.90 24.11 NOTE
r-devel-linux-x86_64-debian-gcc 0.9-6.1 0.97 17.72 18.69 NOTE
r-devel-linux-x86_64-fedora-clang 0.9-6.1 29.14 NOTE
r-devel-linux-x86_64-fedora-gcc 0.9-6.1 28.15 NOTE
r-devel-windows-ix86+x86_64 0.9-6.1 4.00 48.00 52.00 NOTE
r-patched-linux-x86_64 0.9-6.1 0.85 22.46 23.31 NOTE
r-patched-solaris-x86 0.9-6.1 35.50 NOTE
r-release-linux-x86_64 0.9-6.1 0.99 22.46 23.45 NOTE
r-release-windows-ix86+x86_64 0.9-6.1 3.00 43.00 46.00 NOTE
r-release-osx-x86_64 0.9-6.1 NOTE
r-oldrel-windows-ix86+x86_64 0.9-6.1 3.00 38.00 41.00 NOTE
r-oldrel-osx-x86_64 0.9-6.1 NOTE

Check Details

Version: 0.9-6.1
Check: R code for possible problems
Result: NOTE
    clogistCalc: no visible global function definition for ‘model.matrix’
    clogistCalc: no visible global function definition for ‘glm.fit’
    clogistCalc: no visible global function definition for ‘binomial’
    clogistInfo : all.not.equal: no visible global function definition for
     ‘var’
    geeUOmega: no visible global function definition for ‘model.extract’
    geeUOmega: no visible global function definition for ‘model.matrix’
    geeUOmega: no visible binding for global variable ‘contrasts’
    mgee: no visible binding for global variable ‘gaussian’
    sawsCalc: no visible global function definition for ‘pf’
    sawsCalc: no visible global function definition for ‘qt’
    Undefined global functions or variables:
     binomial contrasts gaussian glm.fit model.extract model.matrix pf qt
     var
    Consider adding
     importFrom("stats", "binomial", "contrasts", "gaussian", "glm.fit",
     "model.extract", "model.matrix", "pf", "qt", "var")
    to your NAMESPACE file.
Flavors: r-devel-linux-x86_64-debian-clang, r-devel-linux-x86_64-debian-gcc, r-devel-linux-x86_64-fedora-clang, r-devel-linux-x86_64-fedora-gcc, r-devel-windows-ix86+x86_64, r-patched-linux-x86_64, r-patched-solaris-x86, r-release-linux-x86_64, r-release-windows-ix86+x86_64, r-release-osx-x86_64, r-oldrel-windows-ix86+x86_64, r-oldrel-osx-x86_64