CRAN Package Check Results for Package saws

Last updated on 2017-12-13 00:47:06 CET.

Flavor Version Tinstall Tcheck Ttotal Status Flags
r-devel-linux-x86_64-debian-clang 0.9-6.1 0.65 21.57 22.22 NOTE
r-devel-linux-x86_64-debian-gcc 0.9-6.1 0.59 18.30 18.89 NOTE
r-devel-linux-x86_64-fedora-clang 0.9-6.1 27.35 NOTE
r-devel-windows-ix86+x86_64 0.9-6.1 5.00 33.00 38.00 NOTE
r-patched-linux-x86_64 0.9-6.1 0.75 22.23 22.98 NOTE
r-patched-solaris-x86 0.9-6.1 40.10 NOTE
r-release-linux-x86_64 0.9-6.1 0.75 23.19 23.94 NOTE
r-release-windows-ix86+x86_64 0.9-6.1 2.00 43.00 45.00 NOTE
r-release-osx-x86_64 0.9-6.1 NOTE
r-oldrel-windows-ix86+x86_64 0.9-6.1 5.00 37.00 42.00 NOTE
r-oldrel-osx-x86_64 0.9-6.1 NOTE

Check Details

Version: 0.9-6.1
Check: R code for possible problems
Result: NOTE
    clogistCalc: no visible global function definition for ‘model.matrix’
    clogistCalc: no visible global function definition for ‘glm.fit’
    clogistCalc: no visible global function definition for ‘binomial’
    clogistInfo : all.not.equal: no visible global function definition for
     ‘var’
    geeUOmega: no visible global function definition for ‘model.extract’
    geeUOmega: no visible global function definition for ‘model.matrix’
    geeUOmega: no visible binding for global variable ‘contrasts’
    mgee: no visible binding for global variable ‘gaussian’
    sawsCalc: no visible global function definition for ‘pf’
    sawsCalc: no visible global function definition for ‘qt’
    Undefined global functions or variables:
     binomial contrasts gaussian glm.fit model.extract model.matrix pf qt
     var
    Consider adding
     importFrom("stats", "binomial", "contrasts", "gaussian", "glm.fit",
     "model.extract", "model.matrix", "pf", "qt", "var")
    to your NAMESPACE file.
Flavors: r-devel-linux-x86_64-debian-clang, r-devel-linux-x86_64-debian-gcc, r-devel-linux-x86_64-fedora-clang, r-devel-windows-ix86+x86_64, r-patched-linux-x86_64, r-patched-solaris-x86, r-release-linux-x86_64, r-release-windows-ix86+x86_64, r-release-osx-x86_64, r-oldrel-windows-ix86+x86_64, r-oldrel-osx-x86_64