CRAN Package Check Results for Package saws

Last updated on 2016-05-24 23:48:22.

Flavor Version Tinstall Tcheck Ttotal Status Flags
r-devel-linux-x86_64-debian-gcc 0.9-6.1 0.63 12.61 13.24 NOTE
r-devel-linux-x86_64-fedora-clang 0.9-6.1 24.56 NOTE
r-devel-linux-x86_64-fedora-gcc 0.9-6.1 21.78 NOTE
r-devel-osx-x86_64-clang 0.9-6.1 24.43 NOTE
r-devel-windows-ix86+x86_64 0.9-6.1 3.00 45.00 48.00 NOTE
r-patched-linux-x86_64 0.9-6.1 0.68 12.65 13.33 NOTE
r-patched-solaris-sparc 0.9-6.1 132.30 NOTE
r-patched-solaris-x86 0.9-6.1 30.00 NOTE
r-release-linux-x86_64 0.9-6.1 0.62 12.66 13.28 NOTE
r-release-osx-x86_64-mavericks 0.9-6.1 NOTE
r-release-windows-ix86+x86_64 0.9-6.1 3.00 45.00 48.00 NOTE
r-oldrel-windows-ix86+x86_64 0.9-6.1 6.00 30.00 36.00 OK

Check Details

Version: 0.9-6.1
Check: R code for possible problems
Result: NOTE
    clogistCalc: no visible global function definition for ‘model.matrix’
    clogistCalc: no visible global function definition for ‘glm.fit’
    clogistCalc: no visible global function definition for ‘binomial’
    clogistInfo : all.not.equal: no visible global function definition for
     ‘var’
    geeUOmega: no visible global function definition for ‘model.extract’
    geeUOmega: no visible global function definition for ‘model.matrix’
    geeUOmega: no visible binding for global variable ‘contrasts’
    mgee: no visible binding for global variable ‘gaussian’
    sawsCalc: no visible global function definition for ‘pf’
    sawsCalc: no visible global function definition for ‘qt’
    Undefined global functions or variables:
     binomial contrasts gaussian glm.fit model.extract model.matrix pf qt
     var
    Consider adding
     importFrom("stats", "binomial", "contrasts", "gaussian", "glm.fit",
     "model.extract", "model.matrix", "pf", "qt", "var")
    to your NAMESPACE file.
Flavors: r-devel-linux-x86_64-debian-gcc, r-devel-linux-x86_64-fedora-clang, r-devel-linux-x86_64-fedora-gcc, r-devel-osx-x86_64-clang, r-devel-windows-ix86+x86_64, r-patched-linux-x86_64, r-patched-solaris-sparc, r-patched-solaris-x86, r-release-linux-x86_64, r-release-osx-x86_64-mavericks, r-release-windows-ix86+x86_64