CRAN Package Check Results for Package saws

Last updated on 2015-07-05 03:47:44.

Flavor Version Tinstall Tcheck Ttotal Status Flags
r-devel-linux-x86_64-debian-clang 0.9-6.1 0.60 12.29 12.89 NOTE
r-devel-linux-x86_64-debian-gcc 0.9-6.1 0.59 12.46 13.05 NOTE
r-devel-linux-x86_64-fedora-clang 0.9-6.1 23.93 NOTE
r-devel-linux-x86_64-fedora-gcc 0.9-6.1 21.88 NOTE
r-devel-osx-x86_64-clang 0.9-6.1 20.55 OK
r-devel-windows-ix86+x86_64 0.9-6.1 3.00 21.00 24.00 NOTE
r-patched-linux-x86_64 0.9-6.1 0.62 12.36 12.99 OK
r-patched-solaris-sparc 0.9-6.1 150.60 OK
r-patched-solaris-x86 0.9-6.1 33.40 OK
r-release-linux-x86_64 0.9-6.1 0.62 12.74 13.36 OK
r-release-osx-x86_64-mavericks 0.9-6.1 OK
r-release-windows-ix86+x86_64 0.9-6.1 3.00 24.00 27.00 OK
r-oldrel-windows-ix86+x86_64 0.9-6.1 4.00 36.00 40.00 OK

Check Details

Version: 0.9-6.1
Check: R code for possible problems
Result: NOTE
    clogistCalc: no visible global function definition for ‘model.matrix’
    clogistCalc: no visible global function definition for ‘glm.fit’
    clogistCalc: Error while checking: invalid ‘envir’ argument
    clogistInfo : all.not.equal: no visible global function definition for
     ‘var’
    geeUOmega: no visible global function definition for ‘model.extract’
    geeUOmega: no visible global function definition for ‘model.matrix’
    geeUOmega: no visible binding for global variable ‘contrasts’
    mgee: no visible binding for global variable ‘gaussian’
    sawsCalc: no visible global function definition for ‘pf’
    sawsCalc: no visible global function definition for ‘qt’
    Undefined global functions or variables:
     contrasts gaussian glm.fit model.extract model.matrix pf qt var
Flavors: r-devel-linux-x86_64-debian-clang, r-devel-linux-x86_64-debian-gcc, r-devel-linux-x86_64-fedora-clang, r-devel-linux-x86_64-fedora-gcc

Version: 0.9-6.1
Check: R code for possible problems
Result: NOTE
    clogistCalc: no visible global function definition for 'model.matrix'
    clogistCalc: no visible global function definition for 'glm.fit'
    clogistCalc: no visible global function definition for 'binomial'
    clogistInfo : all.not.equal: no visible global function definition for
     'var'
    geeUOmega: no visible global function definition for 'model.extract'
    geeUOmega: no visible global function definition for 'model.matrix'
    geeUOmega: no visible binding for global variable 'contrasts'
    mgee: no visible binding for global variable 'gaussian'
    sawsCalc: no visible global function definition for 'pf'
    sawsCalc: no visible global function definition for 'qt'
    Undefined global functions or variables:
     binomial contrasts gaussian glm.fit model.extract model.matrix pf qt
     var
Flavor: r-devel-windows-ix86+x86_64