CRAN Package Check Results for Package saws

Last updated on 2017-04-28 17:47:59.

Flavor Version Tinstall Tcheck Ttotal Status Flags
r-devel-linux-x86_64-debian-clang 0.9-6.1 0.67 15.51 16.17 NOTE
r-devel-linux-x86_64-debian-gcc 0.9-6.1 0.69 15.30 15.99 NOTE
r-devel-linux-x86_64-fedora-clang 0.9-6.1 29.31 NOTE --no-stop-on-test-error
r-devel-linux-x86_64-fedora-gcc 0.9-6.1 26.37 NOTE --no-stop-on-test-error
r-devel-windows-ix86+x86_64 0.9-6.1 3.00 41.00 44.00 NOTE
r-patched-linux-x86_64 0.9-6.1 0.84 15.19 16.03 NOTE
r-patched-solaris-sparc 0.9-6.1 149.30 NOTE
r-patched-solaris-x86 0.9-6.1 33.60 NOTE
r-release-linux-x86_64 0.9-6.1 0.73 15.28 16.01 NOTE
r-release-windows-ix86+x86_64 0.9-6.1 6.00 45.00 51.00 NOTE
r-release-osx-x86_64 0.9-6.1 NOTE
r-oldrel-windows-ix86+x86_64 0.9-6.1 5.00 30.00 35.00 NOTE
r-oldrel-osx-x86_64 0.9-6.1 NOTE

Check Details

Version: 0.9-6.1
Check: R code for possible problems
Result: NOTE
    clogistCalc: no visible global function definition for ‘model.matrix’
    clogistCalc: no visible global function definition for ‘glm.fit’
    clogistCalc: no visible global function definition for ‘binomial’
    clogistInfo : all.not.equal: no visible global function definition for
     ‘var’
    geeUOmega: no visible global function definition for ‘model.extract’
    geeUOmega: no visible global function definition for ‘model.matrix’
    geeUOmega: no visible binding for global variable ‘contrasts’
    mgee: no visible binding for global variable ‘gaussian’
    sawsCalc: no visible global function definition for ‘pf’
    sawsCalc: no visible global function definition for ‘qt’
    Undefined global functions or variables:
     binomial contrasts gaussian glm.fit model.extract model.matrix pf qt
     var
    Consider adding
     importFrom("stats", "binomial", "contrasts", "gaussian", "glm.fit",
     "model.extract", "model.matrix", "pf", "qt", "var")
    to your NAMESPACE file.
Flavors: r-devel-linux-x86_64-debian-clang, r-devel-linux-x86_64-debian-gcc, r-devel-windows-ix86+x86_64, r-patched-linux-x86_64, r-patched-solaris-sparc, r-patched-solaris-x86, r-release-linux-x86_64, r-release-windows-ix86+x86_64, r-release-osx-x86_64, r-oldrel-windows-ix86+x86_64, r-oldrel-osx-x86_64

Version: 0.9-6.1
Flags: --no-stop-on-test-error
Check: R code for possible problems
Result: NOTE
    clogistCalc: no visible global function definition for ‘model.matrix’
    clogistCalc: no visible global function definition for ‘glm.fit’
    clogistCalc: no visible global function definition for ‘binomial’
    clogistInfo : all.not.equal: no visible global function definition for
     ‘var’
    geeUOmega: no visible global function definition for ‘model.extract’
    geeUOmega: no visible global function definition for ‘model.matrix’
    geeUOmega: no visible binding for global variable ‘contrasts’
    mgee: no visible binding for global variable ‘gaussian’
    sawsCalc: no visible global function definition for ‘pf’
    sawsCalc: no visible global function definition for ‘qt’
    Undefined global functions or variables:
     binomial contrasts gaussian glm.fit model.extract model.matrix pf qt
     var
    Consider adding
     importFrom("stats", "binomial", "contrasts", "gaussian", "glm.fit",
     "model.extract", "model.matrix", "pf", "qt", "var")
    to your NAMESPACE file.
Flavors: r-devel-linux-x86_64-fedora-clang, r-devel-linux-x86_64-fedora-gcc