CRAN Package Check Results for Package saws

Last updated on 2016-12-09 17:54:20.

Flavor Version Tinstall Tcheck Ttotal Status Flags
r-devel-linux-x86_64-debian-clang 0.9-6.1 0.64 15.21 15.85 NOTE
r-devel-linux-x86_64-debian-gcc 0.9-6.1 0.69 14.38 15.07 NOTE
r-devel-linux-x86_64-fedora-clang 0.9-6.1 28.38 NOTE --no-stop-on-test-error
r-devel-linux-x86_64-fedora-gcc 0.9-6.1 28.01 NOTE --no-stop-on-test-error
r-devel-macos-x86_64-clang 0.9-6.1 21.69 NOTE --no-stop-on-test-error
r-devel-windows-ix86+x86_64 0.9-6.1 3.00 43.00 46.00 NOTE
r-patched-linux-x86_64 0.9-6.1 0.75 13.08 13.83 NOTE
r-patched-solaris-sparc 0.9-6.1 132.50 NOTE
r-patched-solaris-x86 0.9-6.1 29.90 NOTE
r-release-linux-x86_64 0.9-6.1 0.63 12.92 13.55 NOTE
r-release-osx-x86_64-mavericks 0.9-6.1 NOTE
r-release-windows-ix86+x86_64 0.9-6.1 3.00 43.00 46.00 NOTE
r-oldrel-windows-ix86+x86_64 0.9-6.1 5.00 29.00 34.00 OK

Check Details

Version: 0.9-6.1
Check: R code for possible problems
Result: NOTE
    clogistCalc: no visible global function definition for ‘model.matrix’
    clogistCalc: no visible global function definition for ‘glm.fit’
    clogistCalc: no visible global function definition for ‘binomial’
    clogistInfo : all.not.equal: no visible global function definition for
     ‘var’
    geeUOmega: no visible global function definition for ‘model.extract’
    geeUOmega: no visible global function definition for ‘model.matrix’
    geeUOmega: no visible binding for global variable ‘contrasts’
    mgee: no visible binding for global variable ‘gaussian’
    sawsCalc: no visible global function definition for ‘pf’
    sawsCalc: no visible global function definition for ‘qt’
    Undefined global functions or variables:
     binomial contrasts gaussian glm.fit model.extract model.matrix pf qt
     var
    Consider adding
     importFrom("stats", "binomial", "contrasts", "gaussian", "glm.fit",
     "model.extract", "model.matrix", "pf", "qt", "var")
    to your NAMESPACE file.
Flavors: r-devel-linux-x86_64-debian-clang, r-devel-linux-x86_64-debian-gcc, r-devel-windows-ix86+x86_64, r-patched-linux-x86_64, r-patched-solaris-sparc, r-patched-solaris-x86, r-release-linux-x86_64, r-release-osx-x86_64-mavericks, r-release-windows-ix86+x86_64

Version: 0.9-6.1
Flags: --no-stop-on-test-error
Check: R code for possible problems
Result: NOTE
    clogistCalc: no visible global function definition for ‘model.matrix’
    clogistCalc: no visible global function definition for ‘glm.fit’
    clogistCalc: no visible global function definition for ‘binomial’
    clogistInfo : all.not.equal: no visible global function definition for
     ‘var’
    geeUOmega: no visible global function definition for ‘model.extract’
    geeUOmega: no visible global function definition for ‘model.matrix’
    geeUOmega: no visible binding for global variable ‘contrasts’
    mgee: no visible binding for global variable ‘gaussian’
    sawsCalc: no visible global function definition for ‘pf’
    sawsCalc: no visible global function definition for ‘qt’
    Undefined global functions or variables:
     binomial contrasts gaussian glm.fit model.extract model.matrix pf qt
     var
    Consider adding
     importFrom("stats", "binomial", "contrasts", "gaussian", "glm.fit",
     "model.extract", "model.matrix", "pf", "qt", "var")
    to your NAMESPACE file.
Flavors: r-devel-linux-x86_64-fedora-clang, r-devel-linux-x86_64-fedora-gcc, r-devel-macos-x86_64-clang