CRAN Package Check Results for Package saws

Last updated on 2016-02-10 16:47:18.

Flavor Version Tinstall Tcheck Ttotal Status Flags
r-devel-linux-x86_64-debian-gcc 0.9-6.1 0.68 11.55 12.23 NOTE
r-devel-linux-x86_64-fedora-clang 0.9-6.1 22.48 NOTE
r-devel-linux-x86_64-fedora-gcc 0.9-6.1 21.53 NOTE
r-devel-osx-x86_64-clang 0.9-6.1 23.99 NOTE
r-devel-windows-ix86+x86_64 0.9-6.1 4.00 35.00 39.00 NOTE
r-patched-linux-x86_64 0.9-6.1 0.66 12.33 13.00 OK
r-patched-solaris-sparc 0.9-6.1 131.90 OK
r-patched-solaris-x86 0.9-6.1 28.80 OK
r-release-linux-x86_64 0.9-6.1 0.65 12.29 12.94 OK
r-release-osx-x86_64-mavericks 0.9-6.1 OK
r-release-windows-ix86+x86_64 0.9-6.1 5.00 34.00 39.00 OK
r-oldrel-windows-ix86+x86_64 0.9-6.1 5.00 26.00 31.00 OK

Check Details

Version: 0.9-6.1
Check: R code for possible problems
Result: NOTE
    clogistCalc: no visible global function definition for ‘model.matrix’
    clogistCalc: no visible global function definition for ‘glm.fit’
    clogistCalc: no visible global function definition for ‘binomial’
    clogistInfo : all.not.equal: no visible global function definition for
     ‘var’
    geeUOmega: no visible global function definition for ‘model.extract’
    geeUOmega: no visible global function definition for ‘model.matrix’
    geeUOmega: no visible binding for global variable ‘contrasts’
    mgee: no visible binding for global variable ‘gaussian’
    sawsCalc: no visible global function definition for ‘pf’
    sawsCalc: no visible global function definition for ‘qt’
    Undefined global functions or variables:
     binomial contrasts gaussian glm.fit model.extract model.matrix pf qt
     var
    Consider adding
     importFrom("stats", "binomial", "contrasts", "gaussian", "glm.fit",
     "model.extract", "model.matrix", "pf", "qt", "var")
    to your NAMESPACE file.
Flavors: r-devel-linux-x86_64-debian-gcc, r-devel-linux-x86_64-fedora-clang, r-devel-linux-x86_64-fedora-gcc, r-devel-osx-x86_64-clang, r-devel-windows-ix86+x86_64