CRAN Package Check Results for Package saws

Last updated on 2017-10-21 18:47:36.

Flavor Version Tinstall Tcheck Ttotal Status Flags
r-devel-linux-x86_64-debian-clang 0.9-6.1 0.63 15.61 16.24 NOTE
r-devel-linux-x86_64-debian-gcc 0.9-6.1 0.69 17.34 18.03 NOTE
r-devel-linux-x86_64-fedora-clang 0.9-6.1 28.60 NOTE
r-devel-linux-x86_64-fedora-gcc 0.9-6.1 27.90 NOTE
r-devel-windows-ix86+x86_64 0.9-6.1 3.00 39.00 42.00 NOTE
r-patched-linux-x86_64 0.9-6.1 0.68 16.11 16.79 NOTE
r-patched-solaris-x86 0.9-6.1 36.60 NOTE
r-release-linux-x86_64 0.9-6.1 0.68 15.26 15.94 NOTE
r-release-windows-ix86+x86_64 0.9-6.1 4.00 44.00 48.00 NOTE
r-release-osx-x86_64 0.9-6.1 NOTE
r-oldrel-windows-ix86+x86_64 0.9-6.1 3.00 39.00 42.00 NOTE
r-oldrel-osx-x86_64 0.9-6.1 NOTE

Check Details

Version: 0.9-6.1
Check: R code for possible problems
Result: NOTE
    clogistCalc: no visible global function definition for ‘model.matrix’
    clogistCalc: no visible global function definition for ‘glm.fit’
    clogistCalc: no visible global function definition for ‘binomial’
    clogistInfo : all.not.equal: no visible global function definition for
     ‘var’
    geeUOmega: no visible global function definition for ‘model.extract’
    geeUOmega: no visible global function definition for ‘model.matrix’
    geeUOmega: no visible binding for global variable ‘contrasts’
    mgee: no visible binding for global variable ‘gaussian’
    sawsCalc: no visible global function definition for ‘pf’
    sawsCalc: no visible global function definition for ‘qt’
    Undefined global functions or variables:
     binomial contrasts gaussian glm.fit model.extract model.matrix pf qt
     var
    Consider adding
     importFrom("stats", "binomial", "contrasts", "gaussian", "glm.fit",
     "model.extract", "model.matrix", "pf", "qt", "var")
    to your NAMESPACE file.
Flavors: r-devel-linux-x86_64-debian-clang, r-devel-linux-x86_64-debian-gcc, r-devel-linux-x86_64-fedora-clang, r-devel-linux-x86_64-fedora-gcc, r-devel-windows-ix86+x86_64, r-patched-linux-x86_64, r-patched-solaris-x86, r-release-linux-x86_64, r-release-windows-ix86+x86_64, r-release-osx-x86_64, r-oldrel-windows-ix86+x86_64, r-oldrel-osx-x86_64