CRAN Package Check Results for Package saws

Last updated on 2017-03-01 19:49:00.

Flavor Version Tinstall Tcheck Ttotal Status Flags
r-devel-linux-x86_64-debian-clang 0.9-6.1 0.69 15.73 16.42 NOTE
r-devel-linux-x86_64-debian-gcc 0.9-6.1 0.80 15.36 16.16 NOTE
r-devel-linux-x86_64-fedora-clang 0.9-6.1 27.17 NOTE --no-stop-on-test-error
r-devel-linux-x86_64-fedora-gcc 0.9-6.1 26.19 NOTE --no-stop-on-test-error
r-devel-macos-x86_64-clang 0.9-6.1 22.24 NOTE --no-stop-on-test-error
r-devel-windows-ix86+x86_64 0.9-6.1 3.00 76.00 79.00 NOTE
r-patched-linux-x86_64 0.9-6.1 0.64 12.93 13.57 NOTE
r-patched-solaris-sparc 0.9-6.1 134.70 NOTE
r-patched-solaris-x86 0.9-6.1 29.40 NOTE
r-release-linux-x86_64 0.9-6.1 0.61 12.89 13.50 NOTE
r-release-osx-x86_64-mavericks 0.9-6.1 NOTE
r-release-windows-ix86+x86_64 0.9-6.1 4.00 38.00 42.00 NOTE
r-oldrel-windows-ix86+x86_64 0.9-6.1 8.00 61.00 69.00 OK

Check Details

Version: 0.9-6.1
Check: R code for possible problems
Result: NOTE
    clogistCalc: no visible global function definition for ‘model.matrix’
    clogistCalc: no visible global function definition for ‘glm.fit’
    clogistCalc: no visible global function definition for ‘binomial’
    clogistInfo : all.not.equal: no visible global function definition for
     ‘var’
    geeUOmega: no visible global function definition for ‘model.extract’
    geeUOmega: no visible global function definition for ‘model.matrix’
    geeUOmega: no visible binding for global variable ‘contrasts’
    mgee: no visible binding for global variable ‘gaussian’
    sawsCalc: no visible global function definition for ‘pf’
    sawsCalc: no visible global function definition for ‘qt’
    Undefined global functions or variables:
     binomial contrasts gaussian glm.fit model.extract model.matrix pf qt
     var
    Consider adding
     importFrom("stats", "binomial", "contrasts", "gaussian", "glm.fit",
     "model.extract", "model.matrix", "pf", "qt", "var")
    to your NAMESPACE file.
Flavors: r-devel-linux-x86_64-debian-clang, r-devel-linux-x86_64-debian-gcc, r-devel-windows-ix86+x86_64, r-patched-linux-x86_64, r-patched-solaris-sparc, r-patched-solaris-x86, r-release-linux-x86_64, r-release-osx-x86_64-mavericks, r-release-windows-ix86+x86_64

Version: 0.9-6.1
Flags: --no-stop-on-test-error
Check: R code for possible problems
Result: NOTE
    clogistCalc: no visible global function definition for ‘model.matrix’
    clogistCalc: no visible global function definition for ‘glm.fit’
    clogistCalc: no visible global function definition for ‘binomial’
    clogistInfo : all.not.equal: no visible global function definition for
     ‘var’
    geeUOmega: no visible global function definition for ‘model.extract’
    geeUOmega: no visible global function definition for ‘model.matrix’
    geeUOmega: no visible binding for global variable ‘contrasts’
    mgee: no visible binding for global variable ‘gaussian’
    sawsCalc: no visible global function definition for ‘pf’
    sawsCalc: no visible global function definition for ‘qt’
    Undefined global functions or variables:
     binomial contrasts gaussian glm.fit model.extract model.matrix pf qt
     var
    Consider adding
     importFrom("stats", "binomial", "contrasts", "gaussian", "glm.fit",
     "model.extract", "model.matrix", "pf", "qt", "var")
    to your NAMESPACE file.
Flavors: r-devel-linux-x86_64-fedora-clang, r-devel-linux-x86_64-fedora-gcc, r-devel-macos-x86_64-clang