CRAN Package Check Results for Package sbfc

Last updated on 2018-11-15 00:47:52 CET.

Flavor Version Tinstall Tcheck Ttotal Status Flags
r-devel-linux-x86_64-debian-clang 1.0.1 39.78 106.21 145.99 OK
r-devel-linux-x86_64-debian-gcc 1.0.1 34.16 86.86 121.02 OK
r-devel-linux-x86_64-fedora-clang 1.0.1 184.14 NOTE
r-devel-linux-x86_64-fedora-gcc 1.0.1 181.54 NOTE
r-devel-windows-ix86+x86_64 1.0.1 68.00 228.00 296.00 OK
r-patched-linux-x86_64 1.0.1 31.69 92.75 124.44 OK
r-patched-solaris-x86 1.0.1 230.50 OK
r-release-linux-x86_64 1.0.1 34.07 94.76 128.83 OK
r-release-windows-ix86+x86_64 1.0.1 95.00 208.00 303.00 OK
r-release-osx-x86_64 1.0.1 OK
r-oldrel-windows-ix86+x86_64 1.0.1 89.00 207.00 296.00 OK
r-oldrel-osx-x86_64 1.0.1 OK

Check Details

Version: 1.0.1
Check: compiled code
Result: NOTE
    File ‘sbfc/libs/sbfc.so’:
     Found no calls to: ‘R_registerRoutines’, ‘R_useDynamicSymbols’
    
    It is good practice to register native routines and to disable symbol
    search.
    
    See ‘Writing portable packages’ in the ‘Writing R Extensions’ manual.
Flavors: r-devel-linux-x86_64-fedora-clang, r-devel-linux-x86_64-fedora-gcc