CRAN Package Check Results for Package sbfc

Last updated on 2018-05-24 22:49:39 CEST.

Flavor Version Tinstall Tcheck Ttotal Status Flags
r-devel-linux-x86_64-debian-clang 1.0.1 40.59 90.63 131.22 NOTE
r-devel-linux-x86_64-debian-gcc 1.0.1 30.71 80.90 111.61 NOTE
r-devel-linux-x86_64-fedora-clang 1.0.1 186.86 NOTE
r-devel-linux-x86_64-fedora-gcc 1.0.1 172.46 NOTE
r-devel-windows-ix86+x86_64 1.0.1 75.00 233.00 308.00 OK
r-patched-linux-x86_64 1.0.1 40.02 90.71 130.73 NOTE
r-patched-solaris-x86 1.0.1 261.10 OK
r-release-linux-x86_64 1.0.1 40.24 90.25 130.49 NOTE
r-release-windows-ix86+x86_64 1.0.1 97.00 162.00 259.00 OK
r-release-osx-x86_64 1.0.1 OK
r-oldrel-windows-ix86+x86_64 1.0.1 98.00 160.00 258.00 OK
r-oldrel-osx-x86_64 1.0.1 OK

Check Details

Version: 1.0.1
Check: compiled code
Result: NOTE
    File ‘sbfc/libs/sbfc.so’:
     Found no calls to: ‘R_registerRoutines’, ‘R_useDynamicSymbols’
    
    It is good practice to register native routines and to disable symbol
    search.
    
    See ‘Writing portable packages’ in the ‘Writing R Extensions’ manual.
Flavors: r-devel-linux-x86_64-debian-clang, r-devel-linux-x86_64-debian-gcc, r-devel-linux-x86_64-fedora-clang, r-devel-linux-x86_64-fedora-gcc, r-patched-linux-x86_64, r-release-linux-x86_64