CRAN Package Check Results for Package sbfc

Last updated on 2018-08-20 13:48:16 CEST.

Flavor Version Tinstall Tcheck Ttotal Status Flags
r-devel-linux-x86_64-debian-clang 1.0.1 38.91 105.41 144.32 NOTE
r-devel-linux-x86_64-debian-gcc 1.0.1 35.21 84.69 119.90 NOTE
r-devel-linux-x86_64-fedora-clang 1.0.1 176.55 NOTE
r-devel-linux-x86_64-fedora-gcc 1.0.1 176.52 NOTE
r-devel-windows-ix86+x86_64 1.0.1 90.00 219.00 309.00 OK
r-patched-linux-x86_64 1.0.1 43.18 93.24 136.42 NOTE
r-patched-solaris-x86 1.0.1 228.90 OK
r-release-linux-x86_64 1.0.1 39.63 93.52 133.15 NOTE
r-release-windows-ix86+x86_64 1.0.1 91.00 210.00 301.00 OK
r-release-osx-x86_64 1.0.1 OK
r-oldrel-windows-ix86+x86_64 1.0.1 60.00 150.00 210.00 OK
r-oldrel-osx-x86_64 1.0.1 OK

Check Details

Version: 1.0.1
Check: compiled code
Result: NOTE
    File ‘sbfc/libs/sbfc.so’:
     Found no calls to: ‘R_registerRoutines’, ‘R_useDynamicSymbols’
    
    It is good practice to register native routines and to disable symbol
    search.
    
    See ‘Writing portable packages’ in the ‘Writing R Extensions’ manual.
Flavors: r-devel-linux-x86_64-debian-clang, r-devel-linux-x86_64-debian-gcc, r-devel-linux-x86_64-fedora-clang, r-devel-linux-x86_64-fedora-gcc, r-patched-linux-x86_64, r-release-linux-x86_64