CRAN Package Check Results for Package sbfc

Last updated on 2018-02-19 12:48:19 CET.

Flavor Version Tinstall Tcheck Ttotal Status Flags
r-devel-linux-x86_64-debian-clang 1.0.1 34.39 80.43 114.82 NOTE
r-devel-linux-x86_64-debian-gcc 1.0.1 30.81 70.68 101.49 NOTE
r-devel-linux-x86_64-fedora-clang 1.0.1 160.87 NOTE
r-devel-linux-x86_64-fedora-gcc 1.0.1 155.58 NOTE
r-devel-windows-ix86+x86_64 1.0.1 61.00 143.00 204.00 OK
r-patched-linux-x86_64 1.0.1 32.31 92.22 124.53 NOTE
r-patched-solaris-x86 1.0.1 233.00 OK
r-release-linux-x86_64 1.0.1 35.16 92.76 127.92 NOTE
r-release-windows-ix86+x86_64 1.0.1 91.00 141.00 232.00 OK
r-release-osx-x86_64 1.0.1 OK
r-oldrel-windows-ix86+x86_64 1.0.1 98.00 185.00 283.00 OK
r-oldrel-osx-x86_64 1.0.1 OK

Check Details

Version: 1.0.1
Check: compiled code
Result: NOTE
    File ‘sbfc/libs/sbfc.so’:
     Found no calls to: ‘R_registerRoutines’, ‘R_useDynamicSymbols’
    
    It is good practice to register native routines and to disable symbol
    search.
    
    See ‘Writing portable packages’ in the ‘Writing R Extensions’ manual.
Flavors: r-devel-linux-x86_64-debian-clang, r-devel-linux-x86_64-debian-gcc, r-devel-linux-x86_64-fedora-clang, r-devel-linux-x86_64-fedora-gcc, r-patched-linux-x86_64, r-release-linux-x86_64