CRAN Package Check Results for Package sbfc

Last updated on 2019-02-16 22:46:43 CET.

Flavor Version Tinstall Tcheck Ttotal Status Flags
r-devel-linux-x86_64-debian-clang 1.0.1 39.35 98.09 137.44 OK
r-devel-linux-x86_64-debian-gcc 1.0.1 30.68 78.68 109.36 OK
r-devel-linux-x86_64-fedora-clang 1.0.1 180.39 NOTE
r-devel-linux-x86_64-fedora-gcc 1.0.1 169.74 NOTE
r-devel-windows-ix86+x86_64 1.0.1 89.00 217.00 306.00 OK
r-patched-linux-x86_64 1.0.1 37.04 92.58 129.62 OK
r-patched-solaris-x86 1.0.1 222.10 OK
r-release-linux-x86_64 1.0.1 OK
r-release-windows-ix86+x86_64 1.0.1 77.00 210.00 287.00 OK
r-release-osx-x86_64 1.0.1 OK
r-oldrel-windows-ix86+x86_64 1.0.1 88.00 229.00 317.00 OK
r-oldrel-osx-x86_64 1.0.1 OK

Check Details

Version: 1.0.1
Check: compiled code
Result: NOTE
    File ‘sbfc/libs/sbfc.so’:
     Found no calls to: ‘R_registerRoutines’, ‘R_useDynamicSymbols’
    
    It is good practice to register native routines and to disable symbol
    search.
    
    See ‘Writing portable packages’ in the ‘Writing R Extensions’ manual.
Flavors: r-devel-linux-x86_64-fedora-clang, r-devel-linux-x86_64-fedora-gcc