CRAN Package Check Results for Package sbgcop

Last updated on 2014-04-24 11:48:55.

Flavor Version Tinstall Tcheck Ttotal Status Flags
r-devel-linux-x86_64-debian-clang 0.975 0.54 13.08 13.62 OK
r-devel-linux-x86_64-debian-gcc 0.975 0.54 13.00 13.54 OK
r-devel-linux-x86_64-fedora-clang 0.975 26.68 OK
r-devel-linux-x86_64-fedora-gcc 0.975 25.24 OK
r-devel-osx-x86_64-clang 0.975 28.91 OK
r-devel-osx-x86_64-gcc 0.975 OK
r-devel-windows-ix86+x86_64 0.975 2.00 21.00 23.00 OK
r-patched-linux-x86_64 0.975 0.55 12.89 13.44 OK
r-patched-solaris-sparc 0.975 150.10 OK
r-patched-solaris-x86 0.975 36.20 OK
r-release-linux-ix86 0.975 1.00 25.00 26.00 OK
r-release-linux-x86_64 0.975 0.55 12.89 13.44 OK
r-release-osx-x86_64-mavericks 0.975 WARN
r-release-windows-ix86+x86_64 0.975 4.00 28.00 32.00 OK
r-oldrel-windows-ix86+x86_64 0.975 2.00 23.00 25.00 OK

Check Details

Version: 0.975
Check: PDF version of manual
Result: WARNING
    LaTeX errors when creating PDF version.
    This typically indicates Rd problems.
    LaTeX errors found:
    ! LaTeX Error: File `upquote.sty' not found.
    
    Type X to quit or <RETURN> to proceed,
    or enter new name. (Default extension: sty)
    
    7e365a/Rd2.tex:8: ==> Fatal error occurred, no output PDF file produced!
Flavor: r-release-osx-x86_64-mavericks