CRAN Package Check Results for Package sbgcop

Last updated on 2018-04-22 00:47:10 CEST.

Flavor Version Tinstall Tcheck Ttotal Status Flags
r-devel-linux-x86_64-debian-clang 0.975 1.24 18.84 20.08 ERROR
r-devel-linux-x86_64-debian-gcc 0.975 0.69 15.06 15.75 ERROR
r-devel-linux-x86_64-fedora-clang 0.975 26.84 NOTE
r-devel-linux-x86_64-fedora-gcc 0.975 25.95 NOTE
r-devel-windows-ix86+x86_64 0.975 3.00 39.00 42.00 NOTE
r-devel-osx-x86_64 0.975 NOTE
r-patched-linux-x86_64 0.975 1.14 18.70 19.84 ERROR
r-patched-solaris-x86 0.975 40.40 NOTE
r-release-linux-x86_64 0.975 0.72 20.66 21.38 NOTE
r-release-windows-ix86+x86_64 0.975 3.00 28.00 31.00 NOTE
r-release-osx-x86_64 0.975 NOTE
r-oldrel-windows-ix86+x86_64 0.975 2.00 27.00 29.00 NOTE

Check Details

Version: 0.975
Check: S3 generic/method consistency
Result: NOTE
    Found the following apparent S3 methods exported but not registered:
     plot.psgc print.sum.psgc summary.psgc
    See section ‘Registering S3 methods’ in the ‘Writing R Extensions’
    manual.
Flavors: r-devel-linux-x86_64-debian-clang, r-devel-linux-x86_64-debian-gcc, r-devel-linux-x86_64-fedora-clang, r-devel-linux-x86_64-fedora-gcc, r-patched-linux-x86_64, r-patched-solaris-x86, r-release-linux-x86_64

Version: 0.975
Check: R code for possible problems
Result: NOTE
    plot.psgc: no visible global function definition for ‘par’
    plot.psgc: no visible global function definition for ‘barplot’
    plot.psgc: no visible global function definition for ‘hist’
    plotci.sA: no visible global function definition for ‘par’
    plotci.sA: no visible global function definition for ‘plot’
    plotci.sA: no visible global function definition for ‘points’
    plotci.sA: no visible global function definition for ‘segments’
    plotci.sA: no visible global function definition for ‘abline’
    plotci.sA: no visible global function definition for ‘axis’
    qM.sM: no visible binding for global variable ‘quantile’
    rwish: no visible global function definition for ‘rnorm’
    sbgcop.mcmc: no visible global function definition for ‘qnorm’
    sbgcop.mcmc: no visible global function definition for ‘rnorm’
    sbgcop.mcmc: no visible global function definition for ‘cov’
    sbgcop.mcmc: no visible global function definition for ‘runif’
    sbgcop.mcmc: no visible global function definition for ‘pnorm’
    sbgcop.mcmc: no visible global function definition for ‘quantile’
    summary.psgc: no visible global function definition for ‘acf’
    Undefined global functions or variables:
     abline acf axis barplot cov hist par plot pnorm points qnorm quantile
     rnorm runif segments
    Consider adding
     importFrom("graphics", "abline", "axis", "barplot", "hist", "par",
     "plot", "points", "segments")
     importFrom("stats", "acf", "cov", "pnorm", "qnorm", "quantile",
     "rnorm", "runif")
    to your NAMESPACE file.
Flavors: r-devel-linux-x86_64-debian-clang, r-devel-linux-x86_64-debian-gcc, r-devel-linux-x86_64-fedora-clang, r-devel-linux-x86_64-fedora-gcc, r-devel-windows-ix86+x86_64, r-devel-osx-x86_64, r-patched-linux-x86_64, r-patched-solaris-x86, r-release-linux-x86_64, r-release-windows-ix86+x86_64, r-release-osx-x86_64, r-oldrel-windows-ix86+x86_64

Version: 0.975
Check: examples
Result: ERROR
    Running examples in ‘sbgcop-Ex.R’ failed
    The error most likely occurred in:
    
    > base::assign(".ptime", proc.time(), pos = "CheckExEnv")
    > ### Name: sbgcop.mcmc
    > ### Title: Semiparametric Bayesian Gaussian copula estimation and
    > ### imputation
    > ### Aliases: sbgcop.mcmc plot.psgc summary.psgc print.sum.psgc
    > ### Keywords: multivariate models
    >
    > ### ** Examples
    >
    > fit<-sbgcop.mcmc(swiss)
    10 percent done Fri Apr 20 10:11:23 2018
    20 percent done Fri Apr 20 10:11:24 2018
    30 percent done Fri Apr 20 10:11:24 2018
    40 percent done Fri Apr 20 10:11:24 2018
    50 percent done Fri Apr 20 10:11:25 2018
    60 percent done Fri Apr 20 10:11:25 2018
    70 percent done Fri Apr 20 10:11:25 2018
    80 percent done Fri Apr 20 10:11:25 2018
    90 percent done Fri Apr 20 10:11:26 2018
    100 percent done Fri Apr 20 10:11:26 2018
    > summary(fit)
     Length Class Mode
    C.psamp 3600 -none- numeric
    Y.pmean 282 -none- numeric
    Y.impute 0 -none- NULL
    LPC 100 -none- numeric
    > plot(fit)
    Error in xy.coords(x, y, xlabel, ylabel, log) :
     'x' is a list, but does not have components 'x' and 'y'
    Calls: plot -> plot.default -> xy.coords
    Execution halted
Flavor: r-devel-linux-x86_64-debian-clang

Version: 0.975
Check: examples
Result: ERROR
    Running examples in ‘sbgcop-Ex.R’ failed
    The error most likely occurred in:
    
    > base::assign(".ptime", proc.time(), pos = "CheckExEnv")
    > ### Name: sbgcop.mcmc
    > ### Title: Semiparametric Bayesian Gaussian copula estimation and
    > ### imputation
    > ### Aliases: sbgcop.mcmc plot.psgc summary.psgc print.sum.psgc
    > ### Keywords: multivariate models
    >
    > ### ** Examples
    >
    > fit<-sbgcop.mcmc(swiss)
    10 percent done Sat Apr 21 20:22:09 2018
    20 percent done Sat Apr 21 20:22:09 2018
    30 percent done Sat Apr 21 20:22:10 2018
    40 percent done Sat Apr 21 20:22:10 2018
    50 percent done Sat Apr 21 20:22:10 2018
    60 percent done Sat Apr 21 20:22:10 2018
    70 percent done Sat Apr 21 20:22:10 2018
    80 percent done Sat Apr 21 20:22:11 2018
    90 percent done Sat Apr 21 20:22:11 2018
    100 percent done Sat Apr 21 20:22:11 2018
    > summary(fit)
     Length Class Mode
    C.psamp 3600 -none- numeric
    Y.pmean 282 -none- numeric
    Y.impute 0 -none- NULL
    LPC 100 -none- numeric
    > plot(fit)
    Error in xy.coords(x, y, xlabel, ylabel, log) :
     'x' is a list, but does not have components 'x' and 'y'
    Calls: plot -> plot.default -> xy.coords
    Execution halted
Flavor: r-devel-linux-x86_64-debian-gcc

Version: 0.975
Check: examples
Result: ERROR
    Running examples in ‘sbgcop-Ex.R’ failed
    The error most likely occurred in:
    
    > base::assign(".ptime", proc.time(), pos = "CheckExEnv")
    > ### Name: sbgcop.mcmc
    > ### Title: Semiparametric Bayesian Gaussian copula estimation and
    > ### imputation
    > ### Aliases: sbgcop.mcmc plot.psgc summary.psgc print.sum.psgc
    > ### Keywords: multivariate models
    >
    > ### ** Examples
    >
    > fit<-sbgcop.mcmc(swiss)
    10 percent done Fri Apr 20 22:07:06 2018
    20 percent done Fri Apr 20 22:07:06 2018
    30 percent done Fri Apr 20 22:07:07 2018
    40 percent done Fri Apr 20 22:07:07 2018
    50 percent done Fri Apr 20 22:07:07 2018
    60 percent done Fri Apr 20 22:07:07 2018
    70 percent done Fri Apr 20 22:07:08 2018
    80 percent done Fri Apr 20 22:07:08 2018
    90 percent done Fri Apr 20 22:07:08 2018
    100 percent done Fri Apr 20 22:07:09 2018
    > summary(fit)
     Length Class Mode
    C.psamp 3600 -none- numeric
    Y.pmean 282 -none- numeric
    Y.impute 0 -none- NULL
    LPC 100 -none- numeric
    > plot(fit)
    Error in xy.coords(x, y, xlabel, ylabel, log) :
     'x' is a list, but does not have components 'x' and 'y'
    Calls: plot -> plot.default -> xy.coords
    Execution halted
Flavor: r-patched-linux-x86_64