CRAN Package Check Results for Package sbgcop

Last updated on 2015-01-26 10:47:18.

Flavor Version Tinstall Tcheck Ttotal Status Flags
r-devel-linux-x86_64-debian-clang 0.975 0.62 12.47 13.09 OK
r-devel-linux-x86_64-debian-gcc 0.975 0.55 12.43 12.98 OK
r-devel-linux-x86_64-fedora-clang 0.975 27.26 NOTE
r-devel-linux-x86_64-fedora-gcc 0.975 26.42 NOTE
r-devel-osx-x86_64-clang 0.975 29.86 NOTE
r-devel-windows-ix86+x86_64 0.975 3.00 21.00 24.00 OK
r-patched-linux-x86_64 0.975 0.58 12.72 13.30 OK
r-patched-solaris-sparc 0.975 157.40 OK
r-patched-solaris-x86 0.975 37.60 OK
r-release-linux-ix86 0.975 0.85 18.58 19.43 OK
r-release-linux-x86_64 0.975 0.58 13.24 13.82 OK
r-release-osx-x86_64-mavericks 0.975 OK
r-release-windows-ix86+x86_64 0.975 2.00 27.00 29.00 OK
r-oldrel-windows-ix86+x86_64 0.975 2.00 23.00 25.00 OK

Check Details

Version: 0.975
Check: S3 generic/method consistency
Result: NOTE
    Found the following apparent S3 methods exported but not registered:
     print.sum.psgc summary.psgc plot.psgc
    See section ‘Registering S3 methods’ in the ‘Writing R Extensions’
    manual.
Flavors: r-devel-linux-x86_64-fedora-clang, r-devel-linux-x86_64-fedora-gcc, r-devel-osx-x86_64-clang