CRAN Package Check Results for Package sbgcop

Last updated on 2015-05-28 00:47:12.

Flavor Version Tinstall Tcheck Ttotal Status Flags
r-devel-linux-x86_64-debian-clang 0.975 0.53 12.13 12.66 NOTE
r-devel-linux-x86_64-debian-gcc 0.975 0.52 12.20 12.71 NOTE
r-devel-linux-x86_64-fedora-clang 0.975 25.01 NOTE
r-devel-linux-x86_64-fedora-gcc 0.975 23.18 NOTE
r-devel-osx-x86_64-clang 0.975 28.31 NOTE
r-devel-windows-ix86+x86_64 0.975 3.00 21.00 24.00 OK
r-patched-linux-x86_64 0.975 0.52 12.00 12.53 NOTE
r-patched-solaris-sparc 0.975 152.20 NOTE
r-patched-solaris-x86 0.975 33.80 NOTE
r-release-linux-x86_64 0.975 0.58 12.42 13.00 NOTE
r-release-osx-x86_64-mavericks 0.975 OK
r-release-osx-x86_64-snowleopard 0.975 OK
r-release-windows-ix86+x86_64 0.975 2.00 23.00 25.00 OK
r-oldrel-windows-ix86+x86_64 0.975 4.00 21.00 25.00 OK

Check Details

Version: 0.975
Check: S3 generic/method consistency
Result: NOTE
    Found the following apparent S3 methods exported but not registered:
     plot.psgc print.sum.psgc summary.psgc
    See section ‘Registering S3 methods’ in the ‘Writing R Extensions’
    manual.
Flavors: r-devel-linux-x86_64-debian-clang, r-devel-linux-x86_64-debian-gcc, r-devel-linux-x86_64-fedora-clang, r-devel-linux-x86_64-fedora-gcc, r-devel-osx-x86_64-clang, r-patched-linux-x86_64, r-patched-solaris-sparc, r-patched-solaris-x86, r-release-linux-x86_64