CRAN Package Check Results for Package sbgcop

Last updated on 2015-07-29 10:47:57.

Flavor Version Tinstall Tcheck Ttotal Status Flags
r-devel-linux-x86_64-debian-clang 0.975 0.56 11.40 11.96 NOTE
r-devel-linux-x86_64-debian-gcc 0.975 0.50 11.08 11.58 NOTE
r-devel-linux-x86_64-fedora-clang 0.975 22.56 NOTE
r-devel-linux-x86_64-fedora-gcc 0.975 21.57 NOTE
r-devel-osx-x86_64-clang 0.975 20.33 NOTE
r-devel-windows-ix86+x86_64 0.975 3.00 21.00 24.00 NOTE
r-patched-linux-x86_64 0.975 0.53 11.68 12.20 NOTE
r-patched-solaris-sparc 0.975 155.00 NOTE
r-patched-solaris-x86 0.975 32.40 NOTE
r-release-linux-x86_64 0.975 0.54 11.53 12.07 NOTE
r-release-osx-x86_64-mavericks 0.975 OK
r-release-windows-ix86+x86_64 0.975 3.00 21.00 24.00 OK
r-oldrel-windows-ix86+x86_64 0.975 4.00 21.00 25.00 OK

Check Details

Version: 0.975
Check: S3 generic/method consistency
Result: NOTE
    Found the following apparent S3 methods exported but not registered:
     plot.psgc print.sum.psgc summary.psgc
    See section ‘Registering S3 methods’ in the ‘Writing R Extensions’
    manual.
Flavors: r-devel-linux-x86_64-debian-clang, r-devel-linux-x86_64-debian-gcc, r-devel-linux-x86_64-fedora-clang, r-devel-linux-x86_64-fedora-gcc, r-devel-osx-x86_64-clang, r-patched-linux-x86_64, r-patched-solaris-sparc, r-patched-solaris-x86, r-release-linux-x86_64

Version: 0.975
Check: R code for possible problems
Result: NOTE
    plot.psgc: no visible global function definition for ‘par’
    plot.psgc: no visible global function definition for ‘barplot’
    plot.psgc: no visible global function definition for ‘hist’
    plotci.sA: no visible global function definition for ‘par’
    plotci.sA: no visible global function definition for ‘plot’
    plotci.sA: no visible global function definition for ‘points’
    plotci.sA: no visible global function definition for ‘segments’
    plotci.sA: no visible global function definition for ‘abline’
    plotci.sA: no visible global function definition for ‘axis’
    qM.sM: no visible binding for global variable ‘quantile’
    rwish: no visible global function definition for ‘rnorm’
    sbgcop.mcmc: no visible global function definition for ‘qnorm’
    sbgcop.mcmc: no visible global function definition for ‘rnorm’
    sbgcop.mcmc: no visible global function definition for ‘cov’
    sbgcop.mcmc: no visible global function definition for ‘runif’
    sbgcop.mcmc: no visible global function definition for ‘pnorm’
    sbgcop.mcmc: no visible global function definition for ‘quantile’
    summary.psgc: no visible global function definition for ‘acf’
    Undefined global functions or variables:
     abline acf axis barplot cov hist par plot pnorm points qnorm quantile
     rnorm runif segments
    Consider adding
     importFrom("graphics", "abline", "axis", "barplot", "hist", "par",
     "plot", "points", "segments")
     importFrom("stats", "acf", "cov", "pnorm", "qnorm", "quantile",
     "rnorm", "runif")
    to your NAMESPACE.
Flavors: r-devel-linux-x86_64-debian-clang, r-devel-linux-x86_64-debian-gcc, r-devel-linux-x86_64-fedora-clang, r-devel-linux-x86_64-fedora-gcc, r-devel-windows-ix86+x86_64