CRAN Package Check Results for Package sbgcop

Last updated on 2018-06-23 15:53:44 CEST.

Flavor Version Tinstall Tcheck Ttotal Status Flags
r-devel-linux-x86_64-debian-clang 0.980 0.82 27.51 28.33 OK
r-devel-linux-x86_64-debian-gcc 0.980 0.94 20.72 21.66 OK
r-devel-linux-x86_64-fedora-clang 0.980 33.07 OK
r-devel-linux-x86_64-fedora-gcc 0.980 31.83 OK
r-devel-windows-ix86+x86_64 0.980 4.00 33.00 37.00 OK
r-patched-linux-x86_64 0.980 1.09 26.65 27.74 OK
r-patched-solaris-x86 0.980 46.00 OK
r-release-linux-x86_64 0.980 0.88 26.35 27.23 OK
r-release-windows-ix86+x86_64 0.980 2.00 35.00 37.00 OK
r-release-osx-x86_64 0.980 OK
r-oldrel-windows-ix86+x86_64 0.980 3.00 42.00 45.00 OK
r-oldrel-osx-x86_64 0.975 NOTE

Check Details

Version: 0.975
Check: R code for possible problems
Result: NOTE
    plot.psgc: no visible global function definition for ‘par’
    plot.psgc: no visible global function definition for ‘barplot’
    plot.psgc: no visible global function definition for ‘hist’
    plotci.sA: no visible global function definition for ‘par’
    plotci.sA: no visible global function definition for ‘plot’
    plotci.sA: no visible global function definition for ‘points’
    plotci.sA: no visible global function definition for ‘segments’
    plotci.sA: no visible global function definition for ‘abline’
    plotci.sA: no visible global function definition for ‘axis’
    qM.sM: no visible binding for global variable ‘quantile’
    rwish: no visible global function definition for ‘rnorm’
    sbgcop.mcmc: no visible global function definition for ‘qnorm’
    sbgcop.mcmc: no visible global function definition for ‘rnorm’
    sbgcop.mcmc: no visible global function definition for ‘cov’
    sbgcop.mcmc: no visible global function definition for ‘runif’
    sbgcop.mcmc: no visible global function definition for ‘pnorm’
    sbgcop.mcmc: no visible global function definition for ‘quantile’
    summary.psgc: no visible global function definition for ‘acf’
    Undefined global functions or variables:
     abline acf axis barplot cov hist par plot pnorm points qnorm quantile
     rnorm runif segments
    Consider adding
     importFrom("graphics", "abline", "axis", "barplot", "hist", "par",
     "plot", "points", "segments")
     importFrom("stats", "acf", "cov", "pnorm", "qnorm", "quantile",
     "rnorm", "runif")
    to your NAMESPACE file.
Flavor: r-oldrel-osx-x86_64