CRAN Package Check Results for Package sbgcop

Last updated on 2015-03-03 22:48:30.

Flavor Version Tinstall Tcheck Ttotal Status Flags
r-devel-linux-x86_64-debian-clang 0.975 0.58 12.90 13.48 NOTE
r-devel-linux-x86_64-debian-gcc 0.975 0.52 11.83 12.35 NOTE
r-devel-linux-x86_64-fedora-clang 0.975 25.00 NOTE
r-devel-linux-x86_64-fedora-gcc 0.975 22.55 NOTE
r-devel-osx-x86_64-clang 0.975 28.32 NOTE
r-devel-windows-ix86+x86_64 0.975 3.00 20.00 23.00 OK
r-patched-linux-x86_64 0.975 0.56 13.40 13.96 OK
r-patched-solaris-sparc 0.975 163.30 OK
r-patched-solaris-x86 0.975 37.50 OK
r-release-linux-ix86 0.975 0.84 19.24 20.09 OK
r-release-linux-x86_64 0.975 0.62 13.70 14.32 OK
r-release-osx-x86_64-mavericks 0.975 OK
r-release-windows-ix86+x86_64 0.975 2.00 27.00 29.00 OK
r-oldrel-windows-ix86+x86_64 0.975 2.00 23.00 25.00 OK

Check Details

Version: 0.975
Check: S3 generic/method consistency
Result: NOTE
    Found the following apparent S3 methods exported but not registered:
     plot.psgc print.sum.psgc summary.psgc
    See section ‘Registering S3 methods’ in the ‘Writing R Extensions’
    manual.
Flavors: r-devel-linux-x86_64-debian-clang, r-devel-linux-x86_64-debian-gcc, r-devel-linux-x86_64-fedora-clang, r-devel-linux-x86_64-fedora-gcc, r-devel-osx-x86_64-clang