CRAN Package Check Results for Package sbgcop

Last updated on 2015-04-21 12:48:55.

Flavor Version Tinstall Tcheck Ttotal Status Flags
r-devel-linux-x86_64-debian-clang 0.975 0.54 12.32 12.86 NOTE
r-devel-linux-x86_64-debian-gcc 0.975 0.52 11.97 12.49 NOTE
r-devel-linux-x86_64-fedora-clang 0.975 26.26 NOTE
r-devel-linux-x86_64-fedora-gcc 0.975 24.39 NOTE
r-devel-osx-x86_64-clang 0.975 28.41 NOTE
r-devel-windows-ix86+x86_64 0.975 3.00 27.00 30.00 OK
r-patched-linux-x86_64 0.975 0.53 12.18 12.71 NOTE
r-patched-solaris-sparc 0.975 154.00 OK
r-patched-solaris-x86 0.975 32.50 OK
r-release-linux-x86_64 0.975 0.52 12.46 12.98 NOTE
r-release-osx-x86_64-mavericks 0.975 OK
r-release-osx-x86_64-snowleopard 0.975 OK
r-release-windows-ix86+x86_64 0.975 2.00 23.00 25.00 OK
r-oldrel-windows-ix86+x86_64 0.975 4.00 21.00 25.00 OK

Check Details

Version: 0.975
Check: S3 generic/method consistency
Result: NOTE
    Found the following apparent S3 methods exported but not registered:
     plot.psgc print.sum.psgc summary.psgc
    See section ‘Registering S3 methods’ in the ‘Writing R Extensions’
    manual.
Flavors: r-devel-linux-x86_64-debian-clang, r-devel-linux-x86_64-debian-gcc, r-devel-linux-x86_64-fedora-clang, r-devel-linux-x86_64-fedora-gcc, r-devel-osx-x86_64-clang, r-patched-linux-x86_64, r-release-linux-x86_64