CRAN Package Check Results for Package sbioPN

Last updated on 2023-02-02 12:59:29 CET.

Flavor Version Tinstall Tcheck Ttotal Status Flags
r-devel-linux-x86_64-debian-clang 1.1.0 5.86 21.59 27.45 OK
r-devel-linux-x86_64-debian-gcc 1.1.0 5.24 17.23 22.47 OK
r-devel-linux-x86_64-fedora-clang 1.1.0 35.97 NOTE
r-devel-linux-x86_64-fedora-gcc 1.1.0 36.24 NOTE
r-devel-windows-x86_64 1.1.0 25.00 47.00 72.00 OK
r-patched-linux-x86_64 1.1.0 4.94 22.54 27.48 OK
r-release-linux-x86_64 1.1.0 5.68 22.58 28.26 OK
r-release-macos-arm64 1.1.0 15.00 OK
r-release-macos-x86_64 1.1.0 20.00 OK
r-release-windows-x86_64 1.1.0 12.00 42.00 54.00 OK
r-oldrel-macos-arm64 1.1.0 18.00 OK
r-oldrel-macos-x86_64 1.1.0 28.00 OK
r-oldrel-windows-ix86+x86_64 1.1.0 17.00 30.00 47.00 OK

Check Details

Version: 1.1.0
Check: compiled code
Result: NOTE
    File ‘sbioPN/libs/sbioPN.so’:
     Found no calls to: ‘R_registerRoutines’, ‘R_useDynamicSymbols’
    
    It is good practice to register native routines and to disable symbol
    search.
    
    See ‘Writing portable packages’ in the ‘Writing R Extensions’ manual.
Flavors: r-devel-linux-x86_64-fedora-clang, r-devel-linux-x86_64-fedora-gcc