CRAN Package Check Results for Package sbmSDP

Last updated on 2022-12-06 20:52:03 CET.

Flavor Version Tinstall Tcheck Ttotal Status Flags
r-devel-linux-x86_64-debian-clang 0.2 29.06 33.80 62.86 OK
r-devel-linux-x86_64-debian-gcc 0.2 29.81 26.39 56.20 OK
r-devel-linux-x86_64-fedora-clang 0.2 104.52 NOTE
r-devel-linux-x86_64-fedora-gcc 0.2 96.81 NOTE
r-devel-windows-x86_64 0.2 32.00 78.00 110.00 OK
r-patched-linux-x86_64 0.2 28.43 33.44 61.87 OK
r-release-linux-x86_64 0.2 27.61 33.89 61.50 OK
r-release-macos-arm64 0.2 28.00 OK
r-release-macos-x86_64 0.2 36.00 OK
r-release-windows-x86_64 0.2 40.00 93.00 133.00 OK
r-oldrel-macos-arm64 0.2 30.00 OK
r-oldrel-macos-x86_64 0.2 52.00 OK
r-oldrel-windows-ix86+x86_64 0.2 84.00 89.00 173.00 OK

Check Details

Version: 0.2
Check: compiled code
Result: NOTE
    File ‘sbmSDP/libs/sbmSDP.so’:
     Found no calls to: ‘R_registerRoutines’, ‘R_useDynamicSymbols’
    
    It is good practice to register native routines and to disable symbol
    search.
    
    See ‘Writing portable packages’ in the ‘Writing R Extensions’ manual.
Flavors: r-devel-linux-x86_64-fedora-clang, r-devel-linux-x86_64-fedora-gcc