Last updated on 2021-02-25 07:49:57 CET.
Flavor | Version | Tinstall | Tcheck | Ttotal | Status | Flags |
---|---|---|---|---|---|---|
r-devel-linux-x86_64-debian-clang | 0.5.0 | 131.41 | 137.96 | 269.37 | OK | |
r-devel-linux-x86_64-debian-gcc | 0.5.0 | 87.85 | 104.25 | 192.10 | OK | |
r-devel-linux-x86_64-fedora-clang | 0.5.0 | 354.32 | NOTE | |||
r-devel-linux-x86_64-fedora-gcc | 0.5.0 | 351.06 | OK | |||
r-devel-windows-ix86+x86_64 | 0.5.0 | 212.00 | 169.00 | 381.00 | NOTE | |
r-patched-linux-x86_64 | 0.5.0 | 99.45 | 135.79 | 235.24 | OK | |
r-patched-solaris-x86 | 0.5.0 | 346.50 | OK | |||
r-release-linux-x86_64 | 0.5.0 | 102.34 | 132.21 | 234.55 | OK | |
r-release-macos-x86_64 | 0.5.0 | NOTE | ||||
r-release-windows-ix86+x86_64 | 0.5.0 | 290.00 | 237.00 | 527.00 | NOTE | |
r-oldrel-macos-x86_64 | 0.5.0 | NOTE | ||||
r-oldrel-windows-ix86+x86_64 | 0.5.0 | 193.00 | 306.00 | 499.00 | NOTE |
Version: 0.5.0
Check: installed package size
Result: NOTE
installed size is 9.2Mb
sub-directories of 1Mb or more:
data 3.9Mb
libs 5.0Mb
Flavors: r-devel-linux-x86_64-fedora-clang, r-devel-windows-ix86+x86_64, r-release-macos-x86_64, r-release-windows-ix86+x86_64, r-oldrel-macos-x86_64, r-oldrel-windows-ix86+x86_64
Version: 0.5.0
Check: R code for possible problems
Result: NOTE
plot.word_coverage: no visible global function definition for ‘plot’
Undefined global functions or variables:
plot
Consider adding
importFrom("graphics", "plot")
to your NAMESPACE file.
Flavors: r-oldrel-macos-x86_64, r-oldrel-windows-ix86+x86_64