CRAN Package Check Results for Package scCATCH

Last updated on 2022-12-02 07:53:33 CET.

Flavor Version Tinstall Tcheck Ttotal Status Flags
r-devel-linux-x86_64-debian-clang 3.2.1 12.77 287.21 299.98 OK
r-devel-linux-x86_64-debian-gcc 3.2.1 10.71 213.13 223.84 OK
r-devel-linux-x86_64-fedora-clang 3.2.1 378.19 NOTE
r-devel-linux-x86_64-fedora-gcc 3.2.1 376.64 NOTE
r-devel-windows-x86_64 3.2.1 25.00 317.00 342.00 OK
r-patched-linux-x86_64 3.2.1 11.17 291.34 302.51 OK
r-release-linux-x86_64 3.2.1 14.08 286.27 300.35 OK
r-release-macos-arm64 3.2.1 121.00 NOTE
r-release-macos-x86_64 3.2.1 153.00 NOTE
r-release-windows-x86_64 3.2.1 21.00 341.00 362.00 OK
r-oldrel-macos-arm64 3.2.1 116.00 NOTE
r-oldrel-macos-x86_64 3.2.1 148.00 NOTE
r-oldrel-windows-ix86+x86_64 3.2.1 26.00 337.00 363.00 OK

Check Details

Version: 3.2.1
Check: dependencies in R code
Result: NOTE
    Namespace in Imports field not imported from: ‘crayon’
     All declared Imports should be used.
Flavors: r-devel-linux-x86_64-fedora-clang, r-devel-linux-x86_64-fedora-gcc, r-release-macos-arm64, r-release-macos-x86_64, r-oldrel-macos-arm64, r-oldrel-macos-x86_64