Last updated on 2023-03-21 12:50:48 CET.
Flavor | Version | Tinstall | Tcheck | Ttotal | Status | Flags |
---|---|---|---|---|---|---|
r-devel-linux-x86_64-debian-clang | 3.2.1 | 12.11 | 291.04 | 303.15 | OK | |
r-devel-linux-x86_64-debian-gcc | 3.2.1 | 11.25 | 216.81 | 228.06 | OK | |
r-devel-linux-x86_64-fedora-clang | 3.2.1 | 372.88 | NOTE | |||
r-devel-linux-x86_64-fedora-gcc | 3.2.1 | 373.09 | NOTE | |||
r-patched-linux-x86_64 | 3.2.1 | 13.34 | 289.02 | 302.36 | OK | |
r-release-linux-x86_64 | 3.2.1 | 12.39 | 289.89 | 302.28 | OK | |
r-release-macos-arm64 | 3.2.1 | 121.00 | NOTE | |||
r-release-macos-x86_64 | 3.2.1 | 153.00 | NOTE | |||
r-release-windows-x86_64 | 3.2.1 | 19.00 | 323.00 | 342.00 | OK | |
r-oldrel-macos-arm64 | 3.2.1 | 116.00 | NOTE | |||
r-oldrel-macos-x86_64 | 3.2.1 | 148.00 | NOTE | |||
r-oldrel-windows-ix86+x86_64 | 3.2.1 | 26.00 | 327.00 | 353.00 | OK |
Version: 3.2.1
Check: dependencies in R code
Result: NOTE
Namespace in Imports field not imported from: ‘crayon’
All declared Imports should be used.
Flavors: r-devel-linux-x86_64-fedora-clang, r-devel-linux-x86_64-fedora-gcc, r-release-macos-arm64, r-release-macos-x86_64, r-oldrel-macos-arm64, r-oldrel-macos-x86_64