CRAN Package Check Results for Package scMappR

Last updated on 2024-06-13 01:58:05 CEST.

Flavor Version Tinstall Tcheck Ttotal Status Flags
r-devel-linux-x86_64-debian-clang 1.0.11 74.62 693.07 767.69 OK
r-devel-linux-x86_64-debian-gcc 1.0.11 0.44 1.96 2.40 ERROR
r-devel-linux-x86_64-fedora-clang 1.0.11 838.98 OK
r-devel-linux-x86_64-fedora-gcc 1.0.11 694.91 OK
r-devel-windows-x86_64 1.0.11 62.00 461.00 523.00 OK
r-patched-linux-x86_64 1.0.11 64.83 671.81 736.64 OK
r-release-linux-x86_64 1.0.11 69.22 661.73 730.95 OK
r-release-macos-arm64 1.0.11 257.00 OK
r-release-macos-x86_64 1.0.11 379.00 OK
r-release-windows-x86_64 1.0.11 64.00 469.00 533.00 OK
r-oldrel-macos-arm64 1.0.11 11.00 ERROR
r-oldrel-macos-x86_64 1.0.11 11.00 ERROR
r-oldrel-windows-x86_64 1.0.11 83.00 623.00 706.00 OK

Check Details

Version: 1.0.11
Check: package dependencies
Result: ERROR Packages required but not available: 'ggplot2', 'Seurat', 'GSVA', 'gprofiler2' Package suggested but not available for checking: ‘testthat’ See section ‘The DESCRIPTION file’ in the ‘Writing R Extensions’ manual. Flavor: r-devel-linux-x86_64-debian-gcc

Version: 1.0.11
Check: package dependencies
Result: ERROR Package required but not available: ‘GSVA’ See section ‘The DESCRIPTION file’ in the ‘Writing R Extensions’ manual. Flavors: r-oldrel-macos-arm64, r-oldrel-macos-x86_64