CRAN Package Check Results for Package sca

Last updated on 2014-07-25 14:47:43.

Flavor Version Tinstall Tcheck Ttotal Status Flags
r-devel-linux-x86_64-debian-clang 0.8-9 0.68 13.26 13.93 OK
r-devel-linux-x86_64-debian-gcc 0.8-9 0.66 13.47 14.14 OK
r-devel-linux-x86_64-fedora-clang 0.8-9 28.58 NOTE
r-devel-linux-x86_64-fedora-gcc 0.8-9 27.40 NOTE
r-devel-osx-x86_64-clang 0.8-9 28.89 OK
r-devel-windows-ix86+x86_64 0.8-9 2.00 21.00 23.00 OK
r-patched-linux-x86_64 0.8-9 0.67 13.44 14.11 OK
r-patched-solaris-sparc 0.8-9 165.50 OK
r-patched-solaris-x86 0.8-9 39.50 OK
r-release-linux-ix86 0.8-9 1.02 20.37 21.40 OK
r-release-linux-x86_64 0.8-9 0.73 13.38 14.11 OK
r-release-osx-x86_64-mavericks 0.8-9 OK
r-release-windows-ix86+x86_64 0.8-9 2.00 24.00 26.00 OK
r-oldrel-windows-ix86+x86_64 0.8-9 2.00 22.00 24.00 OK

Check Details

Version: 0.8-9
Check: top-level files
Result: NOTE
    Non-standard files/directories found at top level:
     ‘Done-MM’ ‘INDEX-manual’
Flavors: r-devel-linux-x86_64-fedora-clang, r-devel-linux-x86_64-fedora-gcc