CRAN Package Check Results for Package sca

Last updated on 2014-11-27 23:48:49.

Flavor Version Tinstall Tcheck Ttotal Status Flags
r-devel-linux-x86_64-debian-clang 0.8-9 0.74 13.84 14.58 NOTE
r-devel-linux-x86_64-debian-gcc 0.8-9 0.68 13.66 14.34 NOTE
r-devel-linux-x86_64-fedora-clang 0.8-9 29.92 NOTE
r-devel-linux-x86_64-fedora-gcc 0.8-9 28.77 NOTE
r-devel-osx-x86_64-clang 0.8-9 30.79 OK
r-devel-windows-ix86+x86_64 0.8-9 3.00 22.00 25.00 OK
r-patched-linux-x86_64 0.8-9 0.72 14.16 14.88 NOTE
r-patched-solaris-sparc 0.8-9 178.80 OK
r-patched-solaris-x86 0.8-9 41.00 OK
r-release-linux-ix86 0.8-9 0.99 20.08 21.07 OK
r-release-linux-x86_64 0.8-9 0.70 13.88 14.58 NOTE
r-release-osx-x86_64-mavericks 0.8-9 OK
r-release-windows-ix86+x86_64 0.8-9 2.00 26.00 28.00 OK
r-oldrel-windows-ix86+x86_64 0.8-9 2.00 22.00 24.00 OK

Check Details

Version: 0.8-9
Check: top-level files
Result: NOTE
    Non-standard files/directories found at top level:
     ‘Done-MM’ ‘INDEX-manual’
Flavors: r-devel-linux-x86_64-debian-clang, r-devel-linux-x86_64-debian-gcc, r-devel-linux-x86_64-fedora-clang, r-devel-linux-x86_64-fedora-gcc, r-patched-linux-x86_64, r-release-linux-x86_64