CRAN Package Check Results for Package sca

Last updated on 2014-08-02 01:50:08.

Flavor Version Tinstall Tcheck Ttotal Status Flags
r-devel-linux-x86_64-debian-clang 0.8-9 0.70 13.75 14.45 OK
r-devel-linux-x86_64-debian-gcc 0.8-9 0.68 13.26 13.94 OK
r-devel-linux-x86_64-fedora-clang 0.8-9 28.58 NOTE
r-devel-linux-x86_64-fedora-gcc 0.8-9 26.89 NOTE
r-devel-osx-x86_64-clang 0.8-9 29.86 OK
r-devel-windows-ix86+x86_64 0.8-9 2.00 21.00 23.00 OK
r-patched-linux-x86_64 0.8-9 0.68 13.23 13.92 OK
r-patched-solaris-sparc 0.8-9 178.80 OK
r-patched-solaris-x86 0.8-9 38.90 OK
r-release-linux-ix86 0.8-9 0.99 20.38 21.37 OK
r-release-linux-x86_64 0.8-9 0.76 13.66 14.41 OK
r-release-osx-x86_64-mavericks 0.8-9 OK
r-release-windows-ix86+x86_64 0.8-9 3.00 30.00 33.00 OK
r-oldrel-windows-ix86+x86_64 0.8-9 5.00 31.00 36.00 OK

Check Details

Version: 0.8-9
Check: top-level files
Result: NOTE
    Non-standard files/directories found at top level:
     Done-MM INDEX-manual
Flavors: r-devel-linux-x86_64-fedora-clang, r-devel-linux-x86_64-fedora-gcc