CRAN Package Check Results for Package sca

Last updated on 2015-01-25 23:52:22.

Flavor Version Tinstall Tcheck Ttotal Status Flags
r-devel-linux-x86_64-debian-clang 0.8-9 0.68 13.82 14.51 NOTE
r-devel-linux-x86_64-debian-gcc 0.8-9 0.68 13.57 14.26 NOTE
r-devel-linux-x86_64-fedora-clang 0.8-9 30.03 NOTE
r-devel-linux-x86_64-fedora-gcc 0.8-9 28.45 NOTE
r-devel-osx-x86_64-clang 0.8-9 30.97 OK
r-devel-windows-ix86+x86_64 0.8-9 5.00 29.00 34.00 OK
r-patched-linux-x86_64 0.8-9 0.74 14.04 14.78 NOTE
r-patched-solaris-sparc 0.8-9 166.00 OK
r-patched-solaris-x86 0.8-9 41.60 OK
r-release-linux-ix86 0.8-9 1.01 20.47 21.48 OK
r-release-linux-x86_64 0.8-9 0.73 14.85 15.58 NOTE
r-release-osx-x86_64-mavericks 0.8-9 OK
r-release-windows-ix86+x86_64 0.8-9 3.00 24.00 27.00 OK
r-oldrel-windows-ix86+x86_64 0.8-9 3.00 35.00 38.00 OK

Check Details

Version: 0.8-9
Check: top-level files
Result: NOTE
    Non-standard files/directories found at top level:
     ‘Done-MM’ ‘INDEX-manual’
Flavors: r-devel-linux-x86_64-debian-clang, r-devel-linux-x86_64-debian-gcc, r-devel-linux-x86_64-fedora-clang, r-devel-linux-x86_64-fedora-gcc, r-patched-linux-x86_64, r-release-linux-x86_64