CRAN Package Check Results for Package sca

Last updated on 2015-05-29 09:47:36.

Flavor Version Tinstall Tcheck Ttotal Status Flags
r-devel-linux-x86_64-debian-clang 0.8-9 0.63 13.48 14.12 NOTE
r-devel-linux-x86_64-debian-gcc 0.8-9 0.63 13.26 13.89 NOTE
r-devel-linux-x86_64-fedora-clang 0.8-9 27.40 NOTE
r-devel-linux-x86_64-fedora-gcc 0.8-9 24.23 NOTE
r-devel-osx-x86_64-clang 0.8-9 29.30 OK
r-devel-windows-ix86+x86_64 0.8-9 3.00 20.00 23.00 OK
r-patched-linux-x86_64 0.8-9 0.62 13.36 13.99 NOTE
r-patched-solaris-sparc 0.8-9 168.70 OK
r-patched-solaris-x86 0.8-9 36.70 OK
r-release-linux-x86_64 0.8-9 0.64 13.17 13.81 NOTE
r-release-osx-x86_64-mavericks 0.8-9 OK
r-release-osx-x86_64-snowleopard 0.8-9 OK
r-release-windows-ix86+x86_64 0.8-9 4.00 25.00 29.00 OK
r-oldrel-windows-ix86+x86_64 0.8-9 3.00 38.00 41.00 OK

Check Details

Version: 0.8-9
Check: top-level files
Result: NOTE
    Non-standard files/directories found at top level:
     ‘Done-MM’ ‘INDEX-manual’
Flavors: r-devel-linux-x86_64-debian-clang, r-devel-linux-x86_64-debian-gcc, r-devel-linux-x86_64-fedora-clang, r-devel-linux-x86_64-fedora-gcc, r-patched-linux-x86_64, r-release-linux-x86_64