CRAN Package Check Results for Package sca

Last updated on 2014-10-20 23:47:12.

Flavor Version Tinstall Tcheck Ttotal Status Flags
r-devel-linux-x86_64-debian-clang 0.8-9 0.71 13.81 14.52 NOTE
r-devel-linux-x86_64-debian-gcc 0.8-9 0.75 14.07 14.82 NOTE
r-devel-linux-x86_64-fedora-clang 0.8-9 29.17 NOTE
r-devel-linux-x86_64-fedora-gcc 0.8-9 26.05 NOTE
r-devel-osx-x86_64-clang 0.8-9 28.94 OK
r-devel-windows-ix86+x86_64 0.8-9 2.00 23.00 25.00 OK
r-patched-linux-x86_64 0.8-9 0.77 14.25 15.02 NOTE
r-patched-solaris-sparc 0.8-9 178.80 OK
r-patched-solaris-x86 0.8-9 40.70 OK
r-release-linux-ix86 0.8-9 1.00 20.72 21.71 OK
r-release-linux-x86_64 0.8-9 0.76 13.87 14.62 NOTE
r-release-osx-x86_64-mavericks 0.8-9 OK
r-release-windows-ix86+x86_64 0.8-9 2.00 23.00 25.00 OK
r-oldrel-windows-ix86+x86_64 0.8-9 3.00 22.00 25.00 OK

Check Details

Version: 0.8-9
Check: top-level files
Result: NOTE
    Non-standard files/directories found at top level:
     ‘Done-MM’ ‘INDEX-manual’
Flavors: r-devel-linux-x86_64-debian-clang, r-devel-linux-x86_64-debian-gcc, r-devel-linux-x86_64-fedora-clang, r-devel-linux-x86_64-fedora-gcc, r-patched-linux-x86_64, r-release-linux-x86_64