CRAN Package Check Results for Package sca

Last updated on 2014-04-23 20:47:21.

Flavor Version Tinstall Tcheck Ttotal Status Flags
r-devel-linux-x86_64-debian-clang 0.8-9 0.71 14.18 14.89 OK
r-devel-linux-x86_64-debian-gcc 0.8-9 0.77 14.25 15.02 OK
r-devel-linux-x86_64-fedora-clang 0.8-9 28.09 NOTE
r-devel-linux-x86_64-fedora-gcc 0.8-9 27.10 NOTE
r-devel-osx-x86_64-clang 0.8-9 29.93 OK
r-devel-osx-x86_64-gcc 0.8-9 OK
r-devel-windows-ix86+x86_64 0.8-9 2.00 21.00 23.00 OK
r-patched-linux-x86_64 0.8-9 0.71 13.86 14.57 OK
r-patched-solaris-sparc 0.8-9 165.50 OK
r-patched-solaris-x86 0.8-9 40.20 OK
r-release-linux-ix86 0.8-9 1.00 29.00 30.00 OK
r-release-linux-x86_64 0.8-9 0.74 14.41 15.15 OK
r-release-osx-x86_64-mavericks 0.8-9 WARN
r-release-windows-ix86+x86_64 0.8-9 3.00 22.00 25.00 OK
r-oldrel-windows-ix86+x86_64 0.8-9 3.00 23.00 26.00 OK

Check Details

Version: 0.8-9
Check: top-level files
Result: NOTE
    Non-standard files/directories found at top level:
     ‘Done-MM’ ‘INDEX-manual’
Flavors: r-devel-linux-x86_64-fedora-clang, r-devel-linux-x86_64-fedora-gcc

Version: 0.8-9
Check: PDF version of manual
Result: WARNING
    LaTeX errors when creating PDF version.
    This typically indicates Rd problems.
    LaTeX errors found:
    ! LaTeX Error: File `upquote.sty' not found.
    
    Type X to quit or <RETURN> to proceed,
    or enter new name. (Default extension: sty)
    
    78901cb/Rd2.tex:8: ==> Fatal error occurred, no output PDF file produced!
Flavor: r-release-osx-x86_64-mavericks