CRAN Package Check Results for Package sca

Last updated on 2015-07-03 21:46:48.

Flavor Version Tinstall Tcheck Ttotal Status Flags
r-devel-linux-x86_64-debian-clang 0.8-9 0.66 12.53 13.19 NOTE
r-devel-linux-x86_64-debian-gcc 0.8-9 0.59 12.54 13.14 NOTE
r-devel-linux-x86_64-fedora-clang 0.8-9 24.50 NOTE
r-devel-linux-x86_64-fedora-gcc 0.8-9 22.72 NOTE
r-devel-osx-x86_64-clang 0.8-9 23.33 OK
r-devel-windows-ix86+x86_64 0.8-9 3.00 22.00 25.00 NOTE
r-patched-linux-x86_64 0.8-9 0.62 13.04 13.66 NOTE
r-patched-solaris-sparc 0.8-9 168.70 OK
r-patched-solaris-x86 0.8-9 37.30 OK
r-release-linux-x86_64 0.8-9 0.66 13.05 13.71 NOTE
r-release-osx-x86_64-mavericks 0.8-9 OK
r-release-windows-ix86+x86_64 0.8-9 3.00 22.00 25.00 OK
r-oldrel-windows-ix86+x86_64 0.8-9 3.00 24.00 27.00 OK

Check Details

Version: 0.8-9
Check: top-level files
Result: NOTE
    Non-standard files/directories found at top level:
     ‘Done-MM’ ‘INDEX-manual’
Flavors: r-devel-linux-x86_64-debian-clang, r-devel-linux-x86_64-debian-gcc, r-devel-linux-x86_64-fedora-clang, r-devel-linux-x86_64-fedora-gcc, r-patched-linux-x86_64, r-release-linux-x86_64

Version: 0.8-9
Check: R code for possible problems
Result: NOTE
    agglomblock: no visible global function definition for ‘cov2cor’
    agglomblock: no visible global function definition for ‘median’
    corcomp: no visible global function definition for ‘cov2cor’
    redrawMatrix: no visible global function definition for ‘plot’
    redrawMatrix: no visible global function definition for ‘par’
    redrawMatrix: no visible global function definition for ‘text’
    redrawMatrix: no visible global function definition for ‘title’
    sca: no visible global function definition for ‘dev.interactive’
    sca: no visible global function definition for ‘locator’
    Undefined global functions or variables:
     cov2cor dev.interactive locator median par plot text title
Flavors: r-devel-linux-x86_64-debian-clang, r-devel-linux-x86_64-debian-gcc, r-devel-linux-x86_64-fedora-clang, r-devel-linux-x86_64-fedora-gcc, r-devel-windows-ix86+x86_64