CRAN Package Check Results for Package sca

Last updated on 2015-08-30 21:47:00.

Flavor Version Tinstall Tcheck Ttotal Status Flags
r-devel-linux-x86_64-debian-clang 0.8-9 0.70 12.49 13.19 NOTE
r-devel-linux-x86_64-debian-gcc 0.8-9 0.58 12.59 13.17 NOTE
r-devel-linux-x86_64-fedora-clang 0.8-9 24.93 NOTE
r-devel-linux-x86_64-fedora-gcc 0.8-9 23.90 NOTE
r-devel-osx-x86_64-clang 0.8-9 23.10 OK
r-devel-windows-ix86+x86_64 0.8-9 3.00 26.00 29.00 NOTE
r-patched-linux-x86_64 0.8-9 0.67 12.98 13.65 NOTE
r-patched-solaris-sparc 0.8-9 173.00 OK
r-patched-solaris-x86 0.8-9 38.50 OK
r-release-linux-x86_64 0.8-9 0.63 13.86 14.49 NOTE
r-release-osx-x86_64-mavericks 0.8-9 OK
r-release-windows-ix86+x86_64 0.8-9 4.00 41.00 45.00 OK
r-oldrel-windows-ix86+x86_64 0.8-9 4.00 35.00 39.00 OK

Check Details

Version: 0.8-9
Check: top-level files
Result: NOTE
    Non-standard files/directories found at top level:
     ‘Done-MM’ ‘INDEX-manual’
Flavors: r-devel-linux-x86_64-debian-clang, r-devel-linux-x86_64-debian-gcc, r-devel-linux-x86_64-fedora-clang, r-devel-linux-x86_64-fedora-gcc, r-patched-linux-x86_64, r-release-linux-x86_64

Version: 0.8-9
Check: R code for possible problems
Result: NOTE
    agglomblock: no visible global function definition for ‘cov2cor’
    agglomblock: no visible global function definition for ‘median’
    corcomp: no visible global function definition for ‘cov2cor’
    redrawMatrix: no visible global function definition for ‘plot’
    redrawMatrix: no visible global function definition for ‘par’
    redrawMatrix: no visible global function definition for ‘text’
    redrawMatrix: no visible global function definition for ‘title’
    sca: no visible global function definition for ‘dev.interactive’
    sca: no visible global function definition for ‘locator’
    Undefined global functions or variables:
     cov2cor dev.interactive locator median par plot text title
    Consider adding
     importFrom("grDevices", "dev.interactive")
     importFrom("graphics", "locator", "par", "plot", "text", "title")
     importFrom("stats", "cov2cor", "median")
    to your NAMESPACE.
Flavors: r-devel-linux-x86_64-debian-clang, r-devel-linux-x86_64-debian-gcc, r-devel-linux-x86_64-fedora-clang, r-devel-linux-x86_64-fedora-gcc, r-devel-windows-ix86+x86_64