CRAN Package Check Results for Package sca

Last updated on 2015-03-28 14:49:02.

Flavor Version Tinstall Tcheck Ttotal Status Flags
r-devel-linux-x86_64-debian-clang 0.8-9 0.66 13.11 13.77 NOTE
r-devel-linux-x86_64-debian-gcc 0.8-9 0.63 12.94 13.57 NOTE
r-devel-linux-x86_64-fedora-clang 0.8-9 27.14 NOTE
r-devel-linux-x86_64-fedora-gcc 0.8-9 25.79 NOTE
r-devel-osx-x86_64-clang 0.8-9 32.04 OK
r-prerel-windows-ix86+x86_64 0.8-9 4.00 22.00 26.00 OK
r-prerel-linux-x86_64 0.8-9 0.64 12.95 13.58 NOTE
r-prerel-solaris-sparc 0.8-9 165.90 OK
r-prerel-solaris-x86 0.8-9 38.20 OK
r-release-linux-x86_64 0.8-9 0.70 14.00 14.70 NOTE
r-release-osx-x86_64-mavericks 0.8-9 OK
r-release-windows-ix86+x86_64 0.8-9 3.00 24.00 27.00 OK
r-oldrel-windows-ix86+x86_64 0.8-9 3.00 31.00 34.00 OK

Check Details

Version: 0.8-9
Check: top-level files
Result: NOTE
    Non-standard files/directories found at top level:
     ‘Done-MM’ ‘INDEX-manual’
Flavors: r-devel-linux-x86_64-debian-clang, r-devel-linux-x86_64-debian-gcc, r-devel-linux-x86_64-fedora-clang, r-devel-linux-x86_64-fedora-gcc, r-prerel-linux-x86_64, r-release-linux-x86_64