CRAN Package Check Results for Package sca

Last updated on 2014-09-21 03:49:12.

Flavor Version Tinstall Tcheck Ttotal Status Flags
r-devel-linux-x86_64-debian-clang 0.8-9 0.72 13.35 14.07 NOTE
r-devel-linux-x86_64-debian-gcc 0.8-9 0.66 13.80 14.46 NOTE
r-devel-linux-x86_64-fedora-clang 0.8-9 27.33 NOTE
r-devel-linux-x86_64-fedora-gcc 0.8-9 25.18 NOTE
r-devel-osx-x86_64-clang 0.8-9 30.58 OK
r-devel-windows-ix86+x86_64 0.8-9 2.00 22.00 24.00 OK
r-patched-linux-x86_64 0.8-9 0.69 13.50 14.18 NOTE
r-patched-solaris-sparc 0.8-9 178.80 OK
r-patched-solaris-x86 0.8-9 39.10 OK
r-release-linux-ix86 0.8-9 1.00 20.76 21.76 OK
r-release-linux-x86_64 0.8-9 0.70 13.80 14.50 NOTE
r-release-osx-x86_64-mavericks 0.8-9 OK
r-release-windows-ix86+x86_64 0.8-9 2.00 22.00 24.00 OK
r-oldrel-windows-ix86+x86_64 0.8-9 3.00 23.00 26.00 OK

Check Details

Version: 0.8-9
Check: top-level files
Result: NOTE
    Non-standard files/directories found at top level:
     ‘Done-MM’ ‘INDEX-manual’
Flavors: r-devel-linux-x86_64-debian-clang, r-devel-linux-x86_64-debian-gcc, r-devel-linux-x86_64-fedora-clang, r-devel-linux-x86_64-fedora-gcc, r-patched-linux-x86_64, r-release-linux-x86_64