CRAN Package Check Results for Package scaRabee

Last updated on 2015-06-30 04:46:52.

Flavor Version Tinstall Tcheck Ttotal Status Flags
r-devel-linux-x86_64-debian-clang 1.1-3 3.44 47.39 50.84 NOTE
r-devel-linux-x86_64-debian-gcc 1.1-3 3.49 46.15 49.64 NOTE
r-devel-linux-x86_64-fedora-clang 1.1-3 104.44 NOTE
r-devel-linux-x86_64-fedora-gcc 1.1-3 100.09 NOTE
r-devel-osx-x86_64-clang 1.1-3 77.56 NOTE
r-devel-windows-ix86+x86_64 1.1-3 9.00 108.00 117.00 NOTE
r-patched-linux-x86_64 1.1-3 3.20 47.23 50.43 NOTE
r-patched-solaris-sparc 1.1-3 603.70 NOTE
r-patched-solaris-x86 1.1-3 131.80 NOTE
r-release-linux-x86_64 1.1-3 3.30 49.33 52.62 NOTE
r-release-osx-x86_64-mavericks 1.1-3 NOTE
r-release-windows-ix86+x86_64 1.1-3 12.00 112.00 124.00 NOTE
r-oldrel-windows-ix86+x86_64 1.1-3 13.00 94.00 107.00 NOTE

Check Details

Version: 1.1-3
Check: R code for possible problems
Result: NOTE
    convert.infusion: no visible global function definition for ‘size’
    create.intervals: no visible global function definition for ‘size’
    create.intervals: no visible global function definition for ‘transpose’
    dde.model: no visible global function definition for ‘size’
    dde.model: no visible global function definition for ‘transpose’
    dde.syst: no visible global function definition for ‘approx’
    de.output: no visible global function definition for ‘size’
    estimation.plot: no visible global function definition for ‘reshape’
    estimation.plot: no visible global function definition for ‘pdf’
    estimation.plot: no visible global function definition for ‘dev.off’
    explicit.model: no visible global function definition for ‘size’
    finalize.report: no visible global function definition for ‘transpose’
    finalize.report: no visible global function definition for ‘size’
    fitmle : obj.fun: no visible global function definition for ‘size’
    fitmle.cov: no visible global function definition for ‘transpose’
    fitmle.cov: no visible global function definition for ‘qt’
    get.cov.matrix: no visible global function definition for ‘size’
    get.parms.data: no visible global function definition for ‘size’
    get.secondary: no visible global function definition for ‘transpose’
    init.cond: no visible global function definition for ‘size’
    init.update: no visible global function definition for ‘size’
    input.scaling: no visible global function definition for ‘size’
    make.dosing: no visible global function definition for ‘size’
    make.dosing: no visible global function definition for ‘approx’
    ode.model: no visible global function definition for ‘size’
    ode.model: no visible global function definition for ‘transpose’
    ode.syst: no visible global function definition for ‘approx’
    problem.eval: no visible global function definition for ‘size’
    residual.report: no visible global function definition for ‘size’
    scarabee.check.model: no visible global function definition for ‘size’
    scarabee.gridsearch : grid.obj.fun: no visible global function
     definition for ‘size’
    scarabee.read.data: no visible global function definition for ‘size’
    scarabee.read.parms: no visible global function definition for ‘size’
    simulation.plot: no visible global function definition for ‘pdf’
    simulation.plot: no visible global function definition for ‘dev.off’
    simulation.plot: no visible global function definition for ‘dev.new’
    simulation.plot: no visible global function definition for ‘par’
    simulation.report: no visible global function definition for ‘size’
    weighting: no visible global function definition for ‘size’
Flavors: r-devel-linux-x86_64-debian-clang, r-devel-linux-x86_64-debian-gcc, r-devel-windows-ix86+x86_64

Version: 1.1-3
Check: R code for possible problems
Result: NOTE
    convert.infusion: no visible global function definition for ‘size’
    create.intervals: no visible global function definition for ‘size’
    create.intervals: no visible global function definition for ‘transpose’
    dde.model: no visible global function definition for ‘size’
    dde.model: no visible global function definition for ‘transpose’
    de.output: no visible global function definition for ‘size’
    explicit.model: no visible global function definition for ‘size’
    finalize.report: no visible global function definition for ‘transpose’
    finalize.report: no visible global function definition for ‘size’
    fitmle : obj.fun: no visible global function definition for ‘size’
    fitmle.cov: no visible global function definition for ‘transpose’
    get.cov.matrix: no visible global function definition for ‘size’
    get.parms.data: no visible global function definition for ‘size’
    get.secondary: no visible global function definition for ‘transpose’
    init.cond: no visible global function definition for ‘size’
    init.update: no visible global function definition for ‘size’
    input.scaling: no visible global function definition for ‘size’
    make.dosing: no visible global function definition for ‘size’
    ode.model: no visible global function definition for ‘size’
    ode.model: no visible global function definition for ‘transpose’
    problem.eval: no visible global function definition for ‘size’
    residual.report: no visible global function definition for ‘size’
    scarabee.check.model: no visible global function definition for ‘size’
    scarabee.gridsearch : grid.obj.fun: no visible global function
     definition for ‘size’
    scarabee.read.data: no visible global function definition for ‘size’
    scarabee.read.parms: no visible global function definition for ‘size’
    simulation.report: no visible global function definition for ‘size’
    weighting: no visible global function definition for ‘size’
Flavors: r-devel-linux-x86_64-fedora-clang, r-devel-linux-x86_64-fedora-gcc, r-devel-osx-x86_64-clang, r-patched-linux-x86_64, r-patched-solaris-sparc, r-patched-solaris-x86, r-release-linux-x86_64, r-release-osx-x86_64-mavericks, r-release-windows-ix86+x86_64, r-oldrel-windows-ix86+x86_64