CRAN Package Check Results for Package scaRabee

Last updated on 2014-07-23 04:48:31.

Flavor Version Tinstall Tcheck Ttotal Status Flags
r-devel-linux-x86_64-debian-clang 1.1-3 4.55 53.26 57.81 OK
r-devel-linux-x86_64-debian-gcc 1.1-3 5.90 51.89 57.79 OK
r-devel-linux-x86_64-fedora-clang 1.1-3 149.98 WARN
r-devel-linux-x86_64-fedora-gcc 1.1-3 144.16 WARN
r-devel-osx-x86_64-clang 1.1-3 110.29 OK
r-devel-windows-ix86+x86_64 1.1-3 10.00 77.00 87.00 OK
r-patched-linux-x86_64 1.1-3 4.28 52.06 56.33 OK
r-patched-solaris-sparc 1.1-3 683.10 OK
r-patched-solaris-x86 1.1-3 184.90 WARN
r-release-linux-ix86 1.1-3 5.42 67.21 72.63 OK
r-release-linux-x86_64 1.1-3 6.35 54.88 61.23 OK
r-release-osx-x86_64-mavericks 1.1-3 NOTE
r-release-osx-x86_64-snowleopard 1.1-3 OK
r-release-windows-ix86+x86_64 1.1-3 11.00 85.00 96.00 OK
r-oldrel-windows-ix86+x86_64 1.1-3 11.00 79.00 90.00 OK

Check Details

Version: 1.1-3
Check: sizes of PDF files under ‘inst/doc’
Result: WARNING
     ‘gs+qpdf’ made some significant size reductions:
     compacted ‘scaRabee.pdf’ from 900Kb to 629Kb
     consider running tools::compactPDF(gs_quality = "ebook") on these files
Flavors: r-devel-linux-x86_64-fedora-clang, r-devel-linux-x86_64-fedora-gcc, r-patched-solaris-x86

Version: 1.1-3
Check: re-building of vignette outputs
Result: NOTE
    Error in re-building vignettes:
     ...
    Error in texi2dvi(file = file, pdf = TRUE, clean = clean, quiet = quiet, :
     Running 'texi2dvi' on 'scaRabee.tex' failed.
    LaTeX errors:
    ! LaTeX Error: File `ucs.sty' not found.
    
    Type X to quit or <RETURN> to proceed,
    or enter new name. (Default extension: sty)
    
    n_test/scaRabee/vignettes/scaRabee.tex:9: ==> Fatal error occurred, no output
    PDF file produced!
    Calls: buildVignettes -> texi2pdf -> texi2dvi
    Execution halted
Flavor: r-release-osx-x86_64-mavericks