CRAN Package Check Results for Package scaRabee

Last updated on 2014-04-21 01:48:12.

Flavor Version Tinstall Tcheck Ttotal Status Flags
r-devel-linux-x86_64-debian-clang 1.1-3 4.49 55.82 60.31 OK
r-devel-linux-x86_64-debian-gcc 1.1-3 4.59 56.79 61.38 OK
r-devel-linux-x86_64-fedora-clang 1.1-3 148.72 WARN
r-devel-linux-x86_64-fedora-gcc 1.1-3 146.14 WARN
r-devel-macosx-x86_64-clang 1.1-3 114.44 OK
r-devel-macosx-x86_64-gcc 1.1-3 OK
r-devel-windows-ix86+x86_64 1.1-3 10.00 81.00 91.00 OK
r-patched-linux-x86_64 1.1-3 4.63 56.00 60.62 OK
r-patched-solaris-sparc 1.1-3 711.80 OK
r-patched-solaris-x86 1.1-3 171.50 OK
r-release-linux-ix86 OK
r-release-linux-x86_64 1.1-3 4.50 56.57 61.07 OK
r-release-macosx-x86_64 1.1-3 OK
r-release-windows-ix86+x86_64 1.1-3 14.00 77.00 91.00 OK
r-oldrel-windows-ix86+x86_64 1.1-3 11.00 79.00 90.00 OK

Check Details

Version: 1.1-3
Check: sizes of PDF files under ‘inst/doc’
Result: WARNING
     ‘gs+qpdf’ made some significant size reductions:
     compacted ‘scaRabee.pdf’ from 900Kb to 629Kb
     consider running tools::compactPDF(gs_quality = "ebook") on these files
Flavors: r-devel-linux-x86_64-fedora-clang, r-devel-linux-x86_64-fedora-gcc