CRAN Package Check Results for Package scaRabee

Last updated on 2015-05-27 11:49:34.

Flavor Version Tinstall Tcheck Ttotal Status Flags
r-devel-linux-x86_64-debian-clang 1.1-3 3.41 48.34 51.75 NOTE
r-devel-linux-x86_64-debian-gcc 1.1-3 3.34 47.36 50.70 NOTE
r-devel-linux-x86_64-fedora-clang 1.1-3 105.65 NOTE
r-devel-linux-x86_64-fedora-gcc 1.1-3 99.85 NOTE
r-devel-osx-x86_64-clang 1.1-3 91.55 NOTE
r-devel-windows-ix86+x86_64 1.1-3 11.00 75.00 86.00 NOTE
r-patched-linux-x86_64 1.1-3 3.22 46.97 50.19 NOTE
r-patched-solaris-sparc 1.1-3 603.70 NOTE
r-patched-solaris-x86 1.1-3 131.90 NOTE
r-release-linux-x86_64 1.1-3 3.28 47.54 50.83 NOTE
r-release-osx-x86_64-mavericks 1.1-3 NOTE
r-release-osx-x86_64-snowleopard 1.1-3 OK
r-release-windows-ix86+x86_64 1.1-3 9.00 76.00 85.00 NOTE
r-oldrel-windows-ix86+x86_64 1.1-3 12.00 115.00 127.00 NOTE

Check Details

Version: 1.1-3
Check: R code for possible problems
Result: NOTE
    convert.infusion: no visible global function definition for ‘size’
    create.intervals: no visible global function definition for ‘size’
    create.intervals: no visible global function definition for ‘transpose’
    dde.model: no visible global function definition for ‘size’
    dde.model: no visible global function definition for ‘transpose’
    de.output: no visible global function definition for ‘size’
    explicit.model: no visible global function definition for ‘size’
    finalize.report: no visible global function definition for ‘transpose’
    finalize.report: no visible global function definition for ‘size’
    fitmle : obj.fun: no visible global function definition for ‘size’
    fitmle.cov: no visible global function definition for ‘transpose’
    get.cov.matrix: no visible global function definition for ‘size’
    get.parms.data: no visible global function definition for ‘size’
    get.secondary: no visible global function definition for ‘transpose’
    init.cond: no visible global function definition for ‘size’
    init.update: no visible global function definition for ‘size’
    input.scaling: no visible global function definition for ‘size’
    make.dosing: no visible global function definition for ‘size’
    ode.model: no visible global function definition for ‘size’
    ode.model: no visible global function definition for ‘transpose’
    problem.eval: no visible global function definition for ‘size’
    residual.report: no visible global function definition for ‘size’
    scarabee.check.model: no visible global function definition for ‘size’
    scarabee.gridsearch : grid.obj.fun: no visible global function
     definition for ‘size’
    scarabee.read.data: no visible global function definition for ‘size’
    scarabee.read.parms: no visible global function definition for ‘size’
    simulation.report: no visible global function definition for ‘size’
    weighting: no visible global function definition for ‘size’
Flavors: r-devel-linux-x86_64-debian-clang, r-devel-linux-x86_64-debian-gcc, r-devel-linux-x86_64-fedora-clang, r-devel-linux-x86_64-fedora-gcc, r-devel-osx-x86_64-clang, r-devel-windows-ix86+x86_64, r-patched-linux-x86_64, r-patched-solaris-sparc, r-patched-solaris-x86, r-release-linux-x86_64, r-release-osx-x86_64-mavericks, r-release-windows-ix86+x86_64, r-oldrel-windows-ix86+x86_64