CRAN Package Check Results for Package scaRabee

Last updated on 2014-09-16 01:48:23.

Flavor Version Tinstall Tcheck Ttotal Status Flags
r-devel-linux-x86_64-debian-clang 1.1-3 4.07 54.49 58.56 NOTE
r-devel-linux-x86_64-debian-gcc 1.1-3 4.05 52.80 56.85 NOTE
r-devel-linux-x86_64-fedora-clang 1.1-3 133.80 NOTE
r-devel-linux-x86_64-fedora-gcc 1.1-3 124.55 NOTE
r-devel-osx-x86_64-clang 1.1-3 108.24 NOTE
r-devel-windows-ix86+x86_64 1.1-3 9.00 74.00 83.00 NOTE
r-patched-linux-x86_64 1.1-3 4.34 52.76 57.11 OK
r-patched-solaris-sparc 1.1-3 658.90 OK
r-patched-solaris-x86 1.1-3 165.40 OK
r-release-linux-ix86 1.1-3 5.31 67.77 73.08 OK
r-release-linux-x86_64 1.1-3 4.37 57.34 61.71 OK
r-release-osx-x86_64-mavericks 1.1-3 NOTE
r-release-osx-x86_64-snowleopard 1.1-3 OK
r-release-windows-ix86+x86_64 1.1-3 11.00 82.00 93.00 OK
r-oldrel-windows-ix86+x86_64 1.1-3 11.00 76.00 87.00 OK

Check Details

Version: 1.1-3
Check: R code for possible problems
Result: NOTE
    convert.infusion: no visible global function definition for ‘size’
    create.intervals: no visible global function definition for ‘size’
    create.intervals: no visible global function definition for ‘transpose’
    dde.model: no visible global function definition for ‘size’
    dde.model: no visible global function definition for ‘transpose’
    de.output: no visible global function definition for ‘size’
    explicit.model: no visible global function definition for ‘size’
    finalize.report: no visible global function definition for ‘transpose’
    finalize.report: no visible global function definition for ‘size’
    fitmle : obj.fun: no visible global function definition for ‘size’
    fitmle.cov: no visible global function definition for ‘transpose’
    get.cov.matrix: no visible global function definition for ‘size’
    get.parms.data: no visible global function definition for ‘size’
    get.secondary: no visible global function definition for ‘transpose’
    init.cond: no visible global function definition for ‘size’
    init.update: no visible global function definition for ‘size’
    input.scaling: no visible global function definition for ‘size’
    make.dosing: no visible global function definition for ‘size’
    ode.model: no visible global function definition for ‘size’
    ode.model: no visible global function definition for ‘transpose’
    problem.eval: no visible global function definition for ‘size’
    residual.report: no visible global function definition for ‘size’
    scarabee.check.model: no visible global function definition for ‘size’
    scarabee.gridsearch : grid.obj.fun: no visible global function
     definition for ‘size’
    scarabee.read.data: no visible global function definition for ‘size’
    scarabee.read.parms: no visible global function definition for ‘size’
    simulation.report: no visible global function definition for ‘size’
    weighting: no visible global function definition for ‘size’
Flavors: r-devel-linux-x86_64-debian-clang, r-devel-linux-x86_64-debian-gcc, r-devel-linux-x86_64-fedora-clang, r-devel-linux-x86_64-fedora-gcc, r-devel-osx-x86_64-clang, r-devel-windows-ix86+x86_64

Version: 1.1-3
Check: re-building of vignette outputs
Result: NOTE
    Error in re-building vignettes:
     ...
    Error in texi2dvi(file = file, pdf = TRUE, clean = clean, quiet = quiet, :
     Running 'texi2dvi' on 'scaRabee.tex' failed.
    LaTeX errors:
    ! LaTeX Error: File `ucs.sty' not found.
    
    Type X to quit or <RETURN> to proceed,
    or enter new name. (Default extension: sty)
    
    n_test/scaRabee/vignettes/scaRabee.tex:9: ==> Fatal error occurred, no output
    PDF file produced!
    Calls: buildVignettes -> texi2pdf -> texi2dvi
    Execution halted
Flavor: r-release-osx-x86_64-mavericks