CRAN Package Check Results for Package scaRabee

Last updated on 2017-08-21 02:49:18.

Flavor Version Tinstall Tcheck Ttotal Status Flags
r-devel-linux-x86_64-debian-clang 1.1-3 3.00 49.59 52.59 NOTE
r-devel-linux-x86_64-debian-gcc 1.1-3 3.06 49.58 52.64 NOTE
r-devel-linux-x86_64-fedora-clang 1.1-3 110.07 NOTE
r-devel-linux-x86_64-fedora-gcc 1.1-3 110.19 NOTE
r-devel-windows-ix86+x86_64 1.1-3 9.00 84.00 93.00 NOTE
r-patched-linux-x86_64 1.1-3 2.91 51.15 54.06 NOTE
r-patched-solaris-x86 1.1-3 145.30 NOTE
r-release-linux-x86_64 1.1-3 3.19 48.80 51.99 NOTE
r-release-windows-ix86+x86_64 1.1-3 14.00 124.00 138.00 NOTE
r-release-osx-x86_64 1.1-3 NOTE
r-oldrel-windows-ix86+x86_64 1.1-3 8.00 84.00 92.00 NOTE
r-oldrel-osx-x86_64 1.1-3 NOTE

Check Details

Version: 1.1-3
Check: R code for possible problems
Result: NOTE
    convert.infusion: no visible global function definition for ‘size’
    create.intervals: no visible global function definition for ‘size’
    create.intervals: no visible global function definition for ‘transpose’
    dde.model: no visible global function definition for ‘size’
    dde.model: no visible global function definition for ‘transpose’
    dde.syst: no visible global function definition for ‘approx’
    de.output: no visible global function definition for ‘size’
    estimation.plot: no visible global function definition for ‘reshape’
    estimation.plot: no visible global function definition for ‘pdf’
    estimation.plot: no visible global function definition for ‘dev.off’
    explicit.model: no visible global function definition for ‘size’
    finalize.report: no visible global function definition for ‘transpose’
    finalize.report: no visible global function definition for ‘size’
    fitmle : obj.fun: no visible global function definition for ‘size’
    fitmle.cov: no visible global function definition for ‘transpose’
    fitmle.cov: no visible global function definition for ‘qt’
    get.cov.matrix: no visible global function definition for ‘size’
    get.parms.data: no visible global function definition for ‘size’
    get.secondary: no visible global function definition for ‘transpose’
    init.cond: no visible global function definition for ‘size’
    init.update: no visible global function definition for ‘size’
    input.scaling: no visible global function definition for ‘size’
    make.dosing: no visible global function definition for ‘size’
    make.dosing: no visible global function definition for ‘approx’
    ode.model: no visible global function definition for ‘size’
    ode.model: no visible global function definition for ‘transpose’
    ode.syst: no visible global function definition for ‘approx’
    problem.eval: no visible global function definition for ‘size’
    residual.report: no visible global function definition for ‘size’
    scarabee.check.model: no visible global function definition for ‘size’
    scarabee.gridsearch : grid.obj.fun: no visible global function
     definition for ‘size’
    scarabee.read.data: no visible global function definition for ‘size’
    scarabee.read.parms: no visible global function definition for ‘size’
    simulation.plot: no visible global function definition for ‘pdf’
    simulation.plot: no visible global function definition for ‘dev.off’
    simulation.plot: no visible global function definition for ‘dev.new’
    simulation.plot: no visible global function definition for ‘par’
    simulation.report: no visible global function definition for ‘size’
    weighting: no visible global function definition for ‘size’
    Undefined global functions or variables:
     approx dev.new dev.off par pdf qt reshape size transpose
    Consider adding
     importFrom("grDevices", "dev.new", "dev.off", "pdf")
     importFrom("graphics", "par")
     importFrom("stats", "approx", "qt", "reshape")
    to your NAMESPACE file.
Flavors: r-devel-linux-x86_64-debian-clang, r-devel-linux-x86_64-debian-gcc, r-devel-linux-x86_64-fedora-clang, r-devel-linux-x86_64-fedora-gcc, r-devel-windows-ix86+x86_64, r-patched-linux-x86_64, r-patched-solaris-x86, r-release-linux-x86_64, r-release-windows-ix86+x86_64, r-release-osx-x86_64, r-oldrel-windows-ix86+x86_64, r-oldrel-osx-x86_64

Version: 1.1-3
Check: re-building of vignette outputs
Result: NOTE
    Error in re-building vignettes:
     ...
    Error in texi2dvi(file = file, pdf = TRUE, clean = clean, quiet = quiet, :
     Running 'texi2dvi' on 'scaRabee.tex' failed.
    LaTeX errors:
    ! LaTeX Error: File `ucs.sty' not found.
    
    Type X to quit or <RETURN> to proceed,
    or enter new name. (Default extension: sty)
    
    ! Emergency stop.
    <read *>
    
    l.9 \usepackage
     [latin1]{inputenc}^^M
    ! ==> Fatal error occurred, no output PDF file produced!
    Calls: buildVignettes -> texi2pdf -> texi2dvi
    Execution halted
Flavor: r-release-osx-x86_64