CRAN Package Check Results for Package scaRabee

Last updated on 2015-03-04 03:46:59.

Flavor Version Tinstall Tcheck Ttotal Status Flags
r-devel-linux-x86_64-debian-clang 1.1-3 3.42 51.50 54.92 NOTE
r-devel-linux-x86_64-debian-gcc 1.1-3 3.18 47.86 51.04 NOTE
r-devel-linux-x86_64-fedora-clang 1.1-3 104.59 NOTE
r-devel-linux-x86_64-fedora-gcc 1.1-3 99.09 NOTE
r-devel-osx-x86_64-clang 1.1-3 93.63 NOTE
r-devel-windows-ix86+x86_64 1.1-3 10.00 75.00 85.00 NOTE
r-patched-linux-x86_64 1.1-3 4.56 57.94 62.50 NOTE
r-patched-solaris-sparc 1.1-3 745.70 NOTE
r-patched-solaris-x86 1.1-3 170.90 NOTE
r-release-linux-ix86 1.1-3 5.33 71.78 77.11 NOTE
r-release-linux-x86_64 1.1-3 4.63 57.02 61.65 NOTE
r-release-osx-x86_64-mavericks 1.1-3 NOTE
r-release-osx-x86_64-snowleopard 1.1-3 OK
r-release-windows-ix86+x86_64 1.1-3 18.00 85.00 103.00 NOTE
r-oldrel-windows-ix86+x86_64 1.1-3 12.00 82.00 94.00 OK

Check Details

Version: 1.1-3
Check: R code for possible problems
Result: NOTE
    convert.infusion: no visible global function definition for ‘size’
    create.intervals: no visible global function definition for ‘size’
    create.intervals: no visible global function definition for ‘transpose’
    dde.model: no visible global function definition for ‘size’
    dde.model: no visible global function definition for ‘transpose’
    de.output: no visible global function definition for ‘size’
    explicit.model: no visible global function definition for ‘size’
    finalize.report: no visible global function definition for ‘transpose’
    finalize.report: no visible global function definition for ‘size’
    fitmle : obj.fun: no visible global function definition for ‘size’
    fitmle.cov: no visible global function definition for ‘transpose’
    get.cov.matrix: no visible global function definition for ‘size’
    get.parms.data: no visible global function definition for ‘size’
    get.secondary: no visible global function definition for ‘transpose’
    init.cond: no visible global function definition for ‘size’
    init.update: no visible global function definition for ‘size’
    input.scaling: no visible global function definition for ‘size’
    make.dosing: no visible global function definition for ‘size’
    ode.model: no visible global function definition for ‘size’
    ode.model: no visible global function definition for ‘transpose’
    problem.eval: no visible global function definition for ‘size’
    residual.report: no visible global function definition for ‘size’
    scarabee.check.model: no visible global function definition for ‘size’
    scarabee.gridsearch : grid.obj.fun: no visible global function
     definition for ‘size’
    scarabee.read.data: no visible global function definition for ‘size’
    scarabee.read.parms: no visible global function definition for ‘size’
    simulation.report: no visible global function definition for ‘size’
    weighting: no visible global function definition for ‘size’
Flavors: r-devel-linux-x86_64-debian-clang, r-devel-linux-x86_64-debian-gcc, r-devel-linux-x86_64-fedora-clang, r-devel-linux-x86_64-fedora-gcc, r-devel-osx-x86_64-clang, r-devel-windows-ix86+x86_64, r-patched-linux-x86_64, r-patched-solaris-sparc, r-patched-solaris-x86, r-release-linux-ix86, r-release-linux-x86_64, r-release-osx-x86_64-mavericks, r-release-windows-ix86+x86_64