CRAN Package Check Results for Package scagnostics

Last updated on 2017-08-17 01:47:16.

Flavor Version Tinstall Tcheck Ttotal Status Flags
r-devel-linux-x86_64-debian-clang 0.2-4 1.20 20.61 21.81 NOTE
r-devel-linux-x86_64-debian-gcc 0.2-4 1.18 19.49 20.67 NOTE
r-devel-linux-x86_64-fedora-clang 0.2-4 37.75 NOTE
r-devel-linux-x86_64-fedora-gcc 0.2-4 36.37 NOTE
r-devel-windows-ix86+x86_64 0.2-4 6.00 37.00 43.00 OK
r-patched-linux-x86_64 0.2-4 1.30 19.62 20.92 NOTE
r-patched-solaris-x86 0.2-4 63.40 NOTE
r-release-linux-x86_64 0.2-4 1.36 20.13 21.49 NOTE
r-release-windows-ix86+x86_64 0.2-4 5.00 41.00 46.00 OK
r-release-osx-x86_64 0.2-4 OK
r-oldrel-windows-ix86+x86_64 0.2-4 4.00 33.00 37.00 OK
r-oldrel-osx-x86_64 0.2-4 OK

Check Details

Version: 0.2-4
Check: top-level files
Result: NOTE
    Non-standard file/directory found at top level:
     ‘src-java’
Flavors: r-devel-linux-x86_64-debian-clang, r-devel-linux-x86_64-debian-gcc, r-devel-linux-x86_64-fedora-clang, r-devel-linux-x86_64-fedora-gcc, r-patched-linux-x86_64, r-release-linux-x86_64

Version: 0.2-4
Check: S3 generic/method consistency
Result: NOTE
    Found the following apparent S3 methods exported but not registered:
     scagnostics.data.frame scagnostics.default scagnostics.list
     scagnostics.matrix
    See section ‘Registering S3 methods’ in the ‘Writing R Extensions’
    manual.
Flavors: r-devel-linux-x86_64-debian-clang, r-devel-linux-x86_64-debian-gcc, r-devel-linux-x86_64-fedora-clang, r-devel-linux-x86_64-fedora-gcc, r-patched-linux-x86_64, r-patched-solaris-x86, r-release-linux-x86_64