CRAN Package Check Results for Package scagnostics

Last updated on 2017-02-26 10:48:23.

Flavor Version Tinstall Tcheck Ttotal Status Flags
r-devel-linux-x86_64-debian-clang 0.2-4 1.32 20.24 21.56 NOTE
r-devel-linux-x86_64-debian-gcc 0.2-4 1.16 18.97 20.13 NOTE
r-devel-linux-x86_64-fedora-clang 0.2-4 37.02 NOTE --no-stop-on-test-error
r-devel-linux-x86_64-fedora-gcc 0.2-4 35.53 NOTE --no-stop-on-test-error
r-devel-macos-x86_64-clang 0.2-4 31.87 NOTE --no-stop-on-test-error
r-devel-windows-ix86+x86_64 0.2-4 5.00 36.00 41.00 OK
r-patched-linux-x86_64 0.2-4 1.16 15.62 16.78 NOTE
r-patched-solaris-sparc 0.2-4 188.50 NOTE
r-patched-solaris-x86 0.2-4 42.60 NOTE
r-release-linux-x86_64 0.2-4 1.23 15.91 17.14 NOTE
r-release-osx-x86_64-mavericks 0.2-4 OK
r-release-windows-ix86+x86_64 0.2-4 4.00 33.00 37.00 OK
r-oldrel-windows-ix86+x86_64 0.2-4 4.00 35.00 39.00 OK

Check Details

Version: 0.2-4
Check: top-level files
Result: NOTE
    Non-standard file/directory found at top level:
     ‘src-java’
Flavors: r-devel-linux-x86_64-debian-clang, r-devel-linux-x86_64-debian-gcc, r-patched-linux-x86_64, r-release-linux-x86_64

Version: 0.2-4
Check: S3 generic/method consistency
Result: NOTE
    Found the following apparent S3 methods exported but not registered:
     scagnostics.data.frame scagnostics.default scagnostics.list
     scagnostics.matrix
    See section ‘Registering S3 methods’ in the ‘Writing R Extensions’
    manual.
Flavors: r-devel-linux-x86_64-debian-clang, r-devel-linux-x86_64-debian-gcc, r-patched-linux-x86_64, r-patched-solaris-sparc, r-patched-solaris-x86, r-release-linux-x86_64

Version: 0.2-4
Flags: --no-stop-on-test-error
Check: top-level files
Result: NOTE
    Non-standard file/directory found at top level:
     ‘src-java’
Flavors: r-devel-linux-x86_64-fedora-clang, r-devel-linux-x86_64-fedora-gcc

Version: 0.2-4
Flags: --no-stop-on-test-error
Check: S3 generic/method consistency
Result: NOTE
    Found the following apparent S3 methods exported but not registered:
     scagnostics.data.frame scagnostics.default scagnostics.list
     scagnostics.matrix
    See section ‘Registering S3 methods’ in the ‘Writing R Extensions’
    manual.
Flavors: r-devel-linux-x86_64-fedora-clang, r-devel-linux-x86_64-fedora-gcc, r-devel-macos-x86_64-clang