CRAN Package Check Results for Package scagnostics

Last updated on 2014-11-23 19:47:56.

Flavor Version Tinstall Tcheck Ttotal Status Flags
r-devel-linux-x86_64-debian-clang 0.2-4 1.51 20.22 21.73 NOTE
r-devel-linux-x86_64-debian-gcc 0.2-4 1.42 20.04 21.47 NOTE
r-devel-linux-x86_64-fedora-clang 0.2-4 43.79 NOTE
r-devel-linux-x86_64-fedora-gcc 0.2-4 46.27 NOTE
r-devel-osx-x86_64-clang 0.2-4 45.49 OK
r-devel-windows-ix86+x86_64 0.2-4 5.00 31.00 36.00 OK
r-patched-linux-x86_64 0.2-4 2.16 20.87 23.04 NOTE
r-patched-solaris-sparc 0.2-4 270.40 OK
r-patched-solaris-x86 0.2-4 67.00 OK
r-release-linux-ix86 0.2-4 1.84 25.96 27.80 OK
r-release-linux-x86_64 0.2-4 1.54 20.54 22.08 NOTE
r-release-osx-x86_64-mavericks 0.2-4 OK
r-release-osx-x86_64-snowleopard 0.2-4 OK
r-release-windows-ix86+x86_64 0.2-4 5.00 43.00 48.00 OK
r-oldrel-windows-ix86+x86_64 0.2-4 5.00 32.00 37.00 OK

Check Details

Version: 0.2-4
Check: top-level files
Result: NOTE
    Non-standard file/directory found at top level:
     ‘src-java’
Flavors: r-devel-linux-x86_64-debian-clang, r-devel-linux-x86_64-debian-gcc, r-devel-linux-x86_64-fedora-clang, r-devel-linux-x86_64-fedora-gcc, r-patched-linux-x86_64, r-release-linux-x86_64