CRAN Package Check Results for Package scagnostics

Last updated on 2017-04-27 15:50:40.

Flavor Version Tinstall Tcheck Ttotal Status Flags
r-devel-linux-x86_64-debian-clang 0.2-4 1.25 19.24 20.49 NOTE
r-devel-linux-x86_64-debian-gcc 0.2-4 1.36 18.88 20.24 NOTE
r-devel-linux-x86_64-fedora-clang 0.2-4 40.52 NOTE --no-stop-on-test-error
r-devel-linux-x86_64-fedora-gcc 0.2-4 36.29 NOTE --no-stop-on-test-error
r-devel-windows-ix86+x86_64 0.2-4 6.00 40.00 46.00 OK
r-patched-linux-x86_64 0.2-4 1.18 19.08 20.26 NOTE
r-patched-solaris-sparc 0.2-4 218.20 NOTE
r-patched-solaris-x86 0.2-4 51.00 NOTE
r-release-linux-x86_64 0.2-4 1.20 18.93 20.13 NOTE
r-release-windows-ix86+x86_64 0.2-4 5.00 39.00 44.00 OK
r-release-osx-x86_64 0.2-4 OK
r-oldrel-windows-ix86+x86_64 0.2-4 4.00 33.00 37.00 OK
r-oldrel-osx-x86_64 0.2-4 OK

Check Details

Version: 0.2-4
Check: top-level files
Result: NOTE
    Non-standard file/directory found at top level:
     ‘src-java’
Flavors: r-devel-linux-x86_64-debian-clang, r-devel-linux-x86_64-debian-gcc, r-patched-linux-x86_64, r-release-linux-x86_64

Version: 0.2-4
Check: S3 generic/method consistency
Result: NOTE
    Found the following apparent S3 methods exported but not registered:
     scagnostics.data.frame scagnostics.default scagnostics.list
     scagnostics.matrix
    See section ‘Registering S3 methods’ in the ‘Writing R Extensions’
    manual.
Flavors: r-devel-linux-x86_64-debian-clang, r-devel-linux-x86_64-debian-gcc, r-patched-linux-x86_64, r-patched-solaris-sparc, r-patched-solaris-x86, r-release-linux-x86_64

Version: 0.2-4
Flags: --no-stop-on-test-error
Check: top-level files
Result: NOTE
    Non-standard file/directory found at top level:
     ‘src-java’
Flavors: r-devel-linux-x86_64-fedora-clang, r-devel-linux-x86_64-fedora-gcc

Version: 0.2-4
Flags: --no-stop-on-test-error
Check: S3 generic/method consistency
Result: NOTE
    Found the following apparent S3 methods exported but not registered:
     scagnostics.data.frame scagnostics.default scagnostics.list
     scagnostics.matrix
    See section ‘Registering S3 methods’ in the ‘Writing R Extensions’
    manual.
Flavors: r-devel-linux-x86_64-fedora-clang, r-devel-linux-x86_64-fedora-gcc