CRAN Package Check Results for Package scagnostics

Last updated on 2014-04-16 23:47:05.

Flavor Version Tinstall Tcheck Ttotal Status Flags
r-devel-linux-x86_64-debian-clang 0.2-4 1.71 21.96 23.67 OK
r-devel-linux-x86_64-debian-gcc 0.2-4 1.68 21.99 23.66 OK
r-devel-linux-x86_64-fedora-clang 0.2-4 48.00 NOTE
r-devel-linux-x86_64-fedora-gcc 0.2-4 45.60 NOTE
r-devel-macosx-x86_64-clang 0.2-4 46.15 OK
r-devel-macosx-x86_64-gcc 0.2-4 OK
r-devel-windows-ix86+x86_64 0.2-4 5.00 31.00 36.00 OK
r-patched-linux-x86_64 0.2-4 1.84 22.05 23.89 OK
r-patched-solaris-sparc 0.2-4 268.40 OK
r-patched-solaris-x86 0.2-4 66.30 OK
r-release-linux-ix86 0.2-4 3.00 38.00 41.00 OK
r-release-linux-x86_64 0.2-4 1.66 21.84 23.50 OK
r-release-macosx-x86_64 0.2-4 OK
r-release-windows-ix86+x86_64 0.2-4 8.00 42.00 50.00 OK
r-oldrel-windows-ix86+x86_64 0.2-4 5.00 32.00 37.00 OK

Check Details

Version: 0.2-4
Check: top-level files
Result: NOTE
    Non-standard file/directory found at top level:
     ‘src-java’
Flavors: r-devel-linux-x86_64-fedora-clang, r-devel-linux-x86_64-fedora-gcc