CRAN Package Check Results for Package scagnostics

Last updated on 2015-03-05 12:48:12.

Flavor Version Tinstall Tcheck Ttotal Status Flags
r-devel-linux-x86_64-debian-clang 0.2-4 1.12 16.75 17.87 NOTE
r-devel-linux-x86_64-debian-gcc 0.2-4 1.34 16.63 17.98 NOTE
r-devel-linux-x86_64-fedora-clang 0.2-4 36.37 NOTE
r-devel-linux-x86_64-fedora-gcc 0.2-4 34.05 NOTE
r-devel-osx-x86_64-clang 0.2-4 39.03 NOTE
r-devel-windows-ix86+x86_64 0.2-4 4.00 27.00 31.00 OK
r-patched-linux-x86_64 0.2-4 1.56 20.93 22.49 NOTE
r-patched-solaris-sparc 0.2-4 280.70 OK
r-patched-solaris-x86 0.2-4 68.00 OK
r-release-linux-ix86 0.2-4 1.88 26.57 28.46 NOTE
r-release-linux-x86_64 0.2-4 2.18 21.48 23.66 NOTE
r-release-osx-x86_64-mavericks 0.2-4 OK
r-release-osx-x86_64-snowleopard 0.2-4 OK
r-release-windows-ix86+x86_64 0.2-4 5.00 43.00 48.00 OK
r-oldrel-windows-ix86+x86_64 0.2-4 5.00 32.00 37.00 OK

Check Details

Version: 0.2-4
Check: top-level files
Result: NOTE
    Non-standard file/directory found at top level:
     ‘src-java’
Flavors: r-devel-linux-x86_64-debian-clang, r-devel-linux-x86_64-debian-gcc, r-devel-linux-x86_64-fedora-clang, r-devel-linux-x86_64-fedora-gcc, r-patched-linux-x86_64, r-release-linux-ix86, r-release-linux-x86_64

Version: 0.2-4
Check: S3 generic/method consistency
Result: NOTE
    Found the following apparent S3 methods exported but not registered:
     scagnostics.data.frame scagnostics.default scagnostics.list
     scagnostics.matrix
    See section ‘Registering S3 methods’ in the ‘Writing R Extensions’
    manual.
Flavors: r-devel-linux-x86_64-debian-clang, r-devel-linux-x86_64-debian-gcc, r-devel-linux-x86_64-fedora-clang, r-devel-linux-x86_64-fedora-gcc, r-devel-osx-x86_64-clang