CRAN Package Check Results for Package scagnostics

Last updated on 2016-12-06 10:51:17.

Flavor Version Tinstall Tcheck Ttotal Status Flags
r-devel-linux-x86_64-debian-clang 0.2-4 1.30 18.63 19.93 NOTE
r-devel-linux-x86_64-debian-gcc 0.2-4 1.23 18.67 19.90 NOTE
r-devel-linux-x86_64-fedora-clang 0.2-4 38.60 NOTE --no-stop-on-test-error
r-devel-linux-x86_64-fedora-gcc 0.2-4 37.24 NOTE --no-stop-on-test-error
r-devel-macos-x86_64-clang 0.2-4 32.29 NOTE
r-devel-windows-ix86+x86_64 0.2-4 8.00 37.00 45.00 OK
r-patched-linux-x86_64 0.2-4 1.03 15.67 16.70 NOTE
r-patched-solaris-sparc 0.2-4 188.30 NOTE
r-patched-solaris-x86 0.2-4 41.20 NOTE
r-release-linux-x86_64 0.2-4 1.02 16.00 17.02 NOTE
r-release-osx-x86_64-mavericks 0.2-4 OK
r-release-windows-ix86+x86_64 0.2-4 4.00 33.00 37.00 OK
r-oldrel-windows-ix86+x86_64 0.2-4 4.00 35.00 39.00 OK

Check Details

Version: 0.2-4
Check: top-level files
Result: NOTE
    Non-standard file/directory found at top level:
     ‘src-java’
Flavors: r-devel-linux-x86_64-debian-clang, r-devel-linux-x86_64-debian-gcc, r-patched-linux-x86_64, r-release-linux-x86_64

Version: 0.2-4
Check: S3 generic/method consistency
Result: NOTE
    Found the following apparent S3 methods exported but not registered:
     scagnostics.data.frame scagnostics.default scagnostics.list
     scagnostics.matrix
    See section ‘Registering S3 methods’ in the ‘Writing R Extensions’
    manual.
Flavors: r-devel-linux-x86_64-debian-clang, r-devel-linux-x86_64-debian-gcc, r-devel-macos-x86_64-clang, r-patched-linux-x86_64, r-patched-solaris-sparc, r-patched-solaris-x86, r-release-linux-x86_64

Version: 0.2-4
Flags: --no-stop-on-test-error
Check: top-level files
Result: NOTE
    Non-standard file/directory found at top level:
     ‘src-java’
Flavors: r-devel-linux-x86_64-fedora-clang, r-devel-linux-x86_64-fedora-gcc

Version: 0.2-4
Flags: --no-stop-on-test-error
Check: S3 generic/method consistency
Result: NOTE
    Found the following apparent S3 methods exported but not registered:
     scagnostics.data.frame scagnostics.default scagnostics.list
     scagnostics.matrix
    See section ‘Registering S3 methods’ in the ‘Writing R Extensions’
    manual.
Flavors: r-devel-linux-x86_64-fedora-clang, r-devel-linux-x86_64-fedora-gcc