CRAN Package Check Results for Package scagnostics

Last updated on 2014-08-22 19:47:58.

Flavor Version Tinstall Tcheck Ttotal Status Flags
r-devel-linux-x86_64-debian-clang 0.2-4 1.54 20.27 21.81 OK
r-devel-linux-x86_64-debian-gcc 0.2-4 1.50 20.51 22.01 OK
r-devel-linux-x86_64-fedora-clang 0.2-4 47.35 NOTE
r-devel-linux-x86_64-fedora-gcc 0.2-4 44.36 NOTE
r-devel-osx-x86_64-clang 0.2-4 43.82 OK
r-devel-windows-ix86+x86_64 0.2-4 4.00 30.00 34.00 OK
r-patched-linux-x86_64 0.2-4 1.92 20.36 22.29 OK
r-patched-solaris-sparc 0.2-4 270.40 OK
r-patched-solaris-x86 0.2-4 65.40 OK
r-release-linux-ix86 0.2-4 1.94 27.15 29.09 OK
r-release-linux-x86_64 0.2-4 1.62 20.99 22.60 OK
r-release-osx-x86_64-mavericks 0.2-4 OK
r-release-osx-x86_64-snowleopard 0.2-4 OK
r-release-windows-ix86+x86_64 0.2-4 7.00 42.00 49.00 OK
r-oldrel-windows-ix86+x86_64 0.2-4 5.00 32.00 37.00 OK

Check Details

Version: 0.2-4
Check: top-level files
Result: NOTE
    Non-standard file/directory found at top level:
     ‘src-java’
Flavors: r-devel-linux-x86_64-fedora-clang, r-devel-linux-x86_64-fedora-gcc