CRAN Package Check Results for Package scagnostics

Last updated on 2014-09-21 00:46:53.

Flavor Version Tinstall Tcheck Ttotal Status Flags
r-devel-linux-x86_64-debian-clang 0.2-4 1.52 20.34 21.86 NOTE
r-devel-linux-x86_64-debian-gcc 0.2-4 1.49 20.95 22.44 NOTE
r-devel-linux-x86_64-fedora-clang 0.2-4 46.35 NOTE
r-devel-linux-x86_64-fedora-gcc 0.2-4 43.20 NOTE
r-devel-osx-x86_64-clang 0.2-4 45.98 OK
r-devel-windows-ix86+x86_64 0.2-4 5.00 30.00 35.00 OK
r-patched-linux-x86_64 0.2-4 1.55 20.74 22.29 NOTE
r-patched-solaris-sparc 0.2-4 270.40 OK
r-patched-solaris-x86 0.2-4 64.60 OK
r-release-linux-ix86 0.2-4 1.93 27.52 29.45 OK
r-release-linux-x86_64 0.2-4 1.67 20.86 22.52 NOTE
r-release-osx-x86_64-mavericks 0.2-4 OK
r-release-osx-x86_64-snowleopard 0.2-4 OK
r-release-windows-ix86+x86_64 0.2-4 7.00 42.00 49.00 OK
r-oldrel-windows-ix86+x86_64 0.2-4 5.00 32.00 37.00 OK

Check Details

Version: 0.2-4
Check: top-level files
Result: NOTE
    Non-standard file/directory found at top level:
     ‘src-java’
Flavors: r-devel-linux-x86_64-debian-clang, r-devel-linux-x86_64-debian-gcc, r-devel-linux-x86_64-fedora-clang, r-devel-linux-x86_64-fedora-gcc, r-patched-linux-x86_64, r-release-linux-x86_64