CRAN Package Check Results for Package scagnostics

Last updated on 2017-06-29 06:53:21.

Flavor Version Tinstall Tcheck Ttotal Status Flags
r-devel-linux-x86_64-debian-clang 0.2-4 1.22 20.25 21.47 NOTE
r-devel-linux-x86_64-debian-gcc 0.2-4 1.26 19.72 20.97 NOTE
r-devel-linux-x86_64-fedora-clang 0.2-4 39.94 NOTE
r-devel-linux-x86_64-fedora-gcc 0.2-4 36.52 NOTE
r-devel-windows-ix86+x86_64 0.2-4 5.00 36.00 41.00 OK
r-patched-linux-x86_64 0.2-4 1.26 18.86 20.12 NOTE
r-patched-solaris-sparc 0.2-4 218.20 NOTE
r-patched-solaris-x86 0.2-4 50.80 NOTE
r-release-linux-x86_64 0.2-4 1.24 19.26 20.50 NOTE
r-release-windows-ix86+x86_64 0.2-4 5.00 39.00 44.00 OK
r-release-osx-x86_64 0.2-4 OK
r-oldrel-windows-ix86+x86_64 0.2-4 4.00 33.00 37.00 OK
r-oldrel-osx-x86_64 0.2-4 OK

Check Details

Version: 0.2-4
Check: top-level files
Result: NOTE
    Non-standard file/directory found at top level:
     ‘src-java’
Flavors: r-devel-linux-x86_64-debian-clang, r-devel-linux-x86_64-debian-gcc, r-devel-linux-x86_64-fedora-clang, r-devel-linux-x86_64-fedora-gcc, r-patched-linux-x86_64, r-release-linux-x86_64

Version: 0.2-4
Check: S3 generic/method consistency
Result: NOTE
    Found the following apparent S3 methods exported but not registered:
     scagnostics.data.frame scagnostics.default scagnostics.list
     scagnostics.matrix
    See section ‘Registering S3 methods’ in the ‘Writing R Extensions’
    manual.
Flavors: r-devel-linux-x86_64-debian-clang, r-devel-linux-x86_64-debian-gcc, r-devel-linux-x86_64-fedora-clang, r-devel-linux-x86_64-fedora-gcc, r-patched-linux-x86_64, r-patched-solaris-sparc, r-patched-solaris-x86, r-release-linux-x86_64