CRAN Package Check Results for Package scagnostics

Last updated on 2014-10-02 15:49:11.

Flavor Version Tinstall Tcheck Ttotal Status Flags
r-devel-linux-x86_64-debian-clang 0.2-4 1.56 20.80 22.36 NOTE
r-devel-linux-x86_64-debian-gcc 0.2-4 1.45 20.88 22.33 NOTE
r-devel-linux-x86_64-fedora-clang 0.2-4 47.33 NOTE
r-devel-linux-x86_64-fedora-gcc 0.2-4 43.67 NOTE
r-devel-osx-x86_64-clang 0.2-4 45.67 OK
r-devel-windows-ix86+x86_64 0.2-4 4.00 34.00 38.00 OK
r-patched-linux-x86_64 0.2-4 1.62 20.87 22.50 NOTE
r-patched-solaris-sparc 0.2-4 270.40 OK
r-patched-solaris-x86 0.2-4 71.40 OK
r-release-linux-ix86 0.2-4 1.92 27.32 29.24 OK
r-release-linux-x86_64 0.2-4 1.58 21.29 22.87 NOTE
r-release-osx-x86_64-mavericks 0.2-4 OK
r-release-osx-x86_64-snowleopard 0.2-4 OK
r-release-windows-ix86+x86_64 0.2-4 7.00 42.00 49.00 OK
r-oldrel-windows-ix86+x86_64 0.2-4 5.00 32.00 37.00 OK

Check Details

Version: 0.2-4
Check: top-level files
Result: NOTE
    Non-standard file/directory found at top level:
     ‘src-java’
Flavors: r-devel-linux-x86_64-debian-clang, r-devel-linux-x86_64-debian-gcc, r-devel-linux-x86_64-fedora-clang, r-devel-linux-x86_64-fedora-gcc, r-patched-linux-x86_64, r-release-linux-x86_64