CRAN Package Check Results for Package scagnostics

Last updated on 2014-12-19 03:47:44.

Flavor Version Tinstall Tcheck Ttotal Status Flags
r-devel-linux-x86_64-debian-clang 0.2-4 1.49 20.46 21.95 NOTE
r-devel-linux-x86_64-debian-gcc 0.2-4 1.86 19.78 21.63 NOTE
r-devel-linux-x86_64-fedora-clang 0.2-4 48.32 NOTE
r-devel-linux-x86_64-fedora-gcc 0.2-4 43.70 NOTE
r-devel-osx-x86_64-clang 0.2-4 44.85 OK
r-devel-windows-ix86+x86_64 0.2-4 5.00 30.00 35.00 OK
r-patched-linux-x86_64 0.2-4 1.62 20.71 22.33 NOTE
r-patched-solaris-sparc 0.2-4 270.40 OK
r-patched-solaris-x86 0.2-4 68.00 OK
r-release-linux-ix86 0.2-4 1.84 25.93 27.77 OK
r-release-linux-x86_64 0.2-4 1.51 20.49 22.00 NOTE
r-release-osx-x86_64-mavericks 0.2-4 OK
r-release-osx-x86_64-snowleopard 0.2-4 OK
r-release-windows-ix86+x86_64 0.2-4 5.00 43.00 48.00 OK
r-oldrel-windows-ix86+x86_64 0.2-4 5.00 32.00 37.00 OK

Check Details

Version: 0.2-4
Check: top-level files
Result: NOTE
    Non-standard file/directory found at top level:
     ‘src-java’
Flavors: r-devel-linux-x86_64-debian-clang, r-devel-linux-x86_64-debian-gcc, r-devel-linux-x86_64-fedora-clang, r-devel-linux-x86_64-fedora-gcc, r-patched-linux-x86_64, r-release-linux-x86_64