CRAN Package Check Results for Package scagnostics

Last updated on 2016-05-26 06:47:24.

Flavor Version Tinstall Tcheck Ttotal Status Flags
r-devel-linux-x86_64-debian-gcc 0.2-4 1.05 16.53 17.58 NOTE
r-devel-linux-x86_64-fedora-clang 0.2-4 34.36 NOTE
r-devel-linux-x86_64-fedora-gcc 0.2-4 30.79 NOTE
r-devel-osx-x86_64-clang 0.2-4 37.54 NOTE
r-devel-windows-ix86+x86_64 0.2-4 4.00 35.00 39.00 OK
r-patched-linux-x86_64 0.2-4 1.07 15.85 16.92 NOTE
r-patched-solaris-sparc 0.2-4 188.10 NOTE
r-patched-solaris-x86 0.2-4 41.40 NOTE
r-release-linux-x86_64 0.2-4 1.04 15.85 16.89 NOTE
r-release-osx-x86_64-mavericks 0.2-4 OK
r-release-windows-ix86+x86_64 0.2-4 5.00 45.00 50.00 OK
r-oldrel-windows-ix86+x86_64 0.2-4 6.00 32.00 38.00 OK

Check Details

Version: 0.2-4
Check: top-level files
Result: NOTE
    Non-standard file/directory found at top level:
     ‘src-java’
Flavors: r-devel-linux-x86_64-debian-gcc, r-devel-linux-x86_64-fedora-clang, r-devel-linux-x86_64-fedora-gcc, r-patched-linux-x86_64, r-release-linux-x86_64

Version: 0.2-4
Check: S3 generic/method consistency
Result: NOTE
    Found the following apparent S3 methods exported but not registered:
     scagnostics.data.frame scagnostics.default scagnostics.list
     scagnostics.matrix
    See section ‘Registering S3 methods’ in the ‘Writing R Extensions’
    manual.
Flavors: r-devel-linux-x86_64-debian-gcc, r-devel-linux-x86_64-fedora-clang, r-devel-linux-x86_64-fedora-gcc, r-devel-osx-x86_64-clang, r-patched-linux-x86_64, r-patched-solaris-sparc, r-patched-solaris-x86, r-release-linux-x86_64