CRAN Package Check Results for Package scagnostics

Last updated on 2015-05-27 19:47:20.

Flavor Version Tinstall Tcheck Ttotal Status Flags
r-devel-linux-x86_64-debian-clang 0.2-4 1.12 16.72 17.85 NOTE
r-devel-linux-x86_64-debian-gcc 0.2-4 1.15 16.54 17.69 NOTE
r-devel-linux-x86_64-fedora-clang 0.2-4 36.21 NOTE
r-devel-linux-x86_64-fedora-gcc 0.2-4 33.96 NOTE
r-devel-osx-x86_64-clang 0.2-4 37.56 NOTE
r-devel-windows-ix86+x86_64 0.2-4 4.00 30.00 34.00 OK
r-patched-linux-x86_64 0.2-4 1.14 16.19 17.32 NOTE
r-patched-solaris-sparc 0.2-4 224.60 NOTE
r-patched-solaris-x86 0.2-4 53.20 NOTE
r-release-linux-x86_64 0.2-4 1.12 16.45 17.57 NOTE
r-release-osx-x86_64-mavericks 0.2-4 OK
r-release-osx-x86_64-snowleopard 0.2-4 OK
r-release-windows-ix86+x86_64 0.2-4 3.00 31.00 34.00 OK
r-oldrel-windows-ix86+x86_64 0.2-4 6.00 32.00 38.00 OK

Check Details

Version: 0.2-4
Check: top-level files
Result: NOTE
    Non-standard file/directory found at top level:
     ‘src-java’
Flavors: r-devel-linux-x86_64-debian-clang, r-devel-linux-x86_64-debian-gcc, r-devel-linux-x86_64-fedora-clang, r-devel-linux-x86_64-fedora-gcc, r-patched-linux-x86_64, r-release-linux-x86_64

Version: 0.2-4
Check: S3 generic/method consistency
Result: NOTE
    Found the following apparent S3 methods exported but not registered:
     scagnostics.data.frame scagnostics.default scagnostics.list
     scagnostics.matrix
    See section ‘Registering S3 methods’ in the ‘Writing R Extensions’
    manual.
Flavors: r-devel-linux-x86_64-debian-clang, r-devel-linux-x86_64-debian-gcc, r-devel-linux-x86_64-fedora-clang, r-devel-linux-x86_64-fedora-gcc, r-devel-osx-x86_64-clang, r-patched-linux-x86_64, r-patched-solaris-sparc, r-patched-solaris-x86, r-release-linux-x86_64