CRAN Package Check Results for Package scagnostics

Last updated on 2016-09-28 23:49:35.

Flavor Version Tinstall Tcheck Ttotal Status Flags
r-devel-linux-x86_64-debian-clang 0.2-4 1.02 15.44 16.47 NOTE
r-devel-linux-x86_64-debian-gcc 0.2-4 1.02 15.08 16.11 NOTE
r-devel-linux-x86_64-fedora-clang 0.2-4 30.80 NOTE
r-devel-linux-x86_64-fedora-gcc 0.2-4 29.36 NOTE
r-devel-macos-x86_64-clang 0.2-4 26.22 NOTE
r-devel-windows-ix86+x86_64 0.2-4 5.00 73.00 78.00 OK
r-patched-linux-x86_64 0.2-4 1.14 15.80 16.95 NOTE
r-patched-solaris-sparc 0.2-4 188.30 NOTE
r-patched-solaris-x86 0.2-4 40.80 NOTE
r-release-linux-x86_64 0.2-4 1.07 16.05 17.13 NOTE
r-release-osx-x86_64-mavericks 0.2-4 OK
r-release-windows-ix86+x86_64 0.2-4 4.00 37.00 41.00 OK
r-oldrel-windows-ix86+x86_64 0.2-4 6.00 32.00 38.00 OK

Check Details

Version: 0.2-4
Check: top-level files
Result: NOTE
    Non-standard file/directory found at top level:
     ‘src-java’
Flavors: r-devel-linux-x86_64-debian-clang, r-devel-linux-x86_64-debian-gcc, r-devel-linux-x86_64-fedora-clang, r-devel-linux-x86_64-fedora-gcc, r-patched-linux-x86_64, r-release-linux-x86_64

Version: 0.2-4
Check: S3 generic/method consistency
Result: NOTE
    Found the following apparent S3 methods exported but not registered:
     scagnostics.data.frame scagnostics.default scagnostics.list
     scagnostics.matrix
    See section ‘Registering S3 methods’ in the ‘Writing R Extensions’
    manual.
Flavors: r-devel-linux-x86_64-debian-clang, r-devel-linux-x86_64-debian-gcc, r-devel-linux-x86_64-fedora-clang, r-devel-linux-x86_64-fedora-gcc, r-devel-macos-x86_64-clang, r-patched-linux-x86_64, r-patched-solaris-sparc, r-patched-solaris-x86, r-release-linux-x86_64