CRAN Package Check Results for Package scagnostics

Last updated on 2014-07-22 08:47:17.

Flavor Version Tinstall Tcheck Ttotal Status Flags
r-devel-linux-x86_64-debian-clang 0.2-4 1.54 20.13 21.68 OK
r-devel-linux-x86_64-debian-gcc 0.2-4 1.57 19.57 21.14 OK
r-devel-linux-x86_64-fedora-clang 0.2-4 48.15 NOTE
r-devel-linux-x86_64-fedora-gcc 0.2-4 44.85 NOTE
r-devel-osx-x86_64-clang 0.2-4 44.82 OK
r-devel-windows-ix86+x86_64 0.2-4 5.00 31.00 36.00 OK
r-patched-linux-x86_64 0.2-4 1.59 20.48 22.07 OK
r-patched-solaris-sparc 0.2-4 268.40 OK
r-patched-solaris-x86 0.2-4 65.10 OK
r-release-linux-ix86 0.2-4 1.93 27.19 29.12 OK
r-release-linux-x86_64 0.2-4 1.67 20.42 22.09 OK
r-release-osx-x86_64-mavericks 0.2-4 OK
r-release-osx-x86_64-snowleopard 0.2-4 OK
r-release-windows-ix86+x86_64 0.2-4 7.00 42.00 49.00 OK
r-oldrel-windows-ix86+x86_64 0.2-4 5.00 32.00 37.00 OK

Check Details

Version: 0.2-4
Check: top-level files
Result: NOTE
    Non-standard file/directory found at top level:
     ‘src-java’
Flavors: r-devel-linux-x86_64-fedora-clang, r-devel-linux-x86_64-fedora-gcc