CRAN Package Check Results for Package scagnostics

Last updated on 2015-08-04 19:50:48.

Flavor Version Tinstall Tcheck Ttotal Status Flags
r-devel-linux-x86_64-debian-clang 0.2-4 1.11 16.86 17.97 NOTE
r-devel-linux-x86_64-debian-gcc 0.2-4 1.07 16.98 18.05 NOTE
r-devel-linux-x86_64-fedora-clang 0.2-4 35.83 NOTE
r-devel-linux-x86_64-fedora-gcc 0.2-4 34.03 NOTE
r-devel-osx-x86_64-clang 0.2-4 34.25 NOTE
r-devel-windows-ix86+x86_64 0.2-4 4.00 29.00 33.00 OK
r-patched-linux-x86_64 0.2-4 1.14 18.11 19.26 NOTE
r-patched-solaris-sparc 0.2-4 224.20 NOTE
r-patched-solaris-x86 0.2-4 52.80 NOTE
r-release-linux-x86_64 0.2-4 1.10 16.34 17.43 NOTE
r-release-osx-x86_64-mavericks 0.2-4 OK
r-release-windows-ix86+x86_64 0.2-4 5.00 29.00 34.00 OK
r-oldrel-windows-ix86+x86_64 0.2-4 7.00 36.00 43.00 OK

Check Details

Version: 0.2-4
Check: top-level files
Result: NOTE
    Non-standard file/directory found at top level:
     ‘src-java’
Flavors: r-devel-linux-x86_64-debian-clang, r-devel-linux-x86_64-debian-gcc, r-devel-linux-x86_64-fedora-clang, r-devel-linux-x86_64-fedora-gcc, r-patched-linux-x86_64, r-release-linux-x86_64

Version: 0.2-4
Check: S3 generic/method consistency
Result: NOTE
    Found the following apparent S3 methods exported but not registered:
     scagnostics.data.frame scagnostics.default scagnostics.list
     scagnostics.matrix
    See section ‘Registering S3 methods’ in the ‘Writing R Extensions’
    manual.
Flavors: r-devel-linux-x86_64-debian-clang, r-devel-linux-x86_64-debian-gcc, r-devel-linux-x86_64-fedora-clang, r-devel-linux-x86_64-fedora-gcc, r-devel-osx-x86_64-clang, r-patched-linux-x86_64, r-patched-solaris-sparc, r-patched-solaris-x86, r-release-linux-x86_64