CRAN Package Check Results for Package scagnostics

Last updated on 2018-05-21 11:50:34 CEST.

Flavor Version Tinstall Tcheck Ttotal Status Flags
r-devel-linux-x86_64-debian-clang 0.2-4.1 2.06 32.21 34.27 NOTE
r-devel-linux-x86_64-debian-gcc 0.2-4.1 1.78 29.07 30.85 NOTE
r-devel-linux-x86_64-fedora-clang 0.2-4.1 42.82 NOTE
r-devel-linux-x86_64-fedora-gcc 0.2-4.1 40.32 NOTE
r-devel-windows-ix86+x86_64 0.2-4.1 7.00 56.00 63.00 OK
r-patched-linux-x86_64 0.2-4.1 1.72 32.62 34.34 NOTE
r-patched-solaris-x86 0.2-4.1 66.30 OK
r-release-linux-x86_64 0.2-4.1 1.52 31.86 33.38 NOTE
r-release-windows-ix86+x86_64 0.2-4.1 6.00 38.00 44.00 OK
r-release-osx-x86_64 0.2-4.1 OK
r-oldrel-windows-ix86+x86_64 0.2-4.1 6.00 56.00 62.00 OK
r-oldrel-osx-x86_64 0.2-4.1 OK

Check Details

Version: 0.2-4.1
Check: top-level files
Result: NOTE
    Non-standard file/directory found at top level:
     ‘src-java’
Flavors: r-devel-linux-x86_64-debian-clang, r-devel-linux-x86_64-debian-gcc, r-devel-linux-x86_64-fedora-clang, r-devel-linux-x86_64-fedora-gcc, r-patched-linux-x86_64, r-release-linux-x86_64