CRAN Package Check Results for Package scaleboot

Last updated on 2014-09-17 21:46:45.

Flavor Version Tinstall Tcheck Ttotal Status Flags
r-devel-linux-x86_64-debian-clang 0.3-3 0.85 26.68 27.53 NOTE
r-devel-linux-x86_64-debian-gcc 0.3-3 0.77 25.83 26.60 NOTE
r-devel-linux-x86_64-fedora-clang 0.3-3 55.61 NOTE
r-devel-linux-x86_64-fedora-gcc 0.3-3 52.08 NOTE
r-devel-osx-x86_64-clang 0.3-3 47.73 NOTE
r-devel-windows-ix86+x86_64 0.3-3 2.00 38.00 40.00 NOTE
r-patched-linux-x86_64 0.3-3 0.82 27.10 27.92 NOTE
r-patched-solaris-sparc 0.3-3 316.30 NOTE
r-patched-solaris-x86 0.3-3 63.20 NOTE
r-release-linux-ix86 0.3-3 1.20 35.04 36.24 NOTE
r-release-linux-x86_64 0.3-3 0.90 27.40 28.30 NOTE
r-release-osx-x86_64-mavericks 0.3-3 NOTE
r-release-windows-ix86+x86_64 0.3-3 2.00 42.00 44.00 NOTE
r-oldrel-windows-ix86+x86_64 0.3-3 3.00 94.00 97.00 NOTE

Check Details

Version: 0.3-3
Check: R code for possible problems
Result: NOTE
    read.ass: warning in scan(file, comment = "#", quiet = T): partial
     argument match of ‘comment’ to ‘comment.char’
    read.cnt: warning in scan(file, comment = "#", quiet = T): partial
     argument match of ‘comment’ to ‘comment.char’
    read.mt: warning in scan(file, comment = "#", quiet = T): partial
     argument match of ‘comment’ to ‘comment.char’
    sbfit.default: warning in pchisq(ans$rss, lower = F, df = ans$df):
     partial argument match of ‘lower’ to ‘lower.tail’
    scaleboot.node: warning in sample(nsize, nsize2, rep = T): partial
     argument match of ‘rep’ to ‘replace’
    solvex: warning in eigen(x, sym = T): partial argument match of ‘sym’
     to ‘symmetric’
    sbfit.matrix: no visible global function definition for ‘parLapply’
    scaleboot: no visible global function definition for ‘parLapply’
Flavors: r-devel-linux-x86_64-debian-clang, r-devel-linux-x86_64-debian-gcc, r-devel-linux-x86_64-fedora-clang, r-devel-linux-x86_64-fedora-gcc, r-devel-osx-x86_64-clang, r-devel-windows-ix86+x86_64

Version: 0.3-3
Check: Rd line widths
Result: NOTE
    Rd file 'sbpsi.Rd':
     \usage lines wider than 90 characters:
     sbmodelnames(m=1:3,one.sided=TRUE,two.sided=FALSE,rev.sided=FALSE,poly,sing,poa,pob,sia,sib,sphe)
    
    These lines will be truncated in the PDF manual.
Flavors: r-devel-linux-x86_64-debian-clang, r-devel-linux-x86_64-debian-gcc, r-devel-linux-x86_64-fedora-clang, r-devel-linux-x86_64-fedora-gcc, r-release-linux-x86_64

Version: 0.3-3
Check: for old-style vignette sources
Result: NOTE
    Vignette sources only in ‘inst/doc’:
     ‘usesb.Rnw’
    A ‘vignettes’ directory is required as from R 3.1.0
    and these will not be indexed nor checked
Flavors: r-devel-linux-x86_64-debian-clang, r-devel-linux-x86_64-debian-gcc, r-devel-linux-x86_64-fedora-clang, r-devel-linux-x86_64-fedora-gcc, r-devel-osx-x86_64-clang, r-devel-windows-ix86+x86_64, r-patched-linux-x86_64, r-patched-solaris-sparc, r-patched-solaris-x86, r-release-linux-ix86, r-release-linux-x86_64, r-release-osx-x86_64-mavericks, r-release-windows-ix86+x86_64

Version: 0.3-3
Check: R code for possible problems
Result: NOTE
    read.ass: warning in scan(file, comment = "#", quiet = T): partial
     argument match of ‘comment’ to ‘comment.char’
    read.cnt: warning in scan(file, comment = "#", quiet = T): partial
     argument match of ‘comment’ to ‘comment.char’
    read.mt: warning in scan(file, comment = "#", quiet = T): partial
     argument match of ‘comment’ to ‘comment.char’
    sbfit.default: warning in pchisq(ans$rss, lower = F, df = ans$df):
     partial argument match of ‘lower’ to ‘lower.tail’
    scaleboot.node: warning in sample(nsize, nsize2, rep = T): partial
     argument match of ‘rep’ to ‘replace’
    solvex: warning in eigen(x, sym = T): partial argument match of ‘sym’
     to ‘symmetric’
Flavors: r-patched-linux-x86_64, r-patched-solaris-sparc, r-patched-solaris-x86, r-release-linux-ix86, r-release-linux-x86_64, r-release-osx-x86_64-mavericks, r-release-windows-ix86+x86_64, r-oldrel-windows-ix86+x86_64

Version: 0.3-3
Check: for old-style vignette sources
Result: NOTE
    Vignette sources only in 'inst/doc':
     'usesb.Rnw'
    A 'vignettes' directory will be required as from R 3.1.0
Flavor: r-oldrel-windows-ix86+x86_64