CRAN Package Check Results for Package scaleboot

Last updated on 2014-04-24 09:49:10.

Flavor Version Tinstall Tcheck Ttotal Status Flags
r-devel-linux-x86_64-debian-clang 0.3-3 0.86 28.02 28.88 NOTE
r-devel-linux-x86_64-debian-gcc 0.3-3 0.92 27.55 28.47 NOTE
r-devel-linux-x86_64-fedora-clang 0.3-3 59.69 NOTE
r-devel-linux-x86_64-fedora-gcc 0.3-3 57.59 NOTE
r-devel-osx-x86_64-clang 0.3-3 49.40 NOTE
r-devel-osx-x86_64-gcc 0.3-3 NOTE
r-devel-windows-ix86+x86_64 0.3-3 2.00 41.00 43.00 NOTE
r-patched-linux-x86_64 0.3-3 0.84 27.14 27.98 NOTE
r-patched-solaris-sparc 0.3-3 314.10 NOTE
r-patched-solaris-x86 0.3-3 66.60 NOTE
r-release-linux-ix86 0.3-3 1.00 47.00 48.00 NOTE
r-release-linux-x86_64 0.3-3 0.86 28.64 29.50 NOTE
r-release-osx-x86_64-mavericks 0.3-3 WARN
r-release-windows-ix86+x86_64 0.3-3 3.00 41.00 44.00 NOTE
r-oldrel-windows-ix86+x86_64 0.3-3 4.00 102.00 106.00 NOTE

Check Details

Version: 0.3-3
Check: R code for possible problems
Result: NOTE
    read.ass: warning in scan(file, comment = "#", quiet = T): partial
     argument match of 'comment' to 'comment.char'
    read.cnt: warning in scan(file, comment = "#", quiet = T): partial
     argument match of 'comment' to 'comment.char'
    read.mt: warning in scan(file, comment = "#", quiet = T): partial
     argument match of 'comment' to 'comment.char'
    sbfit.default: warning in pchisq(ans$rss, lower = F, df = ans$df):
     partial argument match of 'lower' to 'lower.tail'
    scaleboot.node: warning in sample(nsize, nsize2, rep = T): partial
     argument match of 'rep' to 'replace'
    solvex: warning in eigen(x, sym = T): partial argument match of 'sym'
     to 'symmetric'
Flavors: r-devel-linux-x86_64-debian-clang, r-devel-linux-x86_64-debian-gcc, r-devel-linux-x86_64-fedora-clang, r-devel-linux-x86_64-fedora-gcc, r-devel-osx-x86_64-clang, r-devel-osx-x86_64-gcc, r-devel-windows-ix86+x86_64, r-patched-linux-x86_64, r-patched-solaris-sparc, r-patched-solaris-x86, r-release-linux-ix86, r-release-linux-x86_64, r-release-osx-x86_64-mavericks, r-release-windows-ix86+x86_64, r-oldrel-windows-ix86+x86_64

Version: 0.3-3
Check: for old-style vignette sources
Result: NOTE
    Vignette sources only in ‘inst/doc’:
     ‘usesb.Rnw’
    A ‘vignettes’ directory is required as from R 3.1.0
    and these will not be indexed nor checked
Flavors: r-devel-linux-x86_64-debian-clang, r-devel-linux-x86_64-debian-gcc, r-devel-linux-x86_64-fedora-clang, r-devel-linux-x86_64-fedora-gcc, r-devel-osx-x86_64-clang, r-devel-osx-x86_64-gcc, r-devel-windows-ix86+x86_64, r-patched-linux-x86_64, r-patched-solaris-sparc, r-patched-solaris-x86, r-release-linux-ix86, r-release-linux-x86_64, r-release-osx-x86_64-mavericks, r-release-windows-ix86+x86_64

Version: 0.3-3
Check: Rd line widths
Result: NOTE
    Rd file 'sbpsi.Rd':
     \usage lines wider than 90 characters:
     sbmodelnames(m=1:3,one.sided=TRUE,two.sided=FALSE,rev.sided=FALSE,poly,sing,poa,pob,sia,sib,sphe)
    
    These lines will be truncated in the PDF manual.
Flavors: r-devel-linux-x86_64-fedora-clang, r-devel-linux-x86_64-fedora-gcc

Version: 0.3-3
Check: PDF version of manual
Result: WARNING
    LaTeX errors when creating PDF version.
    This typically indicates Rd problems.
    LaTeX errors found:
    ! LaTeX Error: File `upquote.sty' not found.
    
    Type X to quit or <RETURN> to proceed,
    or enter new name. (Default extension: sty)
    
    745f9c4/Rd2.tex:8: ==> Fatal error occurred, no output PDF file produced!
Flavor: r-release-osx-x86_64-mavericks

Version: 0.3-3
Check: for old-style vignette sources
Result: NOTE
    Vignette sources only in 'inst/doc':
     'usesb.Rnw'
    A 'vignettes' directory will be required as from R 3.1.0
Flavor: r-oldrel-windows-ix86+x86_64