CRAN Package Check Results for Package scaleboot

Last updated on 2014-07-29 16:47:31.

Flavor Version Tinstall Tcheck Ttotal Status Flags
r-devel-linux-x86_64-debian-clang 0.3-3 0.85 26.96 27.80 NOTE
r-devel-linux-x86_64-debian-gcc 0.3-3 0.82 26.12 26.93 NOTE
r-devel-linux-x86_64-fedora-clang 0.3-3 60.17 NOTE
r-devel-linux-x86_64-fedora-gcc 0.3-3 55.75 NOTE
r-devel-osx-x86_64-clang 0.3-3 48.65 NOTE
r-devel-windows-ix86+x86_64 0.3-3 3.00 37.00 40.00 NOTE
r-patched-linux-x86_64 0.3-3 0.81 26.48 27.28 NOTE
r-patched-solaris-sparc 0.3-3 314.10 NOTE
r-patched-solaris-x86 0.3-3 67.70 NOTE
r-release-linux-ix86 0.3-3 1.18 34.60 35.78 NOTE
r-release-linux-x86_64 0.3-3 0.83 26.70 27.52 NOTE
r-release-osx-x86_64-mavericks 0.3-3 NOTE
r-release-windows-ix86+x86_64 0.3-3 2.00 41.00 43.00 NOTE
r-oldrel-windows-ix86+x86_64 0.3-3 3.00 91.00 94.00 NOTE

Check Details

Version: 0.3-3
Check: R code for possible problems
Result: NOTE
    read.ass: warning in scan(file, comment = "#", quiet = T): partial
     argument match of 'comment' to 'comment.char'
    read.cnt: warning in scan(file, comment = "#", quiet = T): partial
     argument match of 'comment' to 'comment.char'
    read.mt: warning in scan(file, comment = "#", quiet = T): partial
     argument match of 'comment' to 'comment.char'
    sbfit.default: warning in pchisq(ans$rss, lower = F, df = ans$df):
     partial argument match of 'lower' to 'lower.tail'
    scaleboot.node: warning in sample(nsize, nsize2, rep = T): partial
     argument match of 'rep' to 'replace'
    solvex: warning in eigen(x, sym = T): partial argument match of 'sym'
     to 'symmetric'
Flavors: r-devel-linux-x86_64-debian-clang, r-devel-linux-x86_64-debian-gcc, r-devel-linux-x86_64-fedora-clang, r-devel-linux-x86_64-fedora-gcc, r-devel-osx-x86_64-clang, r-devel-windows-ix86+x86_64, r-patched-linux-x86_64, r-patched-solaris-sparc, r-patched-solaris-x86, r-release-linux-ix86, r-release-linux-x86_64, r-release-osx-x86_64-mavericks, r-release-windows-ix86+x86_64, r-oldrel-windows-ix86+x86_64

Version: 0.3-3
Check: for old-style vignette sources
Result: NOTE
    Vignette sources only in inst/doc :
     usesb.Rnw
    A vignettes directory is required as from R 3.1.0
    and these will not be indexed nor checked
Flavors: r-devel-linux-x86_64-debian-clang, r-devel-linux-x86_64-debian-gcc, r-devel-linux-x86_64-fedora-clang, r-devel-linux-x86_64-fedora-gcc, r-devel-osx-x86_64-clang, r-devel-windows-ix86+x86_64, r-patched-linux-x86_64, r-patched-solaris-sparc, r-patched-solaris-x86, r-release-linux-ix86, r-release-linux-x86_64, r-release-osx-x86_64-mavericks, r-release-windows-ix86+x86_64

Version: 0.3-3
Check: Rd line widths
Result: NOTE
    Rd file 'sbpsi.Rd':
     \usage lines wider than 90 characters:
     sbmodelnames(m=1:3,one.sided=TRUE,two.sided=FALSE,rev.sided=FALSE,poly,sing,poa,pob,sia,sib,sphe)
    
    These lines will be truncated in the PDF manual.
Flavors: r-devel-linux-x86_64-fedora-clang, r-devel-linux-x86_64-fedora-gcc

Version: 0.3-3
Check: for old-style vignette sources
Result: NOTE
    Vignette sources only in 'inst/doc':
     'usesb.Rnw'
    A 'vignettes' directory will be required as from R 3.1.0
Flavor: r-oldrel-windows-ix86+x86_64