CRAN Package Check Results for Package scales

Last updated on 2015-03-28 19:50:16.

Flavor Version Tinstall Tcheck Ttotal Status Flags
r-devel-linux-x86_64-debian-clang 0.2.4 1.96 17.64 19.61 NOTE
r-devel-linux-x86_64-debian-gcc 0.2.4 1.31 17.38 18.70 NOTE
r-devel-linux-x86_64-fedora-clang 0.2.4 37.64 NOTE
r-devel-linux-x86_64-fedora-gcc 0.2.4 38.05 NOTE
r-devel-osx-x86_64-clang 0.2.4 40.90 NOTE
r-prerel-windows-ix86+x86_64 0.2.4 8.00 37.00 45.00 NOTE
r-prerel-linux-x86_64 0.2.4 1.95 17.29 19.24 NOTE
r-prerel-solaris-sparc 0.2.4 234.20 NOTE
r-prerel-solaris-x86 0.2.4 51.20 NOTE
r-release-linux-x86_64 0.2.4 1.58 20.91 22.50 NOTE
r-release-osx-x86_64-mavericks 0.2.4 NOTE
r-release-osx-x86_64-snowleopard 0.2.4 NOTE
r-release-windows-ix86+x86_64 0.2.4 7.00 35.00 42.00 NOTE
r-oldrel-windows-ix86+x86_64 0.2.4 7.00 37.00 44.00 NOTE

Check Details

Version: 0.2.4
Check: DESCRIPTION meta-information
Result: NOTE
    Malformed Title field: should not end in a period.
Flavors: r-devel-linux-x86_64-debian-clang, r-devel-linux-x86_64-debian-gcc, r-devel-linux-x86_64-fedora-clang, r-devel-linux-x86_64-fedora-gcc, r-devel-osx-x86_64-clang, r-prerel-windows-ix86+x86_64, r-prerel-linux-x86_64, r-prerel-solaris-sparc, r-prerel-solaris-x86

Version: 0.2.4
Check: dependencies in R code
Result: NOTE
    Namespace in Imports field not imported from: ‘methods’
     All declared Imports should be used.
Flavors: r-devel-linux-x86_64-debian-clang, r-devel-linux-x86_64-debian-gcc, r-devel-linux-x86_64-fedora-clang, r-devel-linux-x86_64-fedora-gcc, r-devel-osx-x86_64-clang, r-prerel-windows-ix86+x86_64, r-prerel-linux-x86_64, r-prerel-solaris-sparc, r-prerel-solaris-x86, r-release-linux-x86_64, r-release-windows-ix86+x86_64

Version: 0.2.4
Check: dependencies in R code
Result: NOTE
    Namespace in Imports field not imported from: ‘methods’
     All declared Imports should be used.
    See the information on DESCRIPTION files in the chapter ‘Creating R
    packages’ of the ‘Writing R Extensions’ manual.
Flavors: r-release-osx-x86_64-mavericks, r-release-osx-x86_64-snowleopard, r-oldrel-windows-ix86+x86_64