CRAN Package Check Results for Package scales

Last updated on 2014-07-23 15:47:52.

Flavor Version Tinstall Tcheck Ttotal Status Flags
r-devel-linux-x86_64-debian-clang 0.2.4 1.87 19.87 21.74 NOTE
r-devel-linux-x86_64-debian-gcc 0.2.4 1.65 19.64 21.29 NOTE
r-devel-linux-x86_64-fedora-clang 0.2.4 45.49 NOTE
r-devel-linux-x86_64-fedora-gcc 0.2.4 43.39 NOTE
r-devel-osx-x86_64-clang 0.2.4 43.11 NOTE
r-devel-windows-ix86+x86_64 0.2.4 5.00 33.00 38.00 NOTE
r-patched-linux-x86_64 0.2.4 1.63 19.91 21.54 NOTE
r-patched-solaris-sparc 0.2.4 237.80 NOTE
r-patched-solaris-x86 0.2.4 59.20 NOTE
r-release-linux-ix86 0.2.4 2.34 27.80 30.13 NOTE
r-release-linux-x86_64 0.2.4 1.66 20.08 21.74 NOTE
r-release-osx-x86_64-mavericks 0.2.4 NOTE
r-release-osx-x86_64-snowleopard 0.2.4 NOTE
r-release-windows-ix86+x86_64 0.2.4 5.00 32.00 37.00 NOTE
r-oldrel-windows-ix86+x86_64 0.2.4 5.00 31.00 36.00 NOTE

Check Details

Version: 0.2.4
Check: dependencies in R code
Result: NOTE
    Namespace in Imports field not imported from: ‘methods’
     All declared Imports should be used.
    See the information on DESCRIPTION files in the chapter ‘Creating R
    packages’ of the ‘Writing R Extensions’ manual.
Flavors: r-devel-linux-x86_64-debian-clang, r-devel-linux-x86_64-debian-gcc, r-devel-linux-x86_64-fedora-clang, r-devel-linux-x86_64-fedora-gcc, r-devel-osx-x86_64-clang, r-devel-windows-ix86+x86_64, r-patched-linux-x86_64, r-patched-solaris-sparc, r-patched-solaris-x86, r-release-linux-ix86, r-release-linux-x86_64, r-release-osx-x86_64-mavericks, r-release-osx-x86_64-snowleopard, r-release-windows-ix86+x86_64, r-oldrel-windows-ix86+x86_64