CRAN Package Check Results for Package scales

Last updated on 2019-01-19 11:54:53 CET.

Flavor Version Tinstall Tcheck Ttotal Status Flags
r-devel-linux-x86_64-debian-clang 1.0.0 19.64 36.34 55.98 OK
r-devel-linux-x86_64-debian-gcc 1.0.0 16.03 30.04 46.07 OK
r-devel-linux-x86_64-fedora-clang 1.0.0 71.20 NOTE
r-devel-linux-x86_64-fedora-gcc 1.0.0 65.05 NOTE
r-devel-windows-ix86+x86_64 1.0.0 49.00 98.00 147.00 OK
r-patched-linux-x86_64 1.0.0 17.35 34.32 51.67 OK
r-patched-solaris-x86 1.0.0 82.90 NOTE
r-release-linux-x86_64 1.0.0 20.09 34.29 54.38 OK
r-release-windows-ix86+x86_64 1.0.0 48.00 83.00 131.00 OK
r-release-osx-x86_64 1.0.0 NOTE
r-oldrel-windows-ix86+x86_64 1.0.0 42.00 69.00 111.00 OK
r-oldrel-osx-x86_64 1.0.0 NOTE

Check Details

Version: 1.0.0
Check: dependencies in R code
Result: NOTE
    Namespace in Imports field not imported from: ‘R6’
     All declared Imports should be used.
Flavors: r-devel-linux-x86_64-fedora-clang, r-devel-linux-x86_64-fedora-gcc, r-patched-solaris-x86, r-release-osx-x86_64, r-oldrel-osx-x86_64