CRAN Package Check Results for Package scales

Last updated on 2017-03-28 11:51:46.

Flavor Version Tinstall Tcheck Ttotal Status Flags
r-devel-linux-x86_64-debian-clang 0.4.1 8.60 22.44 31.04 NOTE
r-devel-linux-x86_64-debian-gcc 0.4.1 7.89 22.11 30.00 NOTE
r-devel-linux-x86_64-fedora-clang 0.4.1 63.27 NOTE --no-stop-on-test-error
r-devel-linux-x86_64-fedora-gcc 0.4.1 53.20 NOTE --no-stop-on-test-error
r-devel-macos-x86_64-clang 0.4.1 44.94 NOTE --no-stop-on-test-error
r-devel-windows-ix86+x86_64 0.4.1 24.00 59.00 83.00 OK
r-patched-linux-x86_64 0.4.1 6.96 22.18 29.13 NOTE
r-patched-solaris-sparc 0.4.1 317.50 OK
r-patched-solaris-x86 0.4.1 69.50 OK
r-release-linux-x86_64 0.4.1 8.88 18.80 27.68 OK
r-release-osx-x86_64-mavericks 0.4.1 OK
r-release-windows-ix86+x86_64 0.4.1 42.00 51.00 93.00 OK
r-oldrel-windows-ix86+x86_64 0.4.1 27.00 50.00 77.00 OK

Check Details

Version: 0.4.1
Check: compiled code
Result: NOTE
    File ‘scales/libs/scales.so’:
     Found no calls to: ‘R_registerRoutines’, ‘R_useDynamicSymbols’
    
    It is good practice to register native routines and to disable symbol
    search.
    
    See ‘Writing portable packages’ in the ‘Writing R Extensions’ manual.
Flavors: r-devel-linux-x86_64-debian-clang, r-devel-linux-x86_64-debian-gcc, r-patched-linux-x86_64

Version: 0.4.1
Flags: --no-stop-on-test-error
Check: compiled code
Result: NOTE
    File ‘scales/libs/scales.so’:
     Found no calls to: ‘R_registerRoutines’, ‘R_useDynamicSymbols’
    
    It is good practice to register native routines and to disable symbol
    search.
    
    See ‘Writing portable packages’ in the ‘Writing R Extensions’ manual.
Flavors: r-devel-linux-x86_64-fedora-clang, r-devel-linux-x86_64-fedora-gcc, r-devel-macos-x86_64-clang