CRAN Package Check Results for Package scales

Last updated on 2018-02-24 10:49:08 CET.

Flavor Version Tinstall Tcheck Ttotal Status Flags
r-devel-linux-x86_64-debian-clang 0.5.0 16.18 32.84 49.02 OK
r-devel-linux-x86_64-debian-gcc 0.5.0 12.69 26.28 38.97 OK
r-devel-linux-x86_64-fedora-clang 0.5.0 63.26 NOTE
r-devel-linux-x86_64-fedora-gcc 0.5.0 57.90 NOTE
r-devel-windows-ix86+x86_64 0.5.0 50.00 91.00 141.00 OK
r-patched-linux-x86_64 0.5.0 13.93 35.12 49.05 OK
r-patched-solaris-x86 0.5.0 72.40 NOTE
r-release-linux-x86_64 0.5.0 14.53 34.90 49.43 OK
r-release-windows-ix86+x86_64 0.5.0 30.00 92.00 122.00 OK
r-release-osx-x86_64 0.5.0 NOTE
r-oldrel-windows-ix86+x86_64 0.5.0 31.00 59.00 90.00 OK
r-oldrel-osx-x86_64 0.5.0 NOTE

Check Details

Version: 0.5.0
Check: dependencies in R code
Result: NOTE
    Namespace in Imports field not imported from: ‘R6’
     All declared Imports should be used.
Flavors: r-devel-linux-x86_64-fedora-clang, r-devel-linux-x86_64-fedora-gcc, r-patched-solaris-x86, r-release-osx-x86_64, r-oldrel-osx-x86_64