CRAN Package Check Results for Package scales

Last updated on 2014-09-22 11:56:35.

Flavor Version Tinstall Tcheck Ttotal Status Flags
r-devel-linux-x86_64-debian-clang 0.2.4 1.65 20.49 22.14 NOTE
r-devel-linux-x86_64-debian-gcc 0.2.4 1.71 20.26 21.97 NOTE
r-devel-linux-x86_64-fedora-clang 0.2.4 43.31 NOTE
r-devel-linux-x86_64-fedora-gcc 0.2.4 41.20 NOTE
r-devel-osx-x86_64-clang 0.2.4 43.01 NOTE
r-devel-windows-ix86+x86_64 0.2.4 5.00 32.00 37.00 NOTE
r-patched-linux-x86_64 0.2.4 1.62 20.25 21.87 NOTE
r-patched-solaris-sparc 0.2.4 253.90 NOTE
r-patched-solaris-x86 0.2.4 60.10 NOTE
r-release-linux-ix86 0.2.4 2.50 28.18 30.68 NOTE
r-release-linux-x86_64 0.2.4 1.65 20.82 22.47 NOTE
r-release-osx-x86_64-mavericks 0.2.4 NOTE
r-release-osx-x86_64-snowleopard 0.2.4 NOTE
r-release-windows-ix86+x86_64 0.2.4 5.00 31.00 36.00 NOTE
r-oldrel-windows-ix86+x86_64 0.2.4 5.00 34.00 39.00 NOTE

Check Details

Version: 0.2.4
Check: dependencies in R code
Result: NOTE
    Namespace in Imports field not imported from: ‘methods’
     All declared Imports should be used.
    See the information on DESCRIPTION files in the chapter ‘Creating R
    packages’ of the ‘Writing R Extensions’ manual.
Flavors: r-devel-linux-x86_64-debian-clang, r-devel-linux-x86_64-debian-gcc, r-devel-linux-x86_64-fedora-clang, r-devel-linux-x86_64-fedora-gcc, r-devel-osx-x86_64-clang, r-devel-windows-ix86+x86_64, r-patched-linux-x86_64, r-patched-solaris-sparc, r-patched-solaris-x86, r-release-linux-ix86, r-release-linux-x86_64, r-release-osx-x86_64-mavericks, r-release-osx-x86_64-snowleopard, r-release-windows-ix86+x86_64, r-oldrel-windows-ix86+x86_64