CRAN Package Check Results for Package scales

Last updated on 2019-03-24 04:47:23 CET.

Flavor Version Tinstall Tcheck Ttotal Status Flags
r-devel-linux-x86_64-debian-clang 1.0.0 18.27 35.49 53.76 OK
r-devel-linux-x86_64-debian-gcc 1.0.0 14.88 28.80 43.68 OK
r-devel-linux-x86_64-fedora-clang 1.0.0 73.54 NOTE
r-devel-linux-x86_64-fedora-gcc 1.0.0 65.95 NOTE
r-devel-windows-ix86+x86_64 1.0.0 49.00 89.00 138.00 OK
r-patched-linux-x86_64 1.0.0 15.08 34.87 49.95 OK
r-patched-solaris-x86 1.0.0 82.70 NOTE
r-release-linux-x86_64 1.0.0 0.37 2.69 3.06 ERROR
r-release-windows-ix86+x86_64 1.0.0 35.00 69.00 104.00 OK
r-release-osx-x86_64 1.0.0 NOTE
r-oldrel-windows-ix86+x86_64 1.0.0 33.00 101.00 134.00 OK
r-oldrel-osx-x86_64 1.0.0 NOTE

Check Details

Version: 1.0.0
Check: dependencies in R code
Result: NOTE
    Namespace in Imports field not imported from: ‘R6’
     All declared Imports should be used.
Flavors: r-devel-linux-x86_64-fedora-clang, r-devel-linux-x86_64-fedora-gcc, r-patched-solaris-x86, r-release-osx-x86_64, r-oldrel-osx-x86_64

Version: 1.0.0
Check: whether package can be installed
Result: ERROR
    Installation failed.
Flavor: r-release-linux-x86_64