CRAN Package Check Results for Package scales

Last updated on 2015-07-01 13:47:33.

Flavor Version Tinstall Tcheck Ttotal Status Flags
r-devel-linux-x86_64-debian-clang 0.2.5 7.26 18.37 25.63 NOTE
r-devel-linux-x86_64-debian-gcc 0.2.5 6.87 18.66 25.54 NOTE
r-devel-linux-x86_64-fedora-clang 0.2.5 51.54 NOTE
r-devel-linux-x86_64-fedora-gcc 0.2.5 46.36 NOTE
r-devel-osx-x86_64-clang 0.2.5 37.26 OK
r-devel-windows-ix86+x86_64 0.2.5 23.00 45.00 68.00 NOTE
r-patched-linux-x86_64 0.2.5 7.39 18.67 26.06 OK
r-patched-solaris-sparc 0.2.5 322.80 OK
r-patched-solaris-x86 0.2.5 65.80 OK
r-release-linux-x86_64 0.2.5 7.06 18.30 25.36 OK
r-release-osx-x86_64-mavericks 0.2.5 OK
r-release-windows-ix86+x86_64 0.2.5 28.00 49.00 77.00 OK
r-oldrel-windows-ix86+x86_64 0.2.5 26.00 76.00 102.00 OK

Check Details

Version: 0.2.5
Check: R code for possible problems
Result: NOTE
    alpha: no visible global function definition for ‘col2rgb’
    alpha: no visible global function definition for ‘rgb’
    col2hcl: no visible global function definition for ‘col2rgb’
    col2hcl: no visible global function definition for ‘convertColor’
    col2hcl: no visible global function definition for ‘hcl’
    col_quantile: no visible global function definition for ‘quantile’
    col_quantile : <anonymous>: no visible global function definition for
     ‘quantile’
    colour_ramp: no visible global function definition for ‘col2rgb’
    filterRGB : <anonymous>: no visible global function definition for
     ‘rgb’
    gradient_n_pal: no visible global function definition for ‘colorRamp’
    gradient_n_pal : <anonymous>: no visible global function definition for
     ‘approxfun’
    grey_pal : <anonymous>: no visible global function definition for
     ‘grey.colors’
    nice_rgb: no visible global function definition for ‘complete.cases’
    nice_rgb: no visible global function definition for ‘rgb’
    ordinal: no visible global function definition for ‘stack’
    show_col: no visible global function definition for ‘par’
    show_col: no visible global function definition for ‘plot’
    show_col: no visible global function definition for ‘rect’
    show_col: no visible global function definition for ‘text’
    toPaletteFunc.matrix: no visible global function definition for ‘rgb’
Flavors: r-devel-linux-x86_64-debian-clang, r-devel-linux-x86_64-debian-gcc, r-devel-linux-x86_64-fedora-clang, r-devel-linux-x86_64-fedora-gcc, r-devel-windows-ix86+x86_64