CRAN Package Check Results for Package scales

Last updated on 2015-01-29 20:49:05.

Flavor Version Tinstall Tcheck Ttotal Status Flags
r-devel-linux-x86_64-debian-clang 0.2.4 2.20 19.01 21.21 NOTE
r-devel-linux-x86_64-debian-gcc 0.2.4 1.40 18.18 19.57 NOTE
r-devel-linux-x86_64-fedora-clang 0.2.4 44.11 NOTE
r-devel-linux-x86_64-fedora-gcc 0.2.4 39.92 NOTE
r-devel-osx-x86_64-clang 0.2.4 44.19 NOTE
r-devel-windows-ix86+x86_64 0.2.4 6.00 29.00 35.00 NOTE
r-patched-linux-x86_64 0.2.4 1.64 21.12 22.76 NOTE
r-patched-solaris-sparc 0.2.4 253.10 NOTE
r-patched-solaris-x86 0.2.4 61.10 NOTE
r-release-linux-ix86 0.2.4 2.14 27.23 29.36 NOTE
r-release-linux-x86_64 0.2.4 1.62 21.72 23.35 NOTE
r-release-osx-x86_64-mavericks 0.2.4 NOTE
r-release-osx-x86_64-snowleopard 0.2.4 NOTE
r-release-windows-ix86+x86_64 0.2.4 6.00 34.00 40.00 NOTE
r-oldrel-windows-ix86+x86_64 0.2.4 6.00 31.00 37.00 NOTE

Check Details

Version: 0.2.4
Check: dependencies in R code
Result: NOTE
    Namespace in Imports field not imported from: ‘methods’
     All declared Imports should be used.
Flavors: r-devel-linux-x86_64-debian-clang, r-devel-linux-x86_64-debian-gcc, r-devel-linux-x86_64-fedora-clang, r-devel-linux-x86_64-fedora-gcc, r-devel-osx-x86_64-clang, r-devel-windows-ix86+x86_64

Version: 0.2.4
Check: dependencies in R code
Result: NOTE
    Namespace in Imports field not imported from: ‘methods’
     All declared Imports should be used.
    See the information on DESCRIPTION files in the chapter ‘Creating R
    packages’ of the ‘Writing R Extensions’ manual.
Flavors: r-patched-linux-x86_64, r-patched-solaris-sparc, r-patched-solaris-x86, r-release-linux-ix86, r-release-linux-x86_64, r-release-osx-x86_64-mavericks, r-release-osx-x86_64-snowleopard, r-release-windows-ix86+x86_64, r-oldrel-windows-ix86+x86_64