CRAN Package Check Results for Package scales

Last updated on 2017-09-19 23:48:22.

Flavor Version Tinstall Tcheck Ttotal Status Flags
r-devel-linux-x86_64-debian-clang 0.5.0 9.29 22.93 32.22 OK
r-devel-linux-x86_64-debian-gcc 0.5.0 9.09 22.04 31.12 OK
r-devel-linux-x86_64-fedora-clang 0.5.0 61.36 NOTE
r-devel-linux-x86_64-fedora-gcc 0.5.0 57.43 NOTE
r-devel-windows-ix86+x86_64 0.5.0 33.00 95.00 128.00 OK
r-patched-linux-x86_64 0.5.0 8.98 22.13 31.12 OK
r-patched-solaris-x86 0.5.0 72.10 NOTE
r-release-linux-x86_64 0.5.0 9.09 22.62 31.71 OK
r-release-windows-ix86+x86_64 0.5.0 33.00 66.00 99.00 OK
r-release-osx-x86_64 0.5.0 NOTE
r-oldrel-windows-ix86+x86_64 0.5.0 34.00 47.00 81.00 OK
r-oldrel-osx-x86_64 0.5.0 NOTE

Check Details

Version: 0.5.0
Check: dependencies in R code
Result: NOTE
    Namespace in Imports field not imported from: ‘R6’
     All declared Imports should be used.
Flavors: r-devel-linux-x86_64-fedora-clang, r-devel-linux-x86_64-fedora-gcc, r-patched-solaris-x86, r-release-osx-x86_64, r-oldrel-osx-x86_64