CRAN Package Check Results for Package scales

Last updated on 2015-08-05 06:47:58.

Flavor Version Tinstall Tcheck Ttotal Status Flags
r-devel-linux-x86_64-debian-clang 0.2.5 6.93 18.79 25.72 NOTE
r-devel-linux-x86_64-debian-gcc 0.2.5 6.78 18.12 24.89 NOTE
r-devel-linux-x86_64-fedora-clang 0.2.5 51.65 NOTE
r-devel-linux-x86_64-fedora-gcc 0.2.5 47.04 NOTE
r-devel-osx-x86_64-clang 0.2.5 44.57 OK
r-devel-windows-ix86+x86_64 0.2.5 38.00 49.00 87.00 NOTE
r-patched-linux-x86_64 0.2.5 7.00 19.30 26.29 OK
r-patched-solaris-sparc 0.2.5 312.10 OK
r-patched-solaris-x86 0.2.5 64.30 OK
r-release-linux-x86_64 0.2.5 6.94 18.87 25.81 OK
r-release-osx-x86_64-mavericks 0.2.5 OK
r-release-windows-ix86+x86_64 0.2.5 35.00 49.00 84.00 OK
r-oldrel-windows-ix86+x86_64 0.2.5 39.00 59.00 98.00 OK

Check Details

Version: 0.2.5
Check: R code for possible problems
Result: NOTE
    alpha: no visible global function definition for ‘col2rgb’
    alpha: no visible global function definition for ‘rgb’
    col2hcl: no visible global function definition for ‘col2rgb’
    col2hcl: no visible global function definition for ‘convertColor’
    col2hcl: no visible global function definition for ‘hcl’
    col_quantile: no visible global function definition for ‘quantile’
    col_quantile : <anonymous>: no visible global function definition for
     ‘quantile’
    colour_ramp: no visible global function definition for ‘col2rgb’
    filterRGB : <anonymous>: no visible global function definition for
     ‘rgb’
    gradient_n_pal: no visible global function definition for ‘colorRamp’
    gradient_n_pal : <anonymous>: no visible global function definition for
     ‘approxfun’
    grey_pal : <anonymous>: no visible global function definition for
     ‘grey.colors’
    nice_rgb: no visible global function definition for ‘complete.cases’
    nice_rgb: no visible global function definition for ‘rgb’
    ordinal: no visible global function definition for ‘stack’
    show_col: no visible global function definition for ‘par’
    show_col: no visible global function definition for ‘plot’
    show_col: no visible global function definition for ‘rect’
    show_col: no visible global function definition for ‘text’
    toPaletteFunc.matrix: no visible global function definition for ‘rgb’
    Undefined global functions or variables:
     approxfun col2rgb colorRamp complete.cases convertColor grey.colors
     hcl par plot quantile rect rgb stack text
    Consider adding
     importFrom("grDevices", "col2rgb", "colorRamp", "convertColor",
     "grey.colors", "hcl", "rgb")
     importFrom("graphics", "par", "plot", "rect", "text")
     importFrom("stats", "approxfun", "complete.cases", "quantile")
     importFrom("utils", "stack")
    to your NAMESPACE.
Flavors: r-devel-linux-x86_64-debian-clang, r-devel-linux-x86_64-debian-gcc, r-devel-linux-x86_64-fedora-clang, r-devel-linux-x86_64-fedora-gcc, r-devel-windows-ix86+x86_64