CRAN Package Check Results for Package scales

Last updated on 2018-04-25 01:47:14 CEST.

Flavor Version Tinstall Tcheck Ttotal Status Flags
r-devel-linux-x86_64-debian-clang 0.5.0 16.77 33.32 50.09 OK
r-devel-linux-x86_64-debian-gcc 0.5.0 14.45 25.91 40.36 OK
r-devel-linux-x86_64-fedora-clang 0.5.0 62.77 NOTE
r-devel-linux-x86_64-fedora-gcc 0.5.0 58.40 NOTE
r-devel-windows-ix86+x86_64 0.5.0 42.00 58.00 100.00 OK
r-patched-linux-x86_64 0.5.0 18.97 32.57 51.54 OK
r-patched-solaris-x86 0.5.0 78.10 NOTE
r-release-linux-x86_64 0.5.0 16.99 32.38 49.37 OK
r-release-windows-ix86+x86_64 0.5.0 42.00 58.00 100.00 OK
r-release-osx-x86_64 0.5.0 NOTE
r-oldrel-windows-ix86+x86_64 0.5.0 32.00 88.00 120.00 OK
r-oldrel-osx-x86_64 0.5.0 NOTE

Check Details

Version: 0.5.0
Check: dependencies in R code
Result: NOTE
    Namespace in Imports field not imported from: ‘R6’
     All declared Imports should be used.
Flavors: r-devel-linux-x86_64-fedora-clang, r-devel-linux-x86_64-fedora-gcc, r-patched-solaris-x86, r-release-osx-x86_64, r-oldrel-osx-x86_64