CRAN Package Check Results for Package scales

Last updated on 2018-06-24 16:49:08 CEST.

Flavor Version Tinstall Tcheck Ttotal Status Flags
r-devel-linux-x86_64-debian-clang 0.5.0 17.04 35.22 52.26 OK
r-devel-linux-x86_64-debian-gcc 0.5.0 13.51 27.54 41.05 OK
r-devel-linux-x86_64-fedora-clang 0.5.0 64.74 NOTE
r-devel-linux-x86_64-fedora-gcc 0.5.0 59.61 NOTE
r-devel-windows-ix86+x86_64 0.5.0 45.00 68.00 113.00 OK
r-patched-linux-x86_64 0.5.0 17.99 32.39 50.38 OK
r-patched-solaris-x86 0.5.0 75.30 NOTE
r-release-linux-x86_64 0.5.0 15.67 32.40 48.07 OK
r-release-windows-ix86+x86_64 0.5.0 41.00 90.00 131.00 OK
r-release-osx-x86_64 0.5.0 NOTE
r-oldrel-windows-ix86+x86_64 0.5.0 44.00 87.00 131.00 OK
r-oldrel-osx-x86_64 0.5.0 NOTE

Check Details

Version: 0.5.0
Check: dependencies in R code
Result: NOTE
    Namespace in Imports field not imported from: ‘R6’
     All declared Imports should be used.
Flavors: r-devel-linux-x86_64-fedora-clang, r-devel-linux-x86_64-fedora-gcc, r-patched-solaris-x86, r-release-osx-x86_64, r-oldrel-osx-x86_64