CRAN Package Check Results for Package scales

Last updated on 2014-04-16 09:48:07.

Flavor Version Tinstall Tcheck Ttotal Status Flags
r-devel-linux-x86_64-debian-clang 0.2.3 1.84 22.82 24.65 NOTE
r-devel-linux-x86_64-debian-gcc 0.2.3 1.86 23.11 24.97 NOTE
r-devel-linux-x86_64-fedora-clang 0.2.3 47.28 NOTE
r-devel-linux-x86_64-fedora-gcc 0.2.3 45.13 NOTE
r-devel-macosx-x86_64-clang 0.2.3 47.65 NOTE
r-devel-macosx-x86_64-gcc 0.2.3 ERROR
r-devel-windows-ix86+x86_64 0.2.3 5.00 35.00 40.00 NOTE
r-patched-linux-x86_64 0.2.3 1.84 22.59 24.42 NOTE
r-patched-solaris-sparc 0.2.3 269.40 NOTE
r-patched-solaris-x86 0.2.3 64.00 NOTE
r-release-linux-ix86 0.2.3 4.00 42.00 46.00 NOTE
r-release-linux-x86_64 0.2.3 1.80 22.31 24.11 NOTE
r-release-macosx-x86_64 0.2.3 NOTE
r-release-windows-ix86+x86_64 0.2.3 6.00 36.00 42.00 NOTE
r-oldrel-windows-ix86+x86_64 0.2.3 6.00 36.00 42.00 NOTE

Check Details

Version: 0.2.3
Check: DESCRIPTION meta-information
Result: NOTE
    License components which are templates and need '+ file LICENSE':
     MIT
Flavors: r-devel-linux-x86_64-debian-clang, r-devel-linux-x86_64-debian-gcc, r-devel-linux-x86_64-fedora-clang, r-devel-linux-x86_64-fedora-gcc, r-devel-macosx-x86_64-clang, r-patched-linux-x86_64, r-patched-solaris-sparc, r-patched-solaris-x86, r-release-linux-ix86, r-release-linux-x86_64

Version: 0.2.3
Check: dependencies in R code
Result: NOTE
    Package in Depends field not imported from: ‘methods’
     These packages need to be imported from (in the NAMESPACE file)
     for when this namespace is loaded but not attached.
    Unexported objects imported by ':::' calls:
     ‘RColorBrewer:::divlist’ ‘RColorBrewer:::namelist’
     ‘RColorBrewer:::quallist’ ‘RColorBrewer:::seqlist’
     See the note in ?`:::` about the use of this operator.
    See the information on DESCRIPTION files in the chapter ‘Creating R
    packages’ of the ‘Writing R Extensions’ manual.
Flavors: r-devel-linux-x86_64-debian-clang, r-devel-linux-x86_64-debian-gcc, r-devel-linux-x86_64-fedora-clang, r-devel-linux-x86_64-fedora-gcc, r-devel-macosx-x86_64-clang, r-devel-windows-ix86+x86_64, r-patched-linux-x86_64, r-patched-solaris-sparc, r-patched-solaris-x86, r-release-linux-ix86, r-release-linux-x86_64, r-release-windows-ix86+x86_64, r-oldrel-windows-ix86+x86_64

Version: 0.2.3
Check: R code for possible problems
Result: NOTE
    math_format: no visible binding for global variable ‘.x’
Flavors: r-devel-linux-x86_64-debian-clang, r-devel-linux-x86_64-debian-gcc, r-devel-linux-x86_64-fedora-clang, r-devel-linux-x86_64-fedora-gcc, r-devel-macosx-x86_64-clang, r-devel-windows-ix86+x86_64, r-patched-linux-x86_64, r-patched-solaris-sparc, r-patched-solaris-x86, r-release-linux-ix86, r-release-linux-x86_64, r-release-macosx-x86_64, r-release-windows-ix86+x86_64, r-oldrel-windows-ix86+x86_64

Version: 0.2.3
Check: package dependencies
Result: ERROR
    Packages required but not available: ‘munsell’ ‘labeling’
    
    See the information on DESCRIPTION files in the chapter ‘Creating R
    packages’ of the ‘Writing R Extensions’ manual.
Flavor: r-devel-macosx-x86_64-gcc

Version: 0.2.3
Check: DESCRIPTION meta-information
Result: NOTE
    Licenses which are templates and need '+ file LICENSE':
     MIT
Flavor: r-release-macosx-x86_64

Version: 0.2.3
Check: dependencies in R code
Result: NOTE
    Package in Depends field not imported from: 'methods'
     These packages need to be imported from for the case when
     this namespace is loaded but not attached.
    Unexported objects imported by ':::' calls:
     'RColorBrewer:::divlist' 'RColorBrewer:::namelist'
     'RColorBrewer:::quallist' 'RColorBrewer:::seqlist'
     See the note in ?`:::` about the use of this operator.
    See the information on DESCRIPTION files in the chapter 'Creating R
    packages' of the 'Writing R Extensions' manual.
Flavor: r-release-macosx-x86_64