CRAN Package Check Results for Package scales

Last updated on 2015-04-21 06:47:39.

Flavor Version Tinstall Tcheck Ttotal Status Flags
r-devel-linux-x86_64-debian-clang 0.2.4 1.36 17.66 19.02 NOTE
r-devel-linux-x86_64-debian-gcc 0.2.4 1.40 17.66 19.06 NOTE
r-devel-linux-x86_64-fedora-clang 0.2.4 40.17 NOTE
r-devel-linux-x86_64-fedora-gcc 0.2.4 35.82 NOTE
r-devel-osx-x86_64-clang 0.2.4 37.38 NOTE
r-devel-windows-ix86+x86_64 0.2.4 6.00 30.00 36.00 NOTE
r-patched-linux-x86_64 0.2.4 1.33 17.50 18.83 NOTE
r-patched-solaris-sparc 0.2.4 234.20 NOTE
r-patched-solaris-x86 0.2.4 49.70 NOTE
r-release-linux-x86_64 0.2.4 1.42 17.51 18.93 NOTE
r-release-osx-x86_64-mavericks 0.2.4 NOTE
r-release-osx-x86_64-snowleopard 0.2.4 ERROR
r-release-windows-ix86+x86_64 0.2.4 3.00 25.00 28.00 NOTE
r-oldrel-windows-ix86+x86_64 0.2.4 4.00 34.00 38.00 NOTE

Check Details

Version: 0.2.4
Check: DESCRIPTION meta-information
Result: NOTE
    Malformed Title field: should not end in a period.
Flavors: r-devel-linux-x86_64-debian-clang, r-devel-linux-x86_64-debian-gcc, r-devel-linux-x86_64-fedora-clang, r-devel-linux-x86_64-fedora-gcc, r-devel-osx-x86_64-clang, r-devel-windows-ix86+x86_64, r-patched-linux-x86_64, r-patched-solaris-sparc, r-patched-solaris-x86, r-release-linux-x86_64, r-release-osx-x86_64-mavericks, r-release-windows-ix86+x86_64

Version: 0.2.4
Check: dependencies in R code
Result: NOTE
    Namespace in Imports field not imported from: ‘methods’
     All declared Imports should be used.
Flavors: r-devel-linux-x86_64-debian-clang, r-devel-linux-x86_64-debian-gcc, r-devel-linux-x86_64-fedora-clang, r-devel-linux-x86_64-fedora-gcc, r-devel-osx-x86_64-clang, r-devel-windows-ix86+x86_64, r-patched-linux-x86_64, r-patched-solaris-sparc, r-patched-solaris-x86, r-release-linux-x86_64, r-release-osx-x86_64-mavericks, r-release-windows-ix86+x86_64, r-oldrel-windows-ix86+x86_64

Version: 0.2.4
Check: package dependencies
Result: ERROR
    Package required but not available: ‘munsell’
    
    See section ‘The DESCRIPTION file’ in the ‘Writing R Extensions’
    manual.
Flavor: r-release-osx-x86_64-snowleopard