CRAN Package Check Results for Package scales

Last updated on 2017-05-27 01:47:06.

Flavor Version Tinstall Tcheck Ttotal Status Flags
r-devel-linux-x86_64-debian-clang 0.4.1 9.73 22.94 32.67 NOTE
r-devel-linux-x86_64-debian-gcc 0.4.1 9.26 22.96 32.22 NOTE
r-devel-linux-x86_64-fedora-clang 0.4.1 65.14 NOTE
r-devel-linux-x86_64-fedora-gcc 0.4.1 59.51 NOTE
r-devel-windows-ix86+x86_64 0.4.1 30.00 63.00 93.00 OK
r-patched-linux-x86_64 0.4.1 8.59 23.25 31.84 NOTE
r-patched-solaris-sparc 0.4.1 317.50 OK
r-patched-solaris-x86 0.4.1 69.60 OK
r-release-linux-x86_64 0.4.1 8.05 22.47 30.52 NOTE
r-release-windows-ix86+x86_64 0.4.1 30.00 66.00 96.00 OK
r-release-osx-x86_64 0.4.1 OK
r-oldrel-windows-ix86+x86_64 0.4.1 45.00 55.00 100.00 OK
r-oldrel-osx-x86_64 0.4.1 OK

Check Details

Version: 0.4.1
Check: compiled code
Result: NOTE
    File ‘scales/libs/scales.so’:
     Found no calls to: ‘R_registerRoutines’, ‘R_useDynamicSymbols’
    
    It is good practice to register native routines and to disable symbol
    search.
    
    See ‘Writing portable packages’ in the ‘Writing R Extensions’ manual.
Flavors: r-devel-linux-x86_64-debian-clang, r-devel-linux-x86_64-debian-gcc, r-devel-linux-x86_64-fedora-clang, r-devel-linux-x86_64-fedora-gcc, r-patched-linux-x86_64, r-release-linux-x86_64