CRAN Package Check Results for Package scales

Last updated on 2017-02-25 03:48:39.

Flavor Version Tinstall Tcheck Ttotal Status Flags
r-devel-linux-x86_64-debian-clang 0.4.1 8.41 23.46 31.87 NOTE
r-devel-linux-x86_64-debian-gcc 0.4.1 7.92 22.50 30.42 NOTE
r-devel-linux-x86_64-fedora-clang 0.4.1 57.28 NOTE --no-stop-on-test-error
r-devel-linux-x86_64-fedora-gcc 0.4.1 58.02 NOTE --no-stop-on-test-error
r-devel-macos-x86_64-clang 0.4.1 46.01 NOTE --no-stop-on-test-error
r-devel-windows-ix86+x86_64 0.4.1 61.00 102.00 163.00 OK
r-patched-linux-x86_64 0.4.1 6.77 18.93 25.70 OK
r-patched-solaris-sparc 0.4.1 285.70 OK
r-patched-solaris-x86 0.4.1 61.40 OK
r-release-linux-x86_64 0.4.1 6.60 18.49 25.08 OK
r-release-osx-x86_64-mavericks 0.4.1 OK
r-release-windows-ix86+x86_64 0.4.1 41.00 74.00 115.00 OK
r-oldrel-windows-ix86+x86_64 0.4.1 56.00 68.00 124.00 OK

Check Details

Version: 0.4.1
Check: compiled code
Result: NOTE
    File ‘scales/libs/scales.so’:
     Found no calls to: ‘R_registerRoutines’, ‘R_useDynamicSymbols’
    
    It is good practice to register native routines and to disable symbol
    search.
    
    See ‘Writing portable packages’ in the ‘Writing R Extensions’ manual.
Flavors: r-devel-linux-x86_64-debian-clang, r-devel-linux-x86_64-debian-gcc

Version: 0.4.1
Flags: --no-stop-on-test-error
Check: compiled code
Result: NOTE
    File ‘scales/libs/scales.so’:
     Found no calls to: ‘R_registerRoutines’, ‘R_useDynamicSymbols’
    
    It is good practice to register native routines and to disable symbol
    search.
    
    See ‘Writing portable packages’ in the ‘Writing R Extensions’ manual.
Flavors: r-devel-linux-x86_64-fedora-clang, r-devel-linux-x86_64-fedora-gcc, r-devel-macos-x86_64-clang