CRAN Package Check Results for Package scales

Last updated on 2016-07-23 19:48:00.

Flavor Version Tinstall Tcheck Ttotal Status Flags
r-devel-linux-x86_64-debian-clang 0.4.0 11.25 22.46 33.71 OK
r-devel-linux-x86_64-debian-gcc 0.4.0 11.04 21.60 32.64 OK
r-devel-linux-x86_64-fedora-clang 0.4.0 49.89 OK
r-devel-linux-x86_64-fedora-gcc 0.4.0 43.94 OK
r-devel-osx-x86_64-clang 0.4.0 38.99 OK
r-devel-windows-ix86+x86_64 0.4.0 37.00 45.00 82.00 OK
r-patched-linux-x86_64 0.4.0 7.63 21.35 28.98 OK
r-patched-solaris-sparc 0.4.0 283.10 NOTE
r-patched-solaris-x86 0.4.0 57.20 OK
r-release-linux-x86_64 0.4.0 8.85 22.19 31.04 OK
r-release-osx-x86_64-mavericks 0.4.0 OK
r-release-windows-ix86+x86_64 0.4.0 26.00 47.00 73.00 OK
r-oldrel-windows-ix86+x86_64 0.4.0 37.00 51.00 88.00 OK

Check Details

Version: 0.4.0
Check: installed package size
Result: NOTE
     installed size is 5.2Mb
     sub-directories of 1Mb or more:
     libs 4.9Mb
Flavor: r-patched-solaris-sparc