CRAN Package Check Results for Package scales

Last updated on 2017-11-21 08:57:48 CET.

Flavor Version Tinstall Tcheck Ttotal Status Flags
r-devel-linux-x86_64-debian-clang 0.5.0 9.05 25.27 34.32 OK
r-devel-linux-x86_64-debian-gcc 0.5.0 9.97 55.04 65.01 OK
r-devel-linux-x86_64-fedora-clang 0.5.0 62.10 NOTE
r-devel-linux-x86_64-fedora-gcc 0.5.0 100.25 NOTE
r-devel-windows-ix86+x86_64 0.5.0 49.00 67.00 116.00 OK
r-patched-linux-x86_64 0.5.0 9.09 22.86 31.96 OK
r-patched-solaris-x86 0.5.0 73.50 NOTE
r-release-linux-x86_64 0.5.0 9.60 23.76 33.36 OK
r-release-windows-ix86+x86_64 0.5.0 33.00 95.00 128.00 OK
r-release-osx-x86_64 0.5.0 NOTE
r-oldrel-windows-ix86+x86_64 0.5.0 30.00 72.00 102.00 OK
r-oldrel-osx-x86_64 0.5.0 NOTE

Check Details

Version: 0.5.0
Check: dependencies in R code
Result: NOTE
    Namespace in Imports field not imported from: ‘R6’
     All declared Imports should be used.
Flavors: r-devel-linux-x86_64-fedora-clang, r-devel-linux-x86_64-fedora-gcc, r-patched-solaris-x86, r-release-osx-x86_64, r-oldrel-osx-x86_64