CRAN Package Check Results for Package scales

Last updated on 2017-07-22 07:48:10.

Flavor Version Tinstall Tcheck Ttotal Status Flags
r-devel-linux-x86_64-debian-clang 0.4.1 9.03 32.06 41.09 NOTE
r-devel-linux-x86_64-debian-gcc 0.4.1 9.25 31.56 40.82 NOTE
r-devel-linux-x86_64-fedora-clang 0.4.1 60.76 NOTE
r-devel-linux-x86_64-fedora-gcc 0.4.1 55.55 NOTE
r-devel-windows-ix86+x86_64 0.4.1 47.00 83.00 130.00 OK
r-patched-linux-x86_64 0.4.1 9.18 33.44 42.61 NOTE
r-patched-solaris-x86 0.4.1 70.20 OK
r-release-linux-x86_64 0.4.1 9.39 33.31 42.70 NOTE
r-release-windows-ix86+x86_64 0.4.1 28.00 84.00 112.00 OK
r-release-osx-x86_64 0.4.1 OK
r-oldrel-windows-ix86+x86_64 0.4.1 41.00 69.00 110.00 OK
r-oldrel-osx-x86_64 0.4.1 OK

Check Details

Version: 0.4.1
Check: compiled code
Result: NOTE
    File ‘scales/libs/scales.so’:
     Found no calls to: ‘R_registerRoutines’, ‘R_useDynamicSymbols’
    
    It is good practice to register native routines and to disable symbol
    search.
    
    See ‘Writing portable packages’ in the ‘Writing R Extensions’ manual.
Flavors: r-devel-linux-x86_64-debian-clang, r-devel-linux-x86_64-debian-gcc, r-devel-linux-x86_64-fedora-clang, r-devel-linux-x86_64-fedora-gcc, r-patched-linux-x86_64, r-release-linux-x86_64