CRAN Package Check Results for Package scam

Last updated on 2015-07-04 17:47:40.

Flavor Version Tinstall Tcheck Ttotal Status Flags
r-devel-linux-x86_64-debian-clang 1.1-9 3.14 55.76 58.90 NOTE
r-devel-linux-x86_64-debian-gcc 1.1-9 4.98 56.81 61.79 NOTE
r-devel-linux-x86_64-fedora-clang 1.1-9 116.69 NOTE
r-devel-linux-x86_64-fedora-gcc 1.1-9 108.94 NOTE
r-devel-osx-x86_64-clang 1.1-9 87.81 OK
r-devel-windows-ix86+x86_64 1.1-9 14.00 79.00 93.00 NOTE
r-patched-linux-x86_64 1.1-9 2.96 54.86 57.83 OK
r-patched-solaris-sparc 1.1-9 695.60 OK
r-patched-solaris-x86 1.1-9 151.50 OK
r-release-linux-x86_64 1.1-9 2.98 56.53 59.50 OK
r-release-osx-x86_64-mavericks 1.1-9 OK
r-release-windows-ix86+x86_64 1.1-9 12.00 89.00 101.00 OK
r-oldrel-windows-ix86+x86_64 1.1-9 10.00 92.00 102.00 OK

Check Details

Version: 1.1-9
Check: R code for possible problems
Result: NOTE
    estimate.scam: no visible global function definition for ‘optim’
    estimate.scam: no visible global function definition for ‘nlm’
    liu2: no visible global function definition for ‘pchisq’
    plot.mgcv.smooth : sp.contour: no visible global function definition
     for ‘median’
    plot.mgcv.smooth : sp.contour: no visible global function definition
     for ‘title’
    plot.random.effect: no visible global function definition for ‘qqnorm’
    plot.random.effect: no visible global function definition for ‘qqline’
    plot.scam: no visible global function definition for ‘dev.interactive’
    plot.scam: no visible global function definition for ‘devAskNewPage’
    plot.scam: no visible global function definition for ‘termplot’
    predict.scam: no visible binding for global variable ‘na.pass’
    predict.scam: no visible global function definition for
     ‘delete.response’
    predict.scam: no visible global function definition for ‘reformulate’
    predict.scam: no visible global function definition for ‘model.frame’
    predict.scam: no visible global function definition for
     ‘.checkMFClasses’
    predict.scam: no visible global function definition for ‘model.offset’
    predict.scam: no visible global function definition for ‘napredict’
    print.summary.scam: no visible global function definition for
     ‘printCoefmat’
    reTest.scam: no visible global function definition for ‘coef’
    recov.scam: no visible global function definition for ‘coef’
    residuals.scam: no visible global function definition for ‘naresid’
    scam: Error while checking: invalid ‘envir’ argument
    scam.check: no visible global function definition for ‘qqnorm’
    scam.check: no visible global function definition for ‘qqline’
    scam.check: no visible global function definition for ‘fitted’
    simf: no visible global function definition for ‘qchisq’
    summary.scam: no visible global function definition for ‘pnorm’
    summary.scam: no visible global function definition for ‘pt’
    summary.scam: no visible global function definition for ‘pchisq’
    summary.scam: no visible global function definition for ‘pf’
    summary.scam: no visible global function definition for ‘runif’
    summary.scam: no visible global function definition for ‘var’
    testStat: no visible global function definition for ‘pchisq’
    testStat: no visible global function definition for ‘pf’
    Undefined global functions or variables:
     .checkMFClasses coef delete.response dev.interactive devAskNewPage
     fitted median model.frame model.offset na.pass napredict naresid nlm
     optim pchisq pf pnorm printCoefmat pt qchisq qqline qqnorm
     reformulate runif termplot title var
Flavors: r-devel-linux-x86_64-debian-clang, r-devel-linux-x86_64-debian-gcc, r-devel-linux-x86_64-fedora-clang, r-devel-linux-x86_64-fedora-gcc

Version: 1.1-9
Check: R code for possible problems
Result: NOTE
    estimate.scam: no visible global function definition for 'optim'
    estimate.scam: no visible global function definition for 'nlm'
    liu2: no visible global function definition for 'pchisq'
    plot.mgcv.smooth : sp.contour: no visible global function definition
     for 'median'
    plot.mgcv.smooth : sp.contour: no visible global function definition
     for 'title'
    plot.random.effect: no visible global function definition for 'qqnorm'
    plot.random.effect: no visible global function definition for 'qqline'
    plot.scam: no visible global function definition for 'dev.interactive'
    plot.scam: no visible global function definition for 'devAskNewPage'
    plot.scam: no visible global function definition for 'termplot'
    predict.scam: no visible binding for global variable 'na.pass'
    predict.scam: no visible global function definition for
     'delete.response'
    predict.scam: no visible global function definition for 'reformulate'
    predict.scam: no visible global function definition for 'model.frame'
    predict.scam: no visible global function definition for
     '.checkMFClasses'
    predict.scam: no visible global function definition for 'model.offset'
    predict.scam: no visible global function definition for 'napredict'
    print.summary.scam: no visible global function definition for
     'printCoefmat'
    reTest.scam: no visible global function definition for 'coef'
    recov.scam: no visible global function definition for 'coef'
    residuals.scam: no visible global function definition for 'naresid'
    scam: no visible global function definition for 'gaussian'
    scam: no visible global function definition for 'model.offset'
    scam.check: no visible global function definition for 'qqnorm'
    scam.check: no visible global function definition for 'qqline'
    scam.check: no visible global function definition for 'fitted'
    simf: no visible global function definition for 'qchisq'
    summary.scam: no visible global function definition for 'pnorm'
    summary.scam: no visible global function definition for 'pt'
    summary.scam: no visible global function definition for 'pchisq'
    summary.scam: no visible global function definition for 'pf'
    summary.scam: no visible global function definition for 'runif'
    summary.scam: no visible global function definition for 'var'
    testStat: no visible global function definition for 'pchisq'
    testStat: no visible global function definition for 'pf'
    Undefined global functions or variables:
     .checkMFClasses coef delete.response dev.interactive devAskNewPage
     fitted gaussian median model.frame model.offset na.pass napredict
     naresid nlm optim pchisq pf pnorm printCoefmat pt qchisq qqline
     qqnorm reformulate runif termplot title var
Flavor: r-devel-windows-ix86+x86_64