CRAN Package Check Results for Package scam

Last updated on 2015-03-01 12:47:48.

Flavor Version Tinstall Tcheck Ttotal Status Flags
r-devel-linux-x86_64-debian-clang 1.1-8 3.03 56.27 59.30 NOTE
r-devel-linux-x86_64-debian-gcc 1.1-8 2.93 55.09 58.02 NOTE
r-devel-linux-x86_64-fedora-clang 1.1-8 116.89 NOTE
r-devel-linux-x86_64-fedora-gcc 1.1-8 109.51 NOTE
r-devel-osx-x86_64-clang 1.1-8 100.29 NOTE
r-devel-windows-ix86+x86_64 1.1-8 12.00 82.00 94.00 OK
r-patched-linux-x86_64 1.1-8 4.00 65.71 69.71 OK
r-patched-solaris-sparc 1.1-8 824.10 OK
r-patched-solaris-x86 1.1-8 188.10 OK
r-release-linux-ix86 1.1-8 4.54 76.56 81.10 OK
r-release-linux-x86_64 1.1-8 3.95 65.95 69.90 OK
r-release-osx-x86_64-mavericks 1.1-8 OK
r-release-osx-x86_64-snowleopard 1.1-8 OK
r-release-windows-ix86+x86_64 1.1-8 10.00 94.00 104.00 OK
r-oldrel-windows-ix86+x86_64 1.1-8 12.00 87.00 99.00 OK

Check Details

Version: 1.1-8
Check: S3 generic/method consistency
Result: NOTE
    Found the following apparent S3 methods exported but not registered:
     predict.scam residuals.scam
    See section ‘Registering S3 methods’ in the ‘Writing R Extensions’
    manual.
Flavors: r-devel-linux-x86_64-debian-clang, r-devel-linux-x86_64-debian-gcc, r-devel-linux-x86_64-fedora-clang, r-devel-linux-x86_64-fedora-gcc, r-devel-osx-x86_64-clang