CRAN Package Check Results for Package scam

Last updated on 2015-05-29 17:47:50.

Flavor Version Tinstall Tcheck Ttotal Status Flags
r-devel-linux-x86_64-debian-clang 1.1-8 3.02 55.68 58.69 NOTE
r-devel-linux-x86_64-debian-gcc 1.1-8 3.12 55.44 58.56 NOTE
r-devel-linux-x86_64-fedora-clang 1.1-8 119.74 NOTE
r-devel-linux-x86_64-fedora-gcc 1.1-8 110.36 NOTE
r-devel-osx-x86_64-clang 1.1-8 97.74 NOTE
r-devel-windows-ix86+x86_64 1.1-8 8.00 75.00 83.00 OK
r-patched-linux-x86_64 1.1-8 3.00 55.93 58.93 NOTE
r-patched-solaris-sparc 1.1-8 721.70 NOTE
r-patched-solaris-x86 1.1-8 148.90 NOTE
r-release-linux-x86_64 1.1-8 2.98 55.19 58.18 NOTE
r-release-osx-x86_64-mavericks 1.1-8 OK
r-release-osx-x86_64-snowleopard 1.1-8 OK
r-release-windows-ix86+x86_64 1.1-8 9.00 74.00 83.00 OK
r-oldrel-windows-ix86+x86_64 1.1-8 9.00 84.00 93.00 OK

Check Details

Version: 1.1-8
Check: S3 generic/method consistency
Result: NOTE
    Found the following apparent S3 methods exported but not registered:
     predict.scam residuals.scam
    See section ‘Registering S3 methods’ in the ‘Writing R Extensions’
    manual.
Flavors: r-devel-linux-x86_64-debian-clang, r-devel-linux-x86_64-debian-gcc, r-devel-linux-x86_64-fedora-clang, r-devel-linux-x86_64-fedora-gcc, r-devel-osx-x86_64-clang, r-patched-linux-x86_64, r-patched-solaris-sparc, r-patched-solaris-x86, r-release-linux-x86_64