CRAN Package Check Results for Package scam

Last updated on 2014-09-02 05:46:44.

Flavor Version Tinstall Tcheck Ttotal Status Flags
r-devel-linux-x86_64-debian-clang 1.1-7 3.80 59.35 63.16 NOTE
r-devel-linux-x86_64-debian-gcc 1.1-7 3.67 60.65 64.32 NOTE
r-devel-linux-x86_64-fedora-clang 1.1-7 144.34 NOTE
r-devel-linux-x86_64-fedora-gcc 1.1-7 135.66 NOTE
r-devel-osx-x86_64-clang 1.1-7 110.02 NOTE
r-devel-windows-ix86+x86_64 1.1-7 11.00 84.00 95.00 NOTE
r-patched-linux-x86_64 1.1-7 3.84 60.92 64.76 OK
r-patched-solaris-sparc 1.1-7 801.70 OK
r-patched-solaris-x86 1.1-7 177.60 OK
r-release-linux-ix86 1.1-7 4.74 74.83 79.58 OK
r-release-linux-x86_64 1.1-7 3.92 61.52 65.44 OK
r-release-osx-x86_64-mavericks 1.1-7 OK
r-release-osx-x86_64-snowleopard 1.1-7 OK
r-release-windows-ix86+x86_64 1.1-7 9.00 84.00 93.00 OK
r-oldrel-windows-ix86+x86_64 1.1-7 10.00 78.00 88.00 OK

Check Details

Version: 1.1-7
Check: R code for possible problems
Result: NOTE
    Predict.matrix.cv.smooth: no visible global function definition for
     ‘spline.des’
    Predict.matrix.cx.smooth: no visible global function definition for
     ‘spline.des’
    Predict.matrix.mdcv.smooth: no visible global function definition for
     ‘spline.des’
    Predict.matrix.mdcx.smooth: no visible global function definition for
     ‘spline.des’
    Predict.matrix.micv.smooth: no visible global function definition for
     ‘spline.des’
    Predict.matrix.micx.smooth: no visible global function definition for
     ‘spline.des’
    Predict.matrix.mpd.smooth: no visible global function definition for
     ‘spline.des’
    Predict.matrix.mpi.smooth: no visible global function definition for
     ‘spline.des’
    derivative.smooth: no visible global function definition for
     ‘splineDesign’
    marginal.linear.extrapolation: no visible global function definition
     for ‘spline.des’
    marginal.matrices.tesmi1.ps: no visible global function definition for
     ‘splineDesign’
    marginal.matrices.tesmi2.ps: no visible global function definition for
     ‘splineDesign’
    smooth.construct.cv.smooth.spec: no visible global function definition
     for ‘splineDesign’
    smooth.construct.cx.smooth.spec: no visible global function definition
     for ‘splineDesign’
    smooth.construct.mdcv.smooth.spec: no visible global function
     definition for ‘splineDesign’
    smooth.construct.mdcx.smooth.spec: no visible global function
     definition for ‘splineDesign’
    smooth.construct.micv.smooth.spec: no visible global function
     definition for ‘splineDesign’
    smooth.construct.micx.smooth.spec: no visible global function
     definition for ‘splineDesign’
    smooth.construct.mpd.smooth.spec: no visible global function definition
     for ‘splineDesign’
    smooth.construct.mpi.smooth.spec: no visible global function definition
     for ‘splineDesign’
    smooth.construct.tedmd.smooth.spec: no visible global function
     definition for ‘splineDesign’
    smooth.construct.tedmi.smooth.spec: no visible global function
     definition for ‘splineDesign’
Flavors: r-devel-linux-x86_64-debian-clang, r-devel-linux-x86_64-debian-gcc, r-devel-linux-x86_64-fedora-clang, r-devel-linux-x86_64-fedora-gcc, r-devel-osx-x86_64-clang, r-devel-windows-ix86+x86_64