CRAN Package Check Results for Package scam

Last updated on 2015-01-30 14:49:00.

Flavor Version Tinstall Tcheck Ttotal Status Flags
r-devel-linux-x86_64-debian-clang 1.1-8 3.75 58.86 62.61 NOTE
r-devel-linux-x86_64-debian-gcc 1.1-8 3.47 57.90 61.37 NOTE
r-devel-linux-x86_64-fedora-clang 1.1-8 151.11 NOTE
r-devel-linux-x86_64-fedora-gcc 1.1-8 136.98 NOTE
r-devel-osx-x86_64-clang 1.1-8 119.59 NOTE
r-devel-windows-ix86+x86_64 1.1-8 13.00 76.00 89.00 OK
r-patched-linux-x86_64 1.1-8 3.86 64.88 68.74 OK
r-patched-solaris-sparc 1.1-8 824.10 OK
r-patched-solaris-x86 1.1-8 188.00 OK
r-release-linux-ix86 1.1-8 4.51 75.40 79.91 OK
r-release-linux-x86_64 1.1-8 4.26 64.36 68.62 OK
r-release-osx-x86_64-mavericks 1.1-8 OK
r-release-osx-x86_64-snowleopard 1.1-8 OK
r-release-windows-ix86+x86_64 1.1-8 10.00 95.00 105.00 OK
r-oldrel-windows-ix86+x86_64 1.1-8 10.00 85.00 95.00 OK

Check Details

Version: 1.1-8
Check: S3 generic/method consistency
Result: NOTE
    Found the following apparent S3 methods exported but not registered:
     predict.scam residuals.scam
    See section ‘Registering S3 methods’ in the ‘Writing R Extensions’
    manual.
Flavors: r-devel-linux-x86_64-debian-clang, r-devel-linux-x86_64-debian-gcc, r-devel-linux-x86_64-fedora-clang, r-devel-linux-x86_64-fedora-gcc, r-devel-osx-x86_64-clang