CRAN Package Check Results for Package scam

Last updated on 2015-04-18 03:50:27.

Flavor Version Tinstall Tcheck Ttotal Status Flags
r-devel-linux-x86_64-debian-clang 1.1-8 3.03 55.42 58.45 NOTE
r-devel-linux-x86_64-debian-gcc 1.1-8 3.18 55.38 58.56 NOTE
r-devel-linux-x86_64-fedora-clang 1.1-8 118.77 NOTE
r-devel-linux-x86_64-fedora-gcc 1.1-8 110.84 NOTE
r-devel-osx-x86_64-clang 1.1-8 96.37 NOTE
r-prerel-windows-ix86+x86_64 1.1-8 13.00 79.00 92.00 OK
r-prerel-linux-x86_64 1.1-8 3.22 54.42 57.64 NOTE
r-prerel-solaris-sparc 1.1-8 699.70 OK
r-prerel-solaris-x86 1.1-8 145.50 OK
r-release-linux-x86_64 1.1-8 3.96 66.69 70.65 OK
r-release-osx-x86_64-mavericks 1.1-8 OK
r-release-osx-x86_64-snowleopard 1.1-8 OK
r-release-windows-ix86+x86_64 1.1-8 13.00 123.00 136.00 OK
r-oldrel-windows-ix86+x86_64 1.1-8 12.00 117.00 129.00 OK

Check Details

Version: 1.1-8
Check: S3 generic/method consistency
Result: NOTE
    Found the following apparent S3 methods exported but not registered:
     predict.scam residuals.scam
    See section ‘Registering S3 methods’ in the ‘Writing R Extensions’
    manual.
Flavors: r-devel-linux-x86_64-debian-clang, r-devel-linux-x86_64-debian-gcc, r-devel-linux-x86_64-fedora-clang, r-devel-linux-x86_64-fedora-gcc, r-devel-osx-x86_64-clang, r-prerel-linux-x86_64