CRAN Package Check Results for Package scape

Last updated on 2015-06-30 06:47:16.

Flavor Version Tinstall Tcheck Ttotal Status Flags
r-devel-linux-x86_64-debian-clang 2.2-0 2.17 51.59 53.76 NOTE
r-devel-linux-x86_64-debian-gcc 2.2-0 2.20 50.22 52.42 NOTE
r-devel-linux-x86_64-fedora-clang 2.2-0 108.36 OK
r-devel-linux-x86_64-fedora-gcc 2.2-0 102.71 OK
r-devel-osx-x86_64-clang 2.2-0 79.61 OK
r-devel-windows-ix86+x86_64 2.2-0 10.00 78.00 88.00 NOTE
r-patched-linux-x86_64 2.2-0 2.12 53.29 55.41 OK
r-patched-solaris-sparc 2.2-0 601.50 OK
r-patched-solaris-x86 2.2-0 130.50 OK
r-release-linux-x86_64 2.2-0 2.23 51.52 53.75 OK
r-release-osx-x86_64-mavericks 2.2-0 OK
r-release-windows-ix86+x86_64 2.2-0 14.00 78.00 92.00 OK
r-oldrel-windows-ix86+x86_64 2.2-0 18.00 141.00 159.00 OK

Check Details

Version: 2.2-0
Check: R code for possible problems
Result: NOTE
    importCol: no visible global function definition for ‘packageVersion’
    importMCMC : getL: no visible global function definition for
     ‘read.table’
    importMCMC : getP: no visible global function definition for
     ‘read.table’
    importMCMC : getB: no visible global function definition for
     ‘read.table’
    importMCMC : getR: no visible global function definition for
     ‘read.table’
    importProj : getPolicies: no visible global function definition for
     ‘read.table’
    importProj : getYears: no visible global function definition for
     ‘read.table’
    importProj : getB: no visible global function definition for
     ‘read.table’
    importProj : getY: no visible global function definition for
     ‘read.table’
    iterate : summaryN: no visible binding for global variable ‘median’
    iterate : summarySigmaI: no visible binding for global variable
     ‘median’
    plotLA: no visible global function definition for ‘aggregate’
    plotN: no visible global function definition for ‘aggregate’
Flavors: r-devel-linux-x86_64-debian-clang, r-devel-linux-x86_64-debian-gcc, r-devel-windows-ix86+x86_64