CRAN Package Check Results for Package scape

Last updated on 2019-07-21 20:47:50 CEST.

Flavor Version Tinstall Tcheck Ttotal Status Flags
r-devel-linux-x86_64-debian-clang 2.3-2 11.65 124.73 136.38 OK
r-devel-linux-x86_64-debian-gcc 2.3-2 9.64 98.43 108.07 OK
r-devel-linux-x86_64-fedora-clang 2.3-2 168.03 OK
r-devel-linux-x86_64-fedora-gcc 2.3-2 159.30 OK
r-devel-windows-ix86+x86_64 2.3-2 22.00 191.00 213.00 OK
r-patched-linux-x86_64 2.3-2 11.32 120.53 131.85 OK
r-patched-solaris-x86 2.3-2 235.50 NOTE
r-release-linux-x86_64 2.3-2 10.86 123.26 134.12 OK
r-release-windows-ix86+x86_64 2.3-2 27.00 132.00 159.00 OK
r-release-osx-x86_64 2.3-2 OK
r-oldrel-windows-ix86+x86_64 2.3-2 23.00 130.00 153.00 OK
r-oldrel-osx-x86_64 2.3-2 OK

Check Details

Version: 2.3-2
Check: installed package size
Result: NOTE
     installed size is 5.0Mb
     sub-directories of 1Mb or more:
     doc 1.4Mb
     example 2.7Mb
Flavor: r-patched-solaris-x86