CRAN Package Check Results for Package scape

Last updated on 2019-04-23 19:48:50 CEST.

Flavor Version Tinstall Tcheck Ttotal Status Flags
r-devel-linux-x86_64-debian-clang 2.3-2 10.82 125.63 136.45 OK
r-devel-linux-x86_64-debian-gcc 2.3-2 9.26 97.43 106.69 OK
r-devel-linux-x86_64-fedora-clang 2.3-2 161.78 OK
r-devel-linux-x86_64-fedora-gcc 2.3-2 152.81 OK
r-devel-windows-ix86+x86_64 2.3-2 32.00 137.00 169.00 OK
r-patched-linux-x86_64 2.3-2 10.48 122.57 133.05 OK
r-patched-solaris-x86 2.3-2 233.60 NOTE
r-release-linux-x86_64 2.3-2 7.55 118.89 126.44 OK
r-release-windows-ix86+x86_64 2.3-2 16.00 182.00 198.00 OK
r-release-osx-x86_64 2.3-2 OK
r-oldrel-windows-ix86+x86_64 2.3-2 17.00 207.00 224.00 OK
r-oldrel-osx-x86_64 2.3-2 OK

Check Details

Version: 2.3-2
Check: installed package size
Result: NOTE
     installed size is 5.0Mb
     sub-directories of 1Mb or more:
     doc 1.4Mb
     example 2.7Mb
Flavor: r-patched-solaris-x86