CRAN Package Check Results for Package scape

Last updated on 2017-05-27 14:47:19.

Flavor Version Tinstall Tcheck Ttotal Status Flags
r-devel-linux-x86_64-debian-clang 2.2-0 4.70 76.33 81.02 NOTE
r-devel-linux-x86_64-debian-gcc 2.2-0 4.52 74.58 79.10 NOTE
r-devel-linux-x86_64-fedora-clang 2.2-0 159.26 NOTE
r-devel-linux-x86_64-fedora-gcc 2.2-0 154.27 NOTE
r-devel-windows-ix86+x86_64 2.2-0 14.00 148.00 162.00 NOTE
r-patched-linux-x86_64 2.2-0 4.30 72.45 76.75 NOTE
r-patched-solaris-sparc 2.2-0 865.20 NOTE
r-patched-solaris-x86 2.2-0 196.10 NOTE
r-release-linux-x86_64 2.2-0 3.94 75.23 79.17 NOTE
r-release-windows-ix86+x86_64 2.2-0 12.00 142.00 154.00 NOTE
r-release-osx-x86_64 2.2-0 NOTE
r-oldrel-windows-ix86+x86_64 2.2-0 23.00 116.00 139.00 NOTE
r-oldrel-osx-x86_64 2.2-0 NOTE

Check Details

Version: 2.2-0
Check: R code for possible problems
Result: NOTE
    importCol: no visible global function definition for ‘packageVersion’
    importMCMC : getL: no visible global function definition for
     ‘read.table’
    importMCMC : getP: no visible global function definition for
     ‘read.table’
    importMCMC : getB: no visible global function definition for
     ‘read.table’
    importMCMC : getR: no visible global function definition for
     ‘read.table’
    importProj : getPolicies: no visible global function definition for
     ‘read.table’
    importProj : getYears: no visible global function definition for
     ‘read.table’
    importProj : getB: no visible global function definition for
     ‘read.table’
    importProj : getY: no visible global function definition for
     ‘read.table’
    iterate : summaryN: no visible binding for global variable ‘median’
    iterate : summarySigmaI: no visible binding for global variable
     ‘median’
    plotLA: no visible global function definition for ‘aggregate’
    plotN: no visible global function definition for ‘aggregate’
    Undefined global functions or variables:
     aggregate median packageVersion read.table
    Consider adding
     importFrom("stats", "aggregate", "median")
     importFrom("utils", "packageVersion", "read.table")
    to your NAMESPACE file.
Flavors: r-devel-linux-x86_64-debian-clang, r-devel-linux-x86_64-debian-gcc, r-devel-linux-x86_64-fedora-clang, r-devel-linux-x86_64-fedora-gcc, r-devel-windows-ix86+x86_64, r-patched-linux-x86_64, r-patched-solaris-sparc, r-patched-solaris-x86, r-release-linux-x86_64, r-release-windows-ix86+x86_64, r-release-osx-x86_64, r-oldrel-windows-ix86+x86_64, r-oldrel-osx-x86_64