CRAN Package Check Results for Package scape

Last updated on 2018-04-21 23:48:38 CEST.

Flavor Version Tinstall Tcheck Ttotal Status Flags
r-devel-linux-x86_64-debian-clang 2.3-1 8.07 112.77 120.84 WARN
r-devel-linux-x86_64-debian-gcc 2.3-1 6.82 89.01 95.83 WARN
r-devel-linux-x86_64-fedora-clang 2.3-1 148.62 WARN
r-devel-linux-x86_64-fedora-gcc 2.3-1 146.57 WARN
r-devel-windows-ix86+x86_64 2.3-1 23.00 123.00 146.00 WARN
r-devel-osx-x86_64 2.3-1 OK
r-patched-linux-x86_64 2.3-1 8.66 110.22 118.88 WARN
r-patched-solaris-x86 2.3-1 203.80 WARN
r-release-linux-x86_64 2.3-1 4.92 121.28 126.20 OK
r-release-windows-ix86+x86_64 2.3-1 11.00 186.00 197.00 OK
r-release-osx-x86_64 2.3-1 OK
r-oldrel-windows-ix86+x86_64 2.3-1 17.00 143.00 160.00 OK

Check Details

Version: 2.3-1
Check: for code/documentation mismatches
Result: WARN
    Codoc mismatches from documentation object 'plotLA':
    plotLA
     Code: function(model, together = FALSE, sex = NULL, axes = TRUE,
     same.limits = TRUE, between = list(x = axes, y =
     axes), ylim = NULL, bands = 1, main = "", xlab = "",
     ylab = "", cex.main = 1.2, cex.lab = 1, cex.axis =
     0.8, cex.strip = 0.8, col.strip = "gray95", strip =
     strip.custom(bg = col.strip), las = 1, tck = 0,
     tick.number = 5, lty.grid = 3, col.grid = "gray", pch
     = 16, cex.points = 0.5, col.points = "black",
     lty.lines = 1, lwd.lines = 4, col.lines = c("red",
     "blue"), lty.bands = 2 * !together, lwd.bands = 1,
     col.bands = "black", plot = TRUE, ...)
     Docs: function(model, together = FALSE, sex = NULL, axes = TRUE,
     same.limits = TRUE, between = list(x = axes, y =
     axes), ylim = NULL, bands = 1, main = "", xlab = "",
     ylab = "", cex.main = 1.2, cex.lab = 1, cex.axis =
     0.8, cex.strip = 0.8, col.strip = "gray95", strip =
     strip.custom(bg = col.strip), las = 1, tck = 0,
     tick.number = 5, lty.grid = 3, col.grid = "gray", pch
     = 16, cex.points = 0.5, col.points = "black",
     lty.lines = 1, lwd.lines = 4, col.lines = c("red",
     "blue"), lty.bands = 2 * (!together), lwd.bands = 1,
     col.bands = "black", plot = TRUE, ...)
     Mismatches in argument default values:
     Name: 'lty.bands' Code: 2 * !together Docs: 2 * (!together)
Flavors: r-devel-linux-x86_64-debian-clang, r-devel-linux-x86_64-debian-gcc, r-devel-linux-x86_64-fedora-clang, r-devel-linux-x86_64-fedora-gcc, r-devel-windows-ix86+x86_64, r-patched-linux-x86_64, r-patched-solaris-x86

Version: 2.3-1
Check: installed package size
Result: NOTE
     installed size is 5.0Mb
     sub-directories of 1Mb or more:
     doc 1.4Mb
     example 2.7Mb
Flavor: r-patched-solaris-x86