CRAN Package Check Results for Package scape

Last updated on 2014-04-24 17:49:53.

Flavor Version Tinstall Tcheck Ttotal Status Flags
r-devel-linux-x86_64-debian-clang 2.2-0 2.04 50.33 52.37 OK
r-devel-linux-x86_64-debian-gcc 2.2-0 2.02 50.06 52.09 OK
r-devel-linux-x86_64-fedora-clang 2.2-0 112.65 OK
r-devel-linux-x86_64-fedora-gcc 2.2-0 109.86 OK
r-devel-osx-x86_64-clang 2.2-0 94.01 OK
r-devel-osx-x86_64-gcc 2.2-0 ERROR
r-devel-windows-ix86+x86_64 2.2-0 6.00 71.00 77.00 OK
r-patched-linux-x86_64 2.2-0 2.06 51.67 53.72 OK
r-patched-solaris-sparc 2.2-0 503.70 OK
r-patched-solaris-x86 2.2-0 127.50 OK
r-release-linux-ix86 2.2-0 4.00 84.00 88.00 OK
r-release-linux-x86_64 2.2-0 2.04 50.93 52.96 OK
r-release-osx-x86_64-mavericks 2.2-0 WARN
r-release-osx-x86_64-snowleopard 2.2-0 OK
r-release-windows-ix86+x86_64 2.2-0 6.00 80.00 86.00 OK
r-oldrel-windows-ix86+x86_64 2.2-0 7.00 77.00 84.00 OK

Check Details

Version: 2.2-0
Check: package dependencies
Result: ERROR
    Package required but not available: ‘Hmisc’
    
    See the information on DESCRIPTION files in the chapter ‘Creating R
    packages’ of the ‘Writing R Extensions’ manual.
Flavor: r-devel-osx-x86_64-gcc

Version: 2.2-0
Check: PDF version of manual
Result: WARNING
    LaTeX errors when creating PDF version.
    This typically indicates Rd problems.
    LaTeX errors found:
    ! LaTeX Error: File `upquote.sty' not found.
    
    Type X to quit or <RETURN> to proceed,
    or enter new name. (Default extension: sty)
    
    531a8da/Rd2.tex:8: ==> Fatal error occurred, no output PDF file produced!
Flavor: r-release-osx-x86_64-mavericks