CRAN Package Check Results for Package scape

Last updated on 2015-08-05 03:48:20.

Flavor Version Tinstall Tcheck Ttotal Status Flags
r-devel-linux-x86_64-debian-clang 2.2-0 2.17 51.83 54.00 NOTE
r-devel-linux-x86_64-debian-gcc 2.2-0 2.07 52.34 54.41 NOTE
r-devel-linux-x86_64-fedora-clang 2.2-0 107.49 NOTE
r-devel-linux-x86_64-fedora-gcc 2.2-0 102.62 NOTE
r-devel-osx-x86_64-clang 2.2-0 90.54 OK
r-devel-windows-ix86+x86_64 2.2-0 14.00 140.00 154.00 NOTE
r-patched-linux-x86_64 2.2-0 2.22 50.28 52.49 OK
r-patched-solaris-sparc 2.2-0 603.70 OK
r-patched-solaris-x86 2.2-0 130.70 OK
r-release-linux-x86_64 2.2-0 2.32 52.04 54.36 OK
r-release-osx-x86_64-mavericks 2.2-0 OK
r-release-windows-ix86+x86_64 2.2-0 13.00 85.00 98.00 OK
r-oldrel-windows-ix86+x86_64 2.2-0 19.00 139.00 158.00 OK

Check Details

Version: 2.2-0
Check: R code for possible problems
Result: NOTE
    importCol: no visible global function definition for ‘packageVersion’
    importMCMC : getL: no visible global function definition for
     ‘read.table’
    importMCMC : getP: no visible global function definition for
     ‘read.table’
    importMCMC : getB: no visible global function definition for
     ‘read.table’
    importMCMC : getR: no visible global function definition for
     ‘read.table’
    importProj : getPolicies: no visible global function definition for
     ‘read.table’
    importProj : getYears: no visible global function definition for
     ‘read.table’
    importProj : getB: no visible global function definition for
     ‘read.table’
    importProj : getY: no visible global function definition for
     ‘read.table’
    iterate : summaryN: no visible binding for global variable ‘median’
    iterate : summarySigmaI: no visible binding for global variable
     ‘median’
    plotLA: no visible global function definition for ‘aggregate’
    plotN: no visible global function definition for ‘aggregate’
    Undefined global functions or variables:
     aggregate median packageVersion read.table
    Consider adding
     importFrom("stats", "aggregate", "median")
     importFrom("utils", "packageVersion", "read.table")
    to your NAMESPACE.
Flavors: r-devel-linux-x86_64-debian-clang, r-devel-linux-x86_64-debian-gcc, r-devel-linux-x86_64-fedora-clang, r-devel-linux-x86_64-fedora-gcc, r-devel-windows-ix86+x86_64