CRAN Package Check Results for Package scape

Last updated on 2016-05-05 23:50:11.

Flavor Version Tinstall Tcheck Ttotal Status Flags
r-devel-linux-x86_64-debian-gcc 2.2-0 3.82 65.23 69.05 NOTE
r-devel-linux-x86_64-fedora-clang 2.2-0 134.24 NOTE
r-devel-linux-x86_64-fedora-gcc 2.2-0 128.43 NOTE
r-devel-osx-x86_64-clang 2.2-0 136.96 NOTE
r-devel-windows-ix86+x86_64 2.2-0 10.00 123.00 133.00 NOTE
r-patched-linux-x86_64 2.2-0 3.96 62.91 66.87 NOTE
r-patched-solaris-sparc 2.2-0 486.80 NOTE
r-patched-solaris-x86 2.2-0 165.90 NOTE
r-release-linux-x86_64 2.2-0 3.70 63.41 67.11 NOTE
r-release-osx-x86_64-mavericks 2.2-0 OK
r-release-windows-ix86+x86_64 2.2-0 10.00 123.00 133.00 NOTE
r-oldrel-windows-ix86+x86_64 2.2-0 18.00 121.00 139.00 OK

Check Details

Version: 2.2-0
Check: R code for possible problems
Result: NOTE
    importCol: no visible global function definition for ‘packageVersion’
    importMCMC : getL: no visible global function definition for
     ‘read.table’
    importMCMC : getP: no visible global function definition for
     ‘read.table’
    importMCMC : getB: no visible global function definition for
     ‘read.table’
    importMCMC : getR: no visible global function definition for
     ‘read.table’
    importProj : getPolicies: no visible global function definition for
     ‘read.table’
    importProj : getYears: no visible global function definition for
     ‘read.table’
    importProj : getB: no visible global function definition for
     ‘read.table’
    importProj : getY: no visible global function definition for
     ‘read.table’
    iterate : summaryN: no visible binding for global variable ‘median’
    iterate : summarySigmaI: no visible binding for global variable
     ‘median’
    plotLA: no visible global function definition for ‘aggregate’
    plotN: no visible global function definition for ‘aggregate’
    Undefined global functions or variables:
     aggregate median packageVersion read.table
    Consider adding
     importFrom("stats", "aggregate", "median")
     importFrom("utils", "packageVersion", "read.table")
    to your NAMESPACE file.
Flavors: r-devel-linux-x86_64-debian-gcc, r-devel-linux-x86_64-fedora-clang, r-devel-linux-x86_64-fedora-gcc, r-devel-osx-x86_64-clang, r-devel-windows-ix86+x86_64, r-patched-linux-x86_64, r-patched-solaris-sparc, r-patched-solaris-x86, r-release-linux-x86_64, r-release-windows-ix86+x86_64