CRAN Package Check Results for Package scape

Last updated on 2016-07-29 11:49:52.

Flavor Version Tinstall Tcheck Ttotal Status Flags
r-devel-linux-x86_64-debian-clang 2.2-0 3.90 66.10 70.00 NOTE
r-devel-linux-x86_64-debian-gcc 2.2-0 4.37 63.89 68.26 NOTE
r-devel-linux-x86_64-fedora-clang 2.2-0 149.23 NOTE
r-devel-linux-x86_64-fedora-gcc 2.2-0 131.62 NOTE
r-devel-osx-x86_64-clang 2.2-0 104.89 NOTE
r-devel-windows-ix86+x86_64 2.2-0 16.00 131.00 147.00 NOTE
r-patched-linux-x86_64 2.2-0 4.17 71.83 76.00 NOTE
r-patched-solaris-sparc 2.2-0 763.70 NOTE
r-patched-solaris-x86 2.2-0 162.50 NOTE
r-release-linux-x86_64 2.2-0 5.05 73.19 78.24 NOTE
r-release-osx-x86_64-mavericks 2.2-0 NOTE
r-release-windows-ix86+x86_64 2.2-0 15.00 130.00 145.00 NOTE
r-oldrel-windows-ix86+x86_64 2.2-0 18.00 183.00 201.00 OK

Check Details

Version: 2.2-0
Check: R code for possible problems
Result: NOTE
    importCol: no visible global function definition for ‘packageVersion’
    importMCMC : getL: no visible global function definition for
     ‘read.table’
    importMCMC : getP: no visible global function definition for
     ‘read.table’
    importMCMC : getB: no visible global function definition for
     ‘read.table’
    importMCMC : getR: no visible global function definition for
     ‘read.table’
    importProj : getPolicies: no visible global function definition for
     ‘read.table’
    importProj : getYears: no visible global function definition for
     ‘read.table’
    importProj : getB: no visible global function definition for
     ‘read.table’
    importProj : getY: no visible global function definition for
     ‘read.table’
    iterate : summaryN: no visible binding for global variable ‘median’
    iterate : summarySigmaI: no visible binding for global variable
     ‘median’
    plotLA: no visible global function definition for ‘aggregate’
    plotN: no visible global function definition for ‘aggregate’
    Undefined global functions or variables:
     aggregate median packageVersion read.table
    Consider adding
     importFrom("stats", "aggregate", "median")
     importFrom("utils", "packageVersion", "read.table")
    to your NAMESPACE file.
Flavors: r-devel-linux-x86_64-debian-clang, r-devel-linux-x86_64-debian-gcc, r-devel-linux-x86_64-fedora-clang, r-devel-linux-x86_64-fedora-gcc, r-devel-osx-x86_64-clang, r-devel-windows-ix86+x86_64, r-patched-linux-x86_64, r-patched-solaris-sparc, r-patched-solaris-x86, r-release-linux-x86_64, r-release-osx-x86_64-mavericks, r-release-windows-ix86+x86_64