CRAN Package Check Results for Package scape

Last updated on 2016-09-29 09:48:38.

Flavor Version Tinstall Tcheck Ttotal Status Flags
r-devel-linux-x86_64-debian-clang 2.2-0 3.48 61.29 64.76 NOTE
r-devel-linux-x86_64-debian-gcc 2.2-0 3.42 60.08 63.49 NOTE
r-devel-linux-x86_64-fedora-clang 2.2-0 134.76 NOTE
r-devel-linux-x86_64-fedora-gcc 2.2-0 127.87 NOTE
r-devel-macos-x86_64-clang 2.2-0 98.01 NOTE
r-devel-windows-ix86+x86_64 2.2-0 18.00 148.00 166.00 NOTE
r-patched-linux-x86_64 2.2-0 3.65 60.11 63.76 NOTE
r-patched-solaris-sparc 2.2-0 763.70 NOTE
r-patched-solaris-x86 2.2-0 160.20 NOTE
r-release-linux-x86_64 2.2-0 3.68 62.92 66.60 NOTE
r-release-osx-x86_64-mavericks 2.2-0 NOTE
r-release-windows-ix86+x86_64 2.2-0 16.00 155.00 171.00 NOTE
r-oldrel-windows-ix86+x86_64 2.2-0 16.00 165.00 181.00 OK

Check Details

Version: 2.2-0
Check: R code for possible problems
Result: NOTE
    importCol: no visible global function definition for ‘packageVersion’
    importMCMC : getL: no visible global function definition for
     ‘read.table’
    importMCMC : getP: no visible global function definition for
     ‘read.table’
    importMCMC : getB: no visible global function definition for
     ‘read.table’
    importMCMC : getR: no visible global function definition for
     ‘read.table’
    importProj : getPolicies: no visible global function definition for
     ‘read.table’
    importProj : getYears: no visible global function definition for
     ‘read.table’
    importProj : getB: no visible global function definition for
     ‘read.table’
    importProj : getY: no visible global function definition for
     ‘read.table’
    iterate : summaryN: no visible binding for global variable ‘median’
    iterate : summarySigmaI: no visible binding for global variable
     ‘median’
    plotLA: no visible global function definition for ‘aggregate’
    plotN: no visible global function definition for ‘aggregate’
    Undefined global functions or variables:
     aggregate median packageVersion read.table
    Consider adding
     importFrom("stats", "aggregate", "median")
     importFrom("utils", "packageVersion", "read.table")
    to your NAMESPACE file.
Flavors: r-devel-linux-x86_64-debian-clang, r-devel-linux-x86_64-debian-gcc, r-devel-linux-x86_64-fedora-clang, r-devel-linux-x86_64-fedora-gcc, r-devel-macos-x86_64-clang, r-devel-windows-ix86+x86_64, r-patched-linux-x86_64, r-patched-solaris-sparc, r-patched-solaris-x86, r-release-linux-x86_64, r-release-osx-x86_64-mavericks, r-release-windows-ix86+x86_64