CRAN Package Check Results for Package scape

Last updated on 2015-05-28 05:47:03.

Flavor Version Tinstall Tcheck Ttotal Status Flags
r-devel-linux-x86_64-debian-clang 2.2-0 2.16 51.53 53.69 OK
r-devel-linux-x86_64-debian-gcc 2.2-0 2.34 50.10 52.44 OK
r-devel-linux-x86_64-fedora-clang 2.2-0 106.36 OK
r-devel-linux-x86_64-fedora-gcc 2.2-0 101.09 OK
r-devel-osx-x86_64-clang 2.2-0 95.72 OK
r-devel-windows-ix86+x86_64 2.2-0 9.00 74.00 83.00 OK
r-patched-linux-x86_64 2.2-0 2.06 49.79 51.85 OK
r-patched-solaris-sparc 2.2-0 601.50 OK
r-patched-solaris-x86 2.2-0 127.90 OK
r-release-linux-x86_64 2.2-0 2.05 50.53 52.58 OK
r-release-osx-x86_64-mavericks 2.2-0 OK
r-release-osx-x86_64-snowleopard 2.2-0 ERROR
r-release-windows-ix86+x86_64 2.2-0 9.00 79.00 88.00 OK
r-oldrel-windows-ix86+x86_64 2.2-0 18.00 124.00 142.00 OK

Check Details

Version: 2.2-0
Check: package dependencies
Result: ERROR
    Package required but not available: ‘Hmisc’
    
    See section ‘The DESCRIPTION file’ in the ‘Writing R Extensions’
    manual.
Flavor: r-release-osx-x86_64-snowleopard