CRAN Package Check Results for Package scape

Last updated on 2017-02-20 22:59:22.

Flavor Version Tinstall Tcheck Ttotal Status Flags
r-devel-linux-x86_64-debian-clang 2.2-0 3.72 71.83 75.55 NOTE
r-devel-linux-x86_64-debian-gcc 2.2-0 4.17 70.43 74.61 NOTE
r-devel-linux-x86_64-fedora-clang 2.2-0 153.97 NOTE --no-stop-on-test-error
r-devel-linux-x86_64-fedora-gcc 2.2-0 155.19 NOTE --no-stop-on-test-error
r-devel-macos-x86_64-clang 2.2-0 120.20 NOTE --no-stop-on-test-error
r-devel-windows-ix86+x86_64 2.2-0 25.00 128.00 153.00 NOTE
r-patched-linux-x86_64 2.2-0 3.96 67.68 71.64 NOTE
r-patched-solaris-sparc 2.2-0 800.80 NOTE
r-patched-solaris-x86 2.2-0 174.20 NOTE
r-release-linux-x86_64 2.2-0 3.83 66.23 70.06 NOTE
r-release-osx-x86_64-mavericks 2.2-0 NOTE
r-release-windows-ix86+x86_64 2.2-0 19.00 125.00 144.00 NOTE
r-oldrel-windows-ix86+x86_64 2.2-0 14.00 143.00 157.00 OK

Check Details

Version: 2.2-0
Check: R code for possible problems
Result: NOTE
    importCol: no visible global function definition for ‘packageVersion’
    importMCMC : getL: no visible global function definition for
     ‘read.table’
    importMCMC : getP: no visible global function definition for
     ‘read.table’
    importMCMC : getB: no visible global function definition for
     ‘read.table’
    importMCMC : getR: no visible global function definition for
     ‘read.table’
    importProj : getPolicies: no visible global function definition for
     ‘read.table’
    importProj : getYears: no visible global function definition for
     ‘read.table’
    importProj : getB: no visible global function definition for
     ‘read.table’
    importProj : getY: no visible global function definition for
     ‘read.table’
    iterate : summaryN: no visible binding for global variable ‘median’
    iterate : summarySigmaI: no visible binding for global variable
     ‘median’
    plotLA: no visible global function definition for ‘aggregate’
    plotN: no visible global function definition for ‘aggregate’
    Undefined global functions or variables:
     aggregate median packageVersion read.table
    Consider adding
     importFrom("stats", "aggregate", "median")
     importFrom("utils", "packageVersion", "read.table")
    to your NAMESPACE file.
Flavors: r-devel-linux-x86_64-debian-clang, r-devel-linux-x86_64-debian-gcc, r-devel-windows-ix86+x86_64, r-patched-linux-x86_64, r-patched-solaris-sparc, r-patched-solaris-x86, r-release-linux-x86_64, r-release-osx-x86_64-mavericks, r-release-windows-ix86+x86_64

Version: 2.2-0
Flags: --no-stop-on-test-error
Check: R code for possible problems
Result: NOTE
    importCol: no visible global function definition for ‘packageVersion’
    importMCMC : getL: no visible global function definition for
     ‘read.table’
    importMCMC : getP: no visible global function definition for
     ‘read.table’
    importMCMC : getB: no visible global function definition for
     ‘read.table’
    importMCMC : getR: no visible global function definition for
     ‘read.table’
    importProj : getPolicies: no visible global function definition for
     ‘read.table’
    importProj : getYears: no visible global function definition for
     ‘read.table’
    importProj : getB: no visible global function definition for
     ‘read.table’
    importProj : getY: no visible global function definition for
     ‘read.table’
    iterate : summaryN: no visible binding for global variable ‘median’
    iterate : summarySigmaI: no visible binding for global variable
     ‘median’
    plotLA: no visible global function definition for ‘aggregate’
    plotN: no visible global function definition for ‘aggregate’
    Undefined global functions or variables:
     aggregate median packageVersion read.table
    Consider adding
     importFrom("stats", "aggregate", "median")
     importFrom("utils", "packageVersion", "read.table")
    to your NAMESPACE file.
Flavors: r-devel-linux-x86_64-fedora-clang, r-devel-linux-x86_64-fedora-gcc, r-devel-macos-x86_64-clang