CRAN Package Check Results for Package scape

Last updated on 2016-02-10 23:47:07.

Flavor Version Tinstall Tcheck Ttotal Status Flags
r-devel-linux-x86_64-debian-gcc 2.2-0 1.92 41.03 42.96 NOTE
r-devel-linux-x86_64-fedora-clang 2.2-0 86.56 NOTE
r-devel-linux-x86_64-fedora-gcc 2.2-0 82.68 NOTE
r-devel-osx-x86_64-clang 2.2-0 91.96 NOTE
r-devel-windows-ix86+x86_64 2.2-0 11.00 75.00 86.00 NOTE
r-patched-linux-x86_64 2.2-0 2.14 49.90 52.04 OK
r-patched-solaris-sparc 2.2-0 554.00 OK
r-patched-solaris-x86 2.2-0 113.10 OK
r-release-linux-x86_64 2.2-0 2.20 50.80 53.01 OK
r-release-osx-x86_64-mavericks 2.2-0 OK
r-release-windows-ix86+x86_64 2.2-0 13.00 103.00 116.00 OK
r-oldrel-windows-ix86+x86_64 2.2-0 21.00 128.00 149.00 OK

Check Details

Version: 2.2-0
Check: R code for possible problems
Result: NOTE
    importCol: no visible global function definition for ‘packageVersion’
    importMCMC : getL: no visible global function definition for
     ‘read.table’
    importMCMC : getP: no visible global function definition for
     ‘read.table’
    importMCMC : getB: no visible global function definition for
     ‘read.table’
    importMCMC : getR: no visible global function definition for
     ‘read.table’
    importProj : getPolicies: no visible global function definition for
     ‘read.table’
    importProj : getYears: no visible global function definition for
     ‘read.table’
    importProj : getB: no visible global function definition for
     ‘read.table’
    importProj : getY: no visible global function definition for
     ‘read.table’
    iterate : summaryN: no visible binding for global variable ‘median’
    iterate : summarySigmaI: no visible binding for global variable
     ‘median’
    plotLA: no visible global function definition for ‘aggregate’
    plotN: no visible global function definition for ‘aggregate’
    Undefined global functions or variables:
     aggregate median packageVersion read.table
    Consider adding
     importFrom("stats", "aggregate", "median")
     importFrom("utils", "packageVersion", "read.table")
    to your NAMESPACE file.
Flavors: r-devel-linux-x86_64-debian-gcc, r-devel-linux-x86_64-fedora-clang, r-devel-linux-x86_64-fedora-gcc, r-devel-osx-x86_64-clang, r-devel-windows-ix86+x86_64