CRAN Package Check Results for Package scapeMCMC

Last updated on 2014-04-20 15:46:59.

Flavor Version Tinstall Tcheck Ttotal Status Flags
r-devel-linux-x86_64-debian-clang 1.1-3 1.51 21.26 22.76 NOTE
r-devel-linux-x86_64-debian-gcc 1.1-3 1.48 22.00 23.48 NOTE
r-devel-linux-x86_64-fedora-clang 1.1-3 53.19 NOTE
r-devel-linux-x86_64-fedora-gcc 1.1-3 51.63 NOTE
r-devel-macosx-x86_64-clang 1.1-3 43.78 NOTE
r-devel-macosx-x86_64-gcc 1.1-3 NOTE
r-devel-windows-ix86+x86_64 1.1-3 5.00 35.00 40.00 NOTE
r-patched-linux-x86_64 1.1-3 1.46 21.73 23.19 NOTE
r-patched-solaris-sparc 1.1-3 243.60 NOTE
r-patched-solaris-x86 1.1-3 60.90 NOTE
r-release-linux-ix86 NOTE
r-release-linux-x86_64 1.1-3 1.48 21.61 23.10 NOTE
r-release-macosx-x86_64 1.1-3 NOTE
r-release-windows-ix86+x86_64 1.1-3 7.00 36.00 43.00 NOTE
r-oldrel-windows-ix86+x86_64 1.1-3 5.00 43.00 48.00 NOTE

Check Details

Version: 1.1-3
Check: for old-style vignette sources
Result: NOTE
    Vignette sources only in ‘inst/doc’:
     ‘dsc-vignette.Rnw’, ‘gallery.Rnw’
    A ‘vignettes’ directory is required as from R 3.1.0
    and these will not be indexed nor checked
Flavors: r-devel-linux-x86_64-debian-clang, r-devel-linux-x86_64-debian-gcc, r-devel-linux-x86_64-fedora-clang, r-devel-linux-x86_64-fedora-gcc, r-devel-macosx-x86_64-clang, r-devel-macosx-x86_64-gcc, r-devel-windows-ix86+x86_64, r-patched-linux-x86_64, r-patched-solaris-sparc, r-patched-solaris-x86, r-release-linux-ix86, r-release-linux-x86_64, r-release-macosx-x86_64, r-release-windows-ix86+x86_64

Version: 1.1-3
Check: Rd cross-references
Result: NOTE
    Package unavailable to check Rd xrefs: ‘scape’
Flavor: r-devel-macosx-x86_64-gcc

Version: 1.1-3
Check: for old-style vignette sources
Result: NOTE
    Vignette sources only in 'inst/doc':
     'dsc-vignette.Rnw', 'gallery.Rnw'
    A 'vignettes' directory will be required as from R 3.1.0
Flavor: r-oldrel-windows-ix86+x86_64