CRAN Package Check Results for Package scaper

Last updated on 2024-06-13 01:58:05 CEST.

Flavor Version Tinstall Tcheck Ttotal Status Flags
r-devel-linux-x86_64-debian-clang 0.1.0 24.27 260.30 284.57 OK
r-devel-linux-x86_64-debian-gcc 0.1.0 0.37 1.88 2.25 ERROR
r-devel-linux-x86_64-fedora-clang 0.1.0 380.97 OK
r-devel-linux-x86_64-fedora-gcc 0.1.0 356.96 OK
r-devel-windows-x86_64 0.1.0 22.00 211.00 233.00 OK
r-patched-linux-x86_64 0.1.0 24.32 253.75 278.07 OK
r-release-linux-x86_64 0.1.0 17.19 250.55 267.74 OK
r-release-macos-arm64 0.1.0 96.00 OK
r-release-macos-x86_64 0.1.0 172.00 OK
r-release-windows-x86_64 0.1.0 24.00 211.00 235.00 OK
r-oldrel-macos-arm64 0.1.0 93.00 OK
r-oldrel-macos-x86_64 0.1.0 178.00 OK
r-oldrel-windows-x86_64 0.1.0 31.00 247.00 278.00 OK

Check Details

Version: 0.1.0
Check: package dependencies
Result: ERROR Packages required but not available: 'stringr', 'dplyr', 'Seurat' Package suggested but not available for checking: ‘usethis’ See section ‘The DESCRIPTION file’ in the ‘Writing R Extensions’ manual. Flavor: r-devel-linux-x86_64-debian-gcc