CRAN Package Check Results for Package scholar

Last updated on 2015-01-31 09:57:31.

Flavor Version Tinstall Tcheck Ttotal Status Flags
r-devel-linux-x86_64-debian-clang 0.1.2 1.28 22.46 23.75 ERROR
r-devel-linux-x86_64-debian-gcc 0.1.2 1.28 25.44 26.72 OK
r-devel-linux-x86_64-fedora-clang 0.1.2 46.57 OK
r-devel-linux-x86_64-fedora-gcc 0.1.2 43.75 OK
r-devel-osx-x86_64-clang 0.1.2 55.46 OK
r-devel-windows-ix86+x86_64 0.1.2 7.00 34.00 41.00 OK
r-patched-linux-x86_64 0.1.2 1.86 31.34 33.20 OK
r-patched-solaris-sparc 0.1.2 283.10 OK
r-patched-solaris-x86 0.1.2 68.30 OK
r-release-linux-ix86 0.1.2 2.20 37.91 40.11 OK
r-release-linux-x86_64 0.1.2 1.81 32.53 34.34 OK
r-release-osx-x86_64-mavericks 0.1.2 OK
r-release-osx-x86_64-snowleopard 0.1.2 OK
r-release-windows-ix86+x86_64 0.1.2 6.00 46.00 52.00 OK
r-oldrel-windows-ix86+x86_64 0.1.2 7.00 56.00 63.00 ERROR

Check Details

Version: 0.1.2
Check: examples
Result: ERROR
    Running examples in ‘scholar-Ex.R’ failed
    The error most likely occurred in:
    
    > ### Name: get_profile
    > ### Title: Gets profile information for a scholar
    > ### Aliases: get_profile
    >
    > ### ** Examples
    >
    > {
    + ## Gets profiles of some famous physicists
    + ids <- c("xJaxiEEAAAAJ", "qj74uXkAAAAJ")
    + profiles <- lapply(ids, get_profile)
    + }
    Error in tables[[1]] : subscript out of bounds
    Calls: lapply -> FUN
    Execution halted
Flavor: r-devel-linux-x86_64-debian-clang

Version: 0.1.2
Check: examples
Result: ERROR
    Running examples in 'scholar-Ex.R' failed
    The error most likely occurred in:
    
    > ### Name: compare_scholar_careers
    > ### Title: Compare the careers of multiple scholars
    > ### Aliases: compare_scholar_careers
    >
    > ### ** Examples
    >
    > {
    + ## How do Richard Feynmann and Isaac Newton compare?
    + ids <- c("B7vSqZsAAAAJ", "xJaxiEEAAAAJ")
    + df <- compare_scholar_careers(ids)
    + }
    Error in tables[[1]] : subscript out of bounds
    Calls: compare_scholar_careers -> lapply -> FUN
    Execution halted
Flavor: r-oldrel-windows-ix86+x86_64