CRAN Package Check Results for Package scholar

Last updated on 2015-05-22 17:46:50.

Flavor Version Tinstall Tcheck Ttotal Status Flags
r-devel-linux-x86_64-debian-clang 0.1.2 1.35 27.73 29.08 OK
r-devel-linux-x86_64-debian-gcc 0.1.2 1.28 28.23 29.50 OK
r-devel-linux-x86_64-fedora-clang 0.1.2 39.37 OK
r-devel-linux-x86_64-fedora-gcc 0.1.2 36.63 OK
r-devel-osx-x86_64-clang 0.1.2 47.33 OK
r-devel-windows-ix86+x86_64 0.1.2 7.00 35.00 42.00 OK
r-patched-linux-x86_64 0.1.2 1.26 28.22 29.48 OK
r-patched-solaris-sparc 0.1.2 228.60 OK
r-patched-solaris-x86 0.1.2 56.60 OK
r-release-linux-x86_64 0.1.2 1.30 29.62 30.92 OK
r-release-osx-x86_64-mavericks 0.1.2 OK
r-release-osx-x86_64-snowleopard 0.1.2 ERROR
r-release-windows-ix86+x86_64 0.1.2 4.00 39.00 43.00 OK
r-oldrel-windows-ix86+x86_64 0.1.2 7.00 47.00 54.00 OK

Check Details

Version: 0.1.2
Check: package dependencies
Result: ERROR
    Package required but not available: ‘XML’
    
    See section ‘The DESCRIPTION file’ in the ‘Writing R Extensions’
    manual.
Flavor: r-release-osx-x86_64-snowleopard