CRAN Package Check Results for Package scholar

Last updated on 2014-04-24 23:48:12.

Flavor Version Tinstall Tcheck Ttotal Status Flags
r-devel-linux-x86_64-debian-clang 0.1.1 1.93 38.95 40.88 OK
r-devel-linux-x86_64-debian-gcc 0.1.1 2.05 38.60 40.64 OK
r-devel-linux-x86_64-fedora-clang 0.1.1 52.22 OK
r-devel-linux-x86_64-fedora-gcc 0.1.1 51.35 OK
r-devel-osx-x86_64-clang 0.1.1 60.65 OK
r-devel-osx-x86_64-gcc 0.1.1 ERROR
r-devel-windows-ix86+x86_64 0.1.1 6.00 50.00 56.00 OK
r-patched-linux-x86_64 0.1.1 1.92 36.94 38.86 OK
r-patched-solaris-sparc 0.1.1 288.90 OK
r-patched-solaris-x86 0.1.1 68.20 OK
r-release-linux-ix86 0.1.1 3.00 56.00 59.00 OK
r-release-linux-x86_64 0.1.1 1.92 34.79 36.72 OK
r-release-osx-x86_64-mavericks 0.1.1 WARN
r-release-osx-x86_64-snowleopard 0.1.1 OK
r-release-windows-ix86+x86_64 0.1.1 6.00 51.00 57.00 OK
r-oldrel-windows-ix86+x86_64 0.1.1 6.00 53.00 59.00 OK

Check Details

Version: 0.1.1
Check: package dependencies
Result: ERROR
    Package required but not available: ‘XML’
    
    See the information on DESCRIPTION files in the chapter ‘Creating R
    packages’ of the ‘Writing R Extensions’ manual.
Flavor: r-devel-osx-x86_64-gcc

Version: 0.1.1
Check: PDF version of manual
Result: WARNING
    LaTeX errors when creating PDF version.
    This typically indicates Rd problems.
    LaTeX errors found:
    ! LaTeX Error: File `upquote.sty' not found.
    
    Type X to quit or <RETURN> to proceed,
    or enter new name. (Default extension: sty)
    
    75318e1/Rd2.tex:8: ==> Fatal error occurred, no output PDF file produced!
Flavor: r-release-osx-x86_64-mavericks