CRAN Package Check Results for Package schoolmath

Last updated on 2014-12-20 23:47:27.

Flavor Version Tinstall Tcheck Ttotal Status Flags
r-devel-linux-x86_64-debian-clang 0.4 0.68 11.22 11.89 NOTE
r-devel-linux-x86_64-debian-gcc 0.4 2.64 11.44 14.08 NOTE
r-devel-linux-x86_64-fedora-clang 0.4 25.36 NOTE
r-devel-linux-x86_64-fedora-gcc 0.4 23.24 NOTE
r-devel-osx-x86_64-clang 0.4 25.52 NOTE
r-devel-windows-ix86+x86_64 0.4 5.00 18.00 23.00 NOTE
r-patched-linux-x86_64 0.4 0.72 11.27 11.99 NOTE
r-patched-solaris-sparc 0.4 142.30 NOTE
r-patched-solaris-x86 0.4 34.90 NOTE
r-release-linux-ix86 0.4 0.96 17.33 18.29 NOTE
r-release-linux-x86_64 0.4 0.66 11.14 11.81 NOTE
r-release-osx-x86_64-mavericks 0.4 NOTE
r-release-windows-ix86+x86_64 0.4 2.00 24.00 26.00 NOTE
r-oldrel-windows-ix86+x86_64 0.4 2.00 19.00 21.00 NOTE

Check Details

Version: 0.4
Check: R code for possible problems
Result: NOTE
    prime.factor: no visible binding for global variable ‘primlist’
    
    Found the following calls to data() loading into the global environment:
    File ‘schoolmath/R/prime.factor.R’:
     data(primlist)
    See section ‘Good practice’ in ‘?data’.
Flavors: r-devel-linux-x86_64-debian-clang, r-devel-linux-x86_64-debian-gcc, r-devel-linux-x86_64-fedora-clang, r-devel-osx-x86_64-clang, r-patched-linux-x86_64, r-release-linux-ix86, r-release-linux-x86_64

Version: 0.4
Check: R code for possible problems
Result: NOTE
    prime.factor: no visible binding for global variable ‘primlist’
Flavors: r-devel-linux-x86_64-fedora-gcc, r-devel-windows-ix86+x86_64, r-patched-solaris-sparc, r-patched-solaris-x86, r-release-osx-x86_64-mavericks, r-release-windows-ix86+x86_64, r-oldrel-windows-ix86+x86_64