CRAN Package Check Results for Package schoolmath

Last updated on 2015-04-27 21:46:46.

Flavor Version Tinstall Tcheck Ttotal Status Flags
r-devel-linux-x86_64-debian-clang 0.4 0.64 10.92 11.56 NOTE
r-devel-linux-x86_64-debian-gcc 0.4 0.62 10.94 11.56 NOTE
r-devel-linux-x86_64-fedora-clang 0.4 22.01 NOTE
r-devel-linux-x86_64-fedora-gcc 0.4 20.49 NOTE
r-devel-osx-x86_64-clang 0.4 24.56 NOTE
r-devel-windows-ix86+x86_64 0.4 3.00 19.00 22.00 NOTE
r-patched-linux-x86_64 0.4 0.70 10.91 11.61 NOTE
r-patched-solaris-sparc 0.4 136.00 NOTE
r-patched-solaris-x86 0.4 31.10 NOTE
r-release-linux-x86_64 0.4 0.71 11.12 11.83 NOTE
r-release-osx-x86_64-mavericks 0.4 NOTE
r-release-osx-x86_64-snowleopard 0.4 NOTE
r-release-windows-ix86+x86_64 0.4 2.00 20.00 22.00 NOTE
r-oldrel-windows-ix86+x86_64 0.4 4.00 19.00 23.00 NOTE

Check Details

Version: 0.4
Check: DESCRIPTION meta-information
Result: NOTE
    Malformed Description field: should contain one or more complete sentences.
Flavors: r-devel-linux-x86_64-debian-clang, r-devel-linux-x86_64-debian-gcc, r-devel-linux-x86_64-fedora-clang, r-devel-linux-x86_64-fedora-gcc, r-devel-osx-x86_64-clang, r-devel-windows-ix86+x86_64, r-patched-solaris-sparc, r-patched-solaris-x86, r-release-linux-x86_64, r-release-osx-x86_64-mavericks, r-release-osx-x86_64-snowleopard, r-release-windows-ix86+x86_64

Version: 0.4
Check: R code for possible problems
Result: NOTE
    prime.factor: no visible binding for global variable ‘primlist’
    
    Found the following calls to data() loading into the global environment:
    File ‘schoolmath/R/prime.factor.R’:
     data(primlist)
    See section ‘Good practice’ in ‘?data’.
Flavors: r-devel-linux-x86_64-debian-clang, r-devel-linux-x86_64-debian-gcc, r-devel-linux-x86_64-fedora-clang, r-devel-osx-x86_64-clang, r-release-linux-x86_64

Version: 0.4
Check: R code for possible problems
Result: NOTE
    prime.factor: no visible binding for global variable ‘primlist’
Flavors: r-devel-linux-x86_64-fedora-gcc, r-devel-windows-ix86+x86_64, r-patched-solaris-sparc, r-patched-solaris-x86, r-release-osx-x86_64-mavericks, r-release-osx-x86_64-snowleopard, r-release-windows-ix86+x86_64, r-oldrel-windows-ix86+x86_64