CRAN Package Check Results for Package schoolmath

Last updated on 2015-01-29 03:48:43.

Flavor Version Tinstall Tcheck Ttotal Status Flags
r-devel-linux-x86_64-debian-clang 0.4 1.03 11.19 12.22 NOTE
r-devel-linux-x86_64-debian-gcc 0.4 0.64 10.71 11.35 NOTE
r-devel-linux-x86_64-fedora-clang 0.4 24.34 NOTE
r-devel-linux-x86_64-fedora-gcc 0.4 23.35 NOTE
r-devel-osx-x86_64-clang 0.4 26.33 NOTE
r-devel-windows-ix86+x86_64 0.4 3.00 19.00 22.00 NOTE
r-patched-linux-x86_64 0.4 0.93 11.22 12.15 NOTE
r-patched-solaris-sparc 0.4 136.10 NOTE
r-patched-solaris-x86 0.4 34.50 NOTE
r-release-linux-ix86 0.4 0.96 17.32 18.28 NOTE
r-release-linux-x86_64 0.4 0.66 11.60 12.25 NOTE
r-release-osx-x86_64-mavericks 0.4 NOTE
r-release-windows-ix86+x86_64 0.4 2.00 24.00 26.00 NOTE
r-oldrel-windows-ix86+x86_64 0.4 2.00 19.00 21.00 NOTE

Check Details

Version: 0.4
Check: R code for possible problems
Result: NOTE
    prime.factor: no visible binding for global variable ‘primlist’
    
    Found the following calls to data() loading into the global environment:
    File ‘schoolmath/R/prime.factor.R’:
     data(primlist)
    See section ‘Good practice’ in ‘?data’.
Flavors: r-devel-linux-x86_64-debian-clang, r-devel-linux-x86_64-debian-gcc, r-devel-linux-x86_64-fedora-clang, r-devel-osx-x86_64-clang, r-patched-linux-x86_64, r-release-linux-ix86, r-release-linux-x86_64

Version: 0.4
Check: R code for possible problems
Result: NOTE
    prime.factor: no visible binding for global variable ‘primlist’
Flavors: r-devel-linux-x86_64-fedora-gcc, r-devel-windows-ix86+x86_64, r-patched-solaris-sparc, r-patched-solaris-x86, r-release-osx-x86_64-mavericks, r-release-windows-ix86+x86_64, r-oldrel-windows-ix86+x86_64