CRAN Package Check Results for Package schoolmath

Last updated on 2014-04-21 09:48:09.

Flavor Version Tinstall Tcheck Ttotal Status Flags
r-devel-linux-x86_64-debian-clang 0.4 0.65 10.96 11.61 NOTE
r-devel-linux-x86_64-debian-gcc 0.4 0.71 11.03 11.74 NOTE
r-devel-linux-x86_64-fedora-clang 0.4 22.64 NOTE
r-devel-linux-x86_64-fedora-gcc 0.4 21.24 NOTE
r-devel-macosx-x86_64-clang 0.4 25.38 NOTE
r-devel-macosx-x86_64-gcc 0.4 NOTE
r-devel-windows-ix86+x86_64 0.4 2.00 17.00 19.00 NOTE
r-patched-linux-x86_64 0.4 0.66 11.21 11.86 NOTE
r-patched-solaris-sparc 0.4 130.40 NOTE
r-patched-solaris-x86 0.4 32.70 NOTE
r-release-linux-ix86 NOTE
r-release-linux-x86_64 0.4 0.66 10.93 11.59 NOTE
r-release-windows-ix86+x86_64 0.4 4.00 24.00 28.00 NOTE
r-oldrel-windows-ix86+x86_64 0.4 2.00 19.00 21.00 NOTE

Check Details

Version: 0.4
Check: R code for possible problems
Result: NOTE
    prime.factor: no visible binding for global variable ‘primlist’
    
    Found the following calls to data() loading into the global environment:
    File ‘schoolmath/R/prime.factor.R’:
     data(primlist)
    See section ‘Good practice’ in ‘?data’.
Flavors: r-devel-linux-x86_64-debian-clang, r-devel-linux-x86_64-debian-gcc, r-devel-linux-x86_64-fedora-clang, r-devel-macosx-x86_64-clang, r-patched-linux-x86_64, r-release-linux-ix86, r-release-linux-x86_64

Version: 0.4
Check: R code for possible problems
Result: NOTE
    prime.factor: no visible binding for global variable ‘primlist’
Flavors: r-devel-linux-x86_64-fedora-gcc, r-devel-macosx-x86_64-gcc, r-devel-windows-ix86+x86_64, r-patched-solaris-sparc, r-patched-solaris-x86, r-release-windows-ix86+x86_64, r-oldrel-windows-ix86+x86_64