CRAN Package Check Results for Package schoolmath

Last updated on 2014-10-24 09:55:05.

Flavor Version Tinstall Tcheck Ttotal Status Flags
r-devel-linux-x86_64-debian-clang 0.4 0.72 11.32 12.04 NOTE
r-devel-linux-x86_64-debian-gcc 0.4 0.71 11.51 12.22 NOTE
r-devel-linux-x86_64-fedora-clang 0.4 23.39 NOTE
r-devel-linux-x86_64-fedora-gcc 0.4 21.45 NOTE
r-devel-osx-x86_64-clang 0.4 25.93 NOTE
r-devel-windows-ix86+x86_64 0.4 3.00 19.00 22.00 NOTE
r-patched-linux-x86_64 0.4 0.68 11.32 12.00 NOTE
r-patched-solaris-sparc 0.4 142.30 NOTE
r-patched-solaris-x86 0.4 34.10 NOTE
r-release-linux-ix86 0.4 0.94 17.50 18.44 NOTE
r-release-linux-x86_64 0.4 0.67 11.19 11.86 NOTE
r-release-osx-x86_64-mavericks 0.4 NOTE
r-release-windows-ix86+x86_64 0.4 3.00 23.00 26.00 NOTE
r-oldrel-windows-ix86+x86_64 0.4 2.00 19.00 21.00 NOTE

Check Details

Version: 0.4
Check: R code for possible problems
Result: NOTE
    prime.factor: no visible binding for global variable ‘primlist’
    
    Found the following calls to data() loading into the global environment:
    File ‘schoolmath/R/prime.factor.R’:
     data(primlist)
    See section ‘Good practice’ in ‘?data’.
Flavors: r-devel-linux-x86_64-debian-clang, r-devel-linux-x86_64-debian-gcc, r-devel-linux-x86_64-fedora-clang, r-devel-osx-x86_64-clang, r-patched-linux-x86_64, r-release-linux-ix86, r-release-linux-x86_64

Version: 0.4
Check: R code for possible problems
Result: NOTE
    prime.factor: no visible binding for global variable ‘primlist’
Flavors: r-devel-linux-x86_64-fedora-gcc, r-devel-windows-ix86+x86_64, r-patched-solaris-sparc, r-patched-solaris-x86, r-release-osx-x86_64-mavericks, r-release-windows-ix86+x86_64, r-oldrel-windows-ix86+x86_64