CRAN Package Check Results for Package schoolmath

Last updated on 2017-11-21 08:57:48 CET.

Flavor Version Tinstall Tcheck Ttotal Status Flags
r-devel-linux-x86_64-debian-clang 0.4 0.69 12.96 13.65 NOTE
r-devel-linux-x86_64-debian-gcc 0.4 0.69 32.93 33.62 NOTE
r-devel-linux-x86_64-fedora-clang 0.4 21.67 NOTE
r-devel-linux-x86_64-fedora-gcc 0.4 22.50 NOTE
r-devel-windows-ix86+x86_64 0.4 5.00 28.00 33.00 NOTE
r-patched-linux-x86_64 0.4 0.76 13.42 14.18 NOTE
r-patched-solaris-x86 0.4 32.50 NOTE
r-release-linux-x86_64 0.4 0.72 13.55 14.27 NOTE
r-release-windows-ix86+x86_64 0.4 3.00 28.00 31.00 NOTE
r-release-osx-x86_64 0.4 NOTE
r-oldrel-windows-ix86+x86_64 0.4 3.00 26.00 29.00 NOTE
r-oldrel-osx-x86_64 0.4 NOTE

Check Details

Version: 0.4
Check: DESCRIPTION meta-information
Result: NOTE
    Malformed Description field: should contain one or more complete sentences.
Flavors: r-devel-linux-x86_64-debian-clang, r-devel-linux-x86_64-debian-gcc, r-devel-linux-x86_64-fedora-clang, r-devel-linux-x86_64-fedora-gcc, r-devel-windows-ix86+x86_64, r-patched-linux-x86_64, r-patched-solaris-x86, r-release-linux-x86_64, r-release-windows-ix86+x86_64, r-release-osx-x86_64, r-oldrel-windows-ix86+x86_64, r-oldrel-osx-x86_64

Version: 0.4
Check: R code for possible problems
Result: NOTE
    prime.factor: no visible global function definition for ‘data’
    prime.factor: no visible binding for global variable ‘primlist’
    Undefined global functions or variables:
     data primlist
    Consider adding
     importFrom("utils", "data")
    to your NAMESPACE file.
    
    Found the following calls to data() loading into the global environment:
    File ‘schoolmath/R/prime.factor.R’:
     data(primlist)
    See section ‘Good practice’ in ‘?data’.
Flavors: r-devel-linux-x86_64-debian-clang, r-devel-linux-x86_64-debian-gcc, r-devel-linux-x86_64-fedora-clang, r-patched-linux-x86_64, r-release-linux-x86_64

Version: 0.4
Check: R code for possible problems
Result: NOTE
    prime.factor: no visible global function definition for ‘data’
    prime.factor: no visible binding for global variable ‘primlist’
    Undefined global functions or variables:
     data primlist
    Consider adding
     importFrom("utils", "data")
    to your NAMESPACE file.
Flavors: r-devel-linux-x86_64-fedora-gcc, r-devel-windows-ix86+x86_64, r-patched-solaris-x86, r-release-windows-ix86+x86_64, r-release-osx-x86_64, r-oldrel-windows-ix86+x86_64, r-oldrel-osx-x86_64