CRAN Package Check Results for Package schoolmath

Last updated on 2014-07-24 17:49:08.

Flavor Version Tinstall Tcheck Ttotal Status Flags
r-devel-linux-x86_64-debian-clang 0.4 0.64 10.65 11.29 NOTE
r-devel-linux-x86_64-debian-gcc 0.4 0.61 10.58 11.19 NOTE
r-devel-linux-x86_64-fedora-clang 0.4 23.23 NOTE
r-devel-linux-x86_64-fedora-gcc 0.4 21.40 NOTE
r-devel-osx-x86_64-clang 0.4 24.63 NOTE
r-devel-windows-ix86+x86_64 0.4 2.00 17.00 19.00 NOTE
r-patched-linux-x86_64 0.4 0.61 10.55 11.16 NOTE
r-patched-solaris-sparc 0.4 130.40 NOTE
r-patched-solaris-x86 0.4 32.60 NOTE
r-release-linux-ix86 0.4 0.94 17.26 18.20 NOTE
r-release-linux-x86_64 0.4 0.67 10.81 11.48 NOTE
r-release-osx-x86_64-mavericks 0.4 NOTE
r-release-windows-ix86+x86_64 0.4 3.00 23.00 26.00 NOTE
r-oldrel-windows-ix86+x86_64 0.4 2.00 19.00 21.00 NOTE

Check Details

Version: 0.4
Check: R code for possible problems
Result: NOTE
    prime.factor: no visible binding for global variable ‘primlist’
    
    Found the following calls to data() loading into the global environment:
    File ‘schoolmath/R/prime.factor.R’:
     data(primlist)
    See section ‘Good practice’ in ‘?data’.
Flavors: r-devel-linux-x86_64-debian-clang, r-devel-linux-x86_64-debian-gcc, r-devel-linux-x86_64-fedora-clang, r-devel-osx-x86_64-clang, r-patched-linux-x86_64, r-release-linux-ix86, r-release-linux-x86_64

Version: 0.4
Check: R code for possible problems
Result: NOTE
    prime.factor: no visible binding for global variable ‘primlist’
Flavors: r-devel-linux-x86_64-fedora-gcc, r-devel-windows-ix86+x86_64, r-patched-solaris-sparc, r-patched-solaris-x86, r-release-osx-x86_64-mavericks, r-release-windows-ix86+x86_64, r-oldrel-windows-ix86+x86_64