CRAN Package Check Results for Package schoolmath

Last updated on 2017-02-25 23:48:06.

Flavor Version Tinstall Tcheck Ttotal Status Flags
r-devel-linux-x86_64-debian-clang 0.4 0.78 13.36 14.15 NOTE
r-devel-linux-x86_64-debian-gcc 0.4 0.67 12.95 13.62 NOTE
r-devel-linux-x86_64-fedora-clang 0.4 21.88 NOTE --no-stop-on-test-error
r-devel-linux-x86_64-fedora-gcc 0.4 23.63 NOTE --no-stop-on-test-error
r-devel-macos-x86_64-clang 0.4 21.10 NOTE --no-stop-on-test-error
r-devel-windows-ix86+x86_64 0.4 3.00 27.00 30.00 NOTE
r-patched-linux-x86_64 0.4 0.72 11.14 11.85 NOTE
r-patched-solaris-sparc 0.4 126.80 NOTE
r-patched-solaris-x86 0.4 28.30 NOTE
r-release-linux-x86_64 0.4 0.72 11.09 11.80 NOTE
r-release-osx-x86_64-mavericks 0.4 NOTE
r-release-windows-ix86+x86_64 0.4 3.00 26.00 29.00 NOTE
r-oldrel-windows-ix86+x86_64 0.4 3.00 25.00 28.00 NOTE

Check Details

Version: 0.4
Check: DESCRIPTION meta-information
Result: NOTE
    Malformed Description field: should contain one or more complete sentences.
Flavors: r-devel-linux-x86_64-debian-clang, r-devel-linux-x86_64-debian-gcc, r-devel-windows-ix86+x86_64, r-patched-linux-x86_64, r-patched-solaris-sparc, r-patched-solaris-x86, r-release-linux-x86_64, r-release-osx-x86_64-mavericks, r-release-windows-ix86+x86_64, r-oldrel-windows-ix86+x86_64

Version: 0.4
Check: R code for possible problems
Result: NOTE
    prime.factor: no visible global function definition for ‘data’
    prime.factor: no visible binding for global variable ‘primlist’
    Undefined global functions or variables:
     data primlist
    Consider adding
     importFrom("utils", "data")
    to your NAMESPACE file.
    
    Found the following calls to data() loading into the global environment:
    File ‘schoolmath/R/prime.factor.R’:
     data(primlist)
    See section ‘Good practice’ in ‘?data’.
Flavors: r-devel-linux-x86_64-debian-clang, r-devel-linux-x86_64-debian-gcc, r-patched-linux-x86_64, r-release-linux-x86_64

Version: 0.4
Flags: --no-stop-on-test-error
Check: DESCRIPTION meta-information
Result: NOTE
    Malformed Description field: should contain one or more complete sentences.
Flavors: r-devel-linux-x86_64-fedora-clang, r-devel-linux-x86_64-fedora-gcc, r-devel-macos-x86_64-clang

Version: 0.4
Flags: --no-stop-on-test-error
Check: R code for possible problems
Result: NOTE
    prime.factor: no visible global function definition for ‘data’
    prime.factor: no visible binding for global variable ‘primlist’
    Undefined global functions or variables:
     data primlist
    Consider adding
     importFrom("utils", "data")
    to your NAMESPACE file.
    
    Found the following calls to data() loading into the global environment:
    File ‘schoolmath/R/prime.factor.R’:
     data(primlist)
    See section ‘Good practice’ in ‘?data’.
Flavors: r-devel-linux-x86_64-fedora-clang, r-devel-macos-x86_64-clang

Version: 0.4
Flags: --no-stop-on-test-error
Check: R code for possible problems
Result: NOTE
    prime.factor: no visible global function definition for ‘data’
    prime.factor: no visible binding for global variable ‘primlist’
    Undefined global functions or variables:
     data primlist
    Consider adding
     importFrom("utils", "data")
    to your NAMESPACE file.
Flavor: r-devel-linux-x86_64-fedora-gcc

Version: 0.4
Check: R code for possible problems
Result: NOTE
    prime.factor: no visible global function definition for 'data'
    prime.factor: no visible binding for global variable 'primlist'
    Undefined global functions or variables:
     data primlist
    Consider adding
     importFrom("utils", "data")
    to your NAMESPACE file.
Flavors: r-devel-windows-ix86+x86_64, r-patched-solaris-sparc, r-patched-solaris-x86, r-release-osx-x86_64-mavericks, r-release-windows-ix86+x86_64

Version: 0.4
Check: R code for possible problems
Result: NOTE
    prime.factor: no visible binding for global variable 'primlist'
Flavor: r-oldrel-windows-ix86+x86_64