CRAN Package Check Results for Package schoolmath

Last updated on 2016-08-27 05:48:58.

Flavor Version Tinstall Tcheck Ttotal Status Flags
r-devel-linux-x86_64-debian-clang 0.4 0.65 10.73 11.39 NOTE
r-devel-linux-x86_64-debian-gcc 0.4 0.81 14.28 15.09 NOTE
r-devel-linux-x86_64-fedora-clang 0.4 19.34 NOTE
r-devel-linux-x86_64-fedora-gcc 0.4 18.14 NOTE
r-devel-osx-x86_64-clang 0.4 17.69 NOTE
r-devel-windows-ix86+x86_64 0.4 3.00 32.00 35.00 NOTE
r-patched-linux-x86_64 0.4 0.60 10.57 11.17 NOTE
r-patched-solaris-sparc 0.4 125.60 NOTE
r-patched-solaris-x86 0.4 28.50 NOTE
r-release-linux-x86_64 0.4 0.64 11.04 11.69 NOTE
r-release-osx-x86_64-mavericks 0.4 NOTE
r-release-windows-ix86+x86_64 0.4 3.00 35.00 38.00 NOTE
r-oldrel-windows-ix86+x86_64 0.4 3.00 29.00 32.00 NOTE

Check Details

Version: 0.4
Check: DESCRIPTION meta-information
Result: NOTE
    Malformed Description field: should contain one or more complete sentences.
Flavors: r-devel-linux-x86_64-debian-clang, r-devel-linux-x86_64-debian-gcc, r-devel-linux-x86_64-fedora-clang, r-devel-linux-x86_64-fedora-gcc, r-devel-osx-x86_64-clang, r-devel-windows-ix86+x86_64, r-patched-linux-x86_64, r-patched-solaris-sparc, r-patched-solaris-x86, r-release-linux-x86_64, r-release-osx-x86_64-mavericks, r-release-windows-ix86+x86_64, r-oldrel-windows-ix86+x86_64

Version: 0.4
Check: R code for possible problems
Result: NOTE
    prime.factor: no visible global function definition for ‘data’
    prime.factor: no visible binding for global variable ‘primlist’
    Undefined global functions or variables:
     data primlist
    Consider adding
     importFrom("utils", "data")
    to your NAMESPACE file.
    
    Found the following calls to data() loading into the global environment:
    File ‘schoolmath/R/prime.factor.R’:
     data(primlist)
    See section ‘Good practice’ in ‘?data’.
Flavors: r-devel-linux-x86_64-debian-clang, r-devel-linux-x86_64-debian-gcc, r-devel-linux-x86_64-fedora-clang, r-devel-osx-x86_64-clang, r-patched-linux-x86_64, r-release-linux-x86_64

Version: 0.4
Check: R code for possible problems
Result: NOTE
    prime.factor: no visible global function definition for ‘data’
    prime.factor: no visible binding for global variable ‘primlist’
    Undefined global functions or variables:
     data primlist
    Consider adding
     importFrom("utils", "data")
    to your NAMESPACE file.
Flavors: r-devel-linux-x86_64-fedora-gcc, r-devel-windows-ix86+x86_64, r-patched-solaris-sparc, r-patched-solaris-x86, r-release-osx-x86_64-mavericks, r-release-windows-ix86+x86_64

Version: 0.4
Check: R code for possible problems
Result: NOTE
    prime.factor: no visible binding for global variable 'primlist'
Flavor: r-oldrel-windows-ix86+x86_64