CRAN Package Check Results for Package schoolmath

Last updated on 2015-03-31 03:48:41.

Flavor Version Tinstall Tcheck Ttotal Status Flags
r-devel-linux-x86_64-debian-clang 0.4 0.70 10.70 11.40 NOTE
r-devel-linux-x86_64-debian-gcc 0.4 0.60 10.64 11.24 NOTE
r-devel-linux-x86_64-fedora-clang 0.4 21.67 NOTE
r-devel-linux-x86_64-fedora-gcc 0.4 22.49 NOTE
r-devel-osx-x86_64-clang 0.4 27.18 NOTE
r-prerel-windows-ix86+x86_64 0.4 5.00 18.00 23.00 NOTE
r-prerel-linux-x86_64 0.4 0.62 11.08 11.69 NOTE
r-prerel-solaris-sparc 0.4 136.00 NOTE
r-prerel-solaris-x86 0.4 30.80 NOTE
r-release-linux-x86_64 0.4 0.67 11.76 12.43 NOTE
r-release-osx-x86_64-mavericks 0.4 NOTE
r-release-windows-ix86+x86_64 0.4 4.00 19.00 23.00 NOTE
r-oldrel-windows-ix86+x86_64 0.4 2.00 19.00 21.00 NOTE

Check Details

Version: 0.4
Check: DESCRIPTION meta-information
Result: NOTE
    Malformed Description field: should contain one or more complete sentences.
Flavors: r-devel-linux-x86_64-debian-clang, r-devel-linux-x86_64-debian-gcc, r-devel-linux-x86_64-fedora-clang, r-devel-linux-x86_64-fedora-gcc, r-devel-osx-x86_64-clang, r-prerel-windows-ix86+x86_64, r-prerel-linux-x86_64, r-prerel-solaris-sparc, r-prerel-solaris-x86

Version: 0.4
Check: R code for possible problems
Result: NOTE
    prime.factor: no visible binding for global variable ‘primlist’
    
    Found the following calls to data() loading into the global environment:
    File ‘schoolmath/R/prime.factor.R’:
     data(primlist)
    See section ‘Good practice’ in ‘?data’.
Flavors: r-devel-linux-x86_64-debian-clang, r-devel-linux-x86_64-debian-gcc, r-devel-linux-x86_64-fedora-clang, r-devel-osx-x86_64-clang, r-prerel-linux-x86_64, r-release-linux-x86_64

Version: 0.4
Check: R code for possible problems
Result: NOTE
    prime.factor: no visible binding for global variable ‘primlist’
Flavors: r-devel-linux-x86_64-fedora-gcc, r-prerel-windows-ix86+x86_64, r-prerel-solaris-sparc, r-prerel-solaris-x86, r-release-osx-x86_64-mavericks, r-release-windows-ix86+x86_64, r-oldrel-windows-ix86+x86_64